000
CXUS53 KDVN 011358
CLMDVN
CLIMATE REPORT
NATIONAL WEATHER SERVICE QUAD CITIES IA IL
858 AM CDT WED NOV 01 2023
...................................
...THE DAVENPORT IA CLIMATE SUMMARY FOR THE MONTH OF OCTOBER 2023...
CLIMATE NORMAL PERIOD 1991 TO 2020
CLIMATE RECORD PERIOD 9999 TO 9999
WEATHER OBSERVED NORMAL DEPART LAST YEAR`S
VALUE DATE(S) VALUE FROM VALUE
NORMAL
..............................................................
TEMPERATURE (F)
HIGHEST 89 10/01 69 20
LOWEST 26 10/30 36 -10
AVG. MAXIMUM 64.7 63.4 1.3
AVG. MINIMUM 44.5 41.7 2.8
MEAN 54.6 52.5 2.1
DAYS MAX >= 90 0
DAYS MAX <= 32 0
DAYS MIN <= 32 4
DAYS MIN <= 0 0
PRECIPITATION (INCHES)
TOTALS 3.30 2.70 0.60
DAILY AVG. 0.11 0.09 0.02
DAYS >= .01 10
DAYS >= .10 6
DAYS >= .50 3
DAYS >= 1.00 0
GREATEST
24 HR. TOTAL 1.60 10/11 TO 10/12
SNOWFALL (INCHES)
TOTALS T
SINCE 7/1 T
SNOWDEPTH AVG. 0
DAYS >= TRACE 2
DAYS >= 1.0 0
GREATEST
SNOW DEPTH 0
DEGREE DAYS
HEATING TOTAL 353 402 -49
SINCE 7/1 379 518 -139
COOLING TOTAL 41 16 25
SINCE 1/1 1029 879 150
..............................................................
WIND (MPH)
AVERAGE WIND SPEED 10.0
HIGHEST WIND SPEED/DIRECTION 33/220 DATE 10/24
33/280 10/31
HIGHEST GUST SPEED/DIRECTION 46/270 DATE 10/31
SKY COVER
AVERAGE SKY COVER 0.43
NUMBER OF DAYS FAIR 16
NUMBER OF DAYS PC 7
NUMBER OF DAYS CLOUDY 8
AVERAGE RH (PERCENT) 70
WEATHER CONDITIONS. NUMBER OF DAYS WITH
THUNDERSTORM 3 HAIL 0
SLEET 0 FOG 10
FOG W/VIS <= 1/4 MILE 0 HAZE 4
- INDICATES NEGATIVE NUMBERS.
R INDICATES RECORD WAS SET OR TIED.
MM INDICATES DATA IS MISSING.
T INDICATES TRACE AMOUNT.
$$