000
CXUS55 KPSR 011005
CF6DVT
PRELIMINARY LOCAL CLIMATOLOGICAL DATA (WS FORM: F-6)
STATION: DEER VLY/PHOENIX AZ
MONTH: JULY
YEAR: 2023
LATITUDE: 33 41 N
LONGITUDE: 112 4 W
TEMPERATURE IN F: :PCPN: SNOW: WIND :SUNSHINE: SKY :PK WND
================================================================================
1 2 3 4 5 6A 6B 7 8 9 10 11 12 13 14 15 16 17 18
12Z AVG MX 2MIN
DY MAX MIN AVG DEP HDD CDD WTR SNW DPTH SPD SPD DIR MIN PSBL S-S WX SPD DR
================================================================================
1 109 74 92 1 0 27 0.00 M M 6.5 16 260 M M 0 24 250
2 111 77 94 3 0 29 0.00 M M 7.4 18 240 M M 0 27 270
3 112 77 95 3 0 30 0.00 M M 6.7 20 260 M M 0 29 260
4 108 81 95 3 0 30 0.00 M M 7.7 20 220 M M 0 26 210
5 106 76 91 -1 0 26 0.00 0.0 0 6.1 22 260 M M 0 29 260
6 109 80 95 3 0 30 0.00 0.0 0 7.1 21 270 M M 0 26 260
7 107 78 93 1 0 28 0.00 M M 4.9 16 270 M M 0 25 250
8 106 75 91 -1 0 26 0.00 M M 3.9 15 210 M M 0 21 220
9 107 79 93 1 0 28 0.00 0.0 0 4.5 14 260 M M 0 21 250
10 106 86 96 4 0 31 0.00 0.0 0 5.4 15 260 M M 0 22 260
11 105 88 97 5 0 32 0.00 M M 8.3 21 250 M M 0 26 240
12 106 89 98 5 0 33 0.00 M M 6.4 16 270 M M 0 23 240
13 110 89 100 7 0 35 0.00 M M 8.6 18 250 M M 0 26 280
14 112 89 101 8 0 36 0.00 M M 7.3 21 270 M M 0 26 280
15 115 85 100 7 0 35 0.00 M M 8.1 17 250 M M 0 25 250
16 110 91 101 8 0 36 0.00 M M 8.6 17 240 M M 0 25 240
17 113 91 102 9 0 37 0.00 M M 8.0 21 170 M M 0 38 30 170
18 113 89 101 8 0 36 0.00 M M 5.6 20 250 M M 0 26 260
19 114 84 99 6 0 34 0.00 M M 7.6 20 270 M M 0 30 260
20 116 87 102 9 0 37 0.00 M M 7.1 20 270 M M 0 26 270
21 111 85 98 5 0 33 0.00 M M 7.7 28 360 M M 0 8 38 360
22 113 89 101 8 0 36 0.00 M M 5.8 25 160 M M 0 8 37 150
23 109 87 98 5 0 33 0.00 M M 6.3 23 150 M M 0 8 32 140
24 111 89 100 7 0 35 0.00 M M 5.2 20 240 M M 0 26 240
25 114 89 102 9 0 37 0.00 M M 5.4 16 270 M M 0 21 280
26 116 81 99 6 0 34 T M M 9.0 43 160 M M 0 38 59 140
27 112 85 99 6 0 34 0.00 M M 7.1 17 220 M M 0 28 250
28 111 89 100 8 0 35 0.00 M M 7.8 22 20 M M 0 3 35 20
29 111 88 100 8 0 35 0.00 M M 4.7 13 290 M M 0 38 20 280
30 107 89 98 6 0 33 T M M 9.0 20 220 M M 0 3 27 10
31 103 81 92 0 0 27 T M M 8.4 22 130 M M 0 38 35 150
================================================================================
SM 3413 2617 01008 T 0.0 212.2 M 0
================================================================================
AV110.1 84.4 6.8 FASTST M M 0 MAX(MPH)
MISC ----> 43 160 59 140
================================================================================
NOTES:
# LAST OF SEVERAL OCCURRENCES
COLUMN 17 PEAK WIND IN M.P.H.
PRELIMINARY LOCAL CLIMATOLOGICAL DATA (WS FORM: F-6) , PAGE 2
STATION: DEER VLY/PHOENIX AZ
MONTH: JULY
YEAR: 2023
LATITUDE: 33 41 N
LONGITUDE: 112 4 W
[TEMPERATURE DATA] [PRECIPITATION DATA] SYMBOLS USED IN COLUMN 16
AVERAGE MONTHLY: 97.3 TOTAL FOR MONTH: T 1 = FOG OR MIST
DPTR FM NORMAL: 4.9 DPTR FM NORMAL: -0.81 2 = FOG REDUCING VISIBILITY
HIGHEST: 116 ON 26,20 GRTST 24HR T ON 26-26 TO 1/4 MILE OR LESS
LOWEST: 74 ON 1 3 = THUNDER
SNOW, ICE PELLETS, HAIL 4 = ICE PELLETS
TOTAL MONTH: 0.0 INCH 5 = HAIL
GRTST 24HR 0.0 6 = FREEZING RAIN OR DRIZZLE
GRTST DEPTH: 0 7 = DUSTSTORM OR SANDSTORM:
VSBY 1/2 MILE OR LESS
8 = SMOKE OR HAZE
[NO. OF DAYS WITH] [WEATHER - DAYS WITH] 9 = BLOWING SNOW
X = TORNADO
MAX 32 OR BELOW: 0 0.01 INCH OR MORE: 0
MAX 90 OR ABOVE: 31 0.10 INCH OR MORE: 0
MIN 32 OR BELOW: 0 0.50 INCH OR MORE: 0
MIN 0 OR BELOW: 0 1.00 INCH OR MORE: 0
[HDD (BASE 65) ]
TOTAL THIS MO. 0 CLEAR (SCALE 0-3) 31
DPTR FM NORMAL 0 PTCLDY (SCALE 4-7) 0
TOTAL FM JUL 1 0 CLOUDY (SCALE 8-10) 0
DPTR FM NORMAL 0
[CDD (BASE 65) ]
TOTAL THIS MO. 1008
DPTR FM NORMAL 159 [PRESSURE DATA]
TOTAL FM JAN 1 2148 HIGHEST SLP 29.94 ON 31
DPTR FM NORMAL 2 LOWEST SLP 29.57 ON 7
[REMARKS]
#FINAL-07-23#