000
CXUS54 KEWX 011111
CF6DZB
PRELIMINARY LOCAL CLIMATOLOGICAL DATA (WS FORM: F-6)
STATION: HORSESHOE BAY
MONTH: DECEMBER
YEAR: 2022
LATITUDE: 30 31 N
LONGITUDE: 98 22 W
TEMPERATURE IN F: :PCPN: SNOW: WIND :SUNSHINE: SKY :PK WND
================================================================================
1 2 3 4 5 6A 6B 7 8 9 10 11 12 13 14 15 16 17 18
12Z AVG MX 2MIN
DY MAX MIN AVG DEP HDD CDD WTR SNW DPTH SPD SPD DIR MIN PSBL S-S WX SPD DR
================================================================================
1 52 32 42 M 23 0 0.00 M M 1.9 6 140 M M 7 1 M M
2 76 48 62 M 3 0 0.01 M M 3.5 15 220 M M 8 1 23 190
3 64 54 59 M 6 0 0.00 M M 4.8 8 360 M M 6 M M
4 56 49 53 M 12 0 0.00 M M 1.9 8 360 M M 10 1 M M
5 78 56 67 M 0 2 0.00 M M 5.1 16 210 M M 7 1 23 200
6 77 60 69 M 0 4 0.00 M M 2.7 9 190 M M 5 18 200
7 80 68 74 M 0 9 0.00 M M 5.1 14 180 M M 8 18 18 180
8 82 68 75 M 0 10 0.00 M M 5.9 15 180 M M 9 1 24 210
9 80 62 71 M 0 6 0.00 M M 5.0 10 220 M M 5 1 18 180
10 76 65 71 M 0 6 0.00 M M 5.0 10 170 M M 10 3 17 160
11 65 57 61 M 4 0 0.00 M M 2.0 7 40 M M 10 M M
12 70 58 64 M 1 0 0.00 M M 5.4 12 160 M M 10 1 22 160
13 73 61 67 M 0 2 0.00 M M 7.9 14 170 M M 7 24 170
14 65 36 51 M 14 0 0.05 M M 5.2 13 300 M M 4 28 300
15 67 32 50 M 15 0 0.00 M M 2.6 9 220 M M 0 21 260
16 51 36 44 M 21 0 0.00 M M 2.6 10 30 M M 4 M M
17 57 35 46 M 19 0 0.00 M M 2.5 9 340 M M 1 M M
18 53 27 40 M 25 0 0.00 M M 3.6 8 150 M M 5 M M
19 49 42 46 M 19 0 0.07 M M 0.7 7 140 M M 10 13 M M
20 51 46 49 M 16 0 0.00 M M 3.5 7 30 M M 10 1 M M
21 50 32 41 M 24 0 0.00 M M 2.3 7 150 M M 3 1 M M
22 54 16 35 M 30 0 0.00 M M 10.4 18 350 M M 7 1 30 350
23 32 13 23 M 42 0 0.00 M M 10.2 16 350 M M 0 28 10
24 38 16 27 M 38 0 0.00 M M 2.1 6 360 M M 0 M M
25 55 19 37 M 28 0 0.00 M M 3.0 10 180 M M 0 17 180
26 62 29 46 M 19 0 0.00 M M 2.4 10 330 M M 0 17 200
27 63 26 45 M 20 0 0.00 M M 3.7 13 180 M M 0 18 170
28 75 48 62 M 3 0 0.00 M M 7.6 17 200 M M 0 25 200
29 72 52 62 M 3 0 0.00 M M 3.1 9 180 M M 6 18 180
30 61 42 52 M 13 0 0.00 M M 0.7 4 270 M M 4 M M
31 78 36 57 M 8 0 M M M 6.4 20 230 M M 0 29 230
================================================================================
SM 1962 1321 406 39 0.13 M 129.0 M 156
================================================================================
AV 63.3 42.6 4.2 FASTST M M 5 MAX(MPH)
MISC ----> 20 230 30 350
================================================================================
NOTES:
# LAST OF SEVERAL OCCURRENCES
COLUMN 17 PEAK WIND IN M.P.H.
PRELIMINARY LOCAL CLIMATOLOGICAL DATA (WS FORM: F-6) , PAGE 2
STATION: HORSESHOE BAY
MONTH: DECEMBER
YEAR: 2022
LATITUDE: 30 31 N
LONGITUDE: 98 22 W
[TEMPERATURE DATA] [PRECIPITATION DATA] SYMBOLS USED IN COLUMN 16
AVERAGE MONTHLY: 53.0 TOTAL FOR MONTH: 0.13 1 = FOG OR MIST
DPTR FM NORMAL: 0.0 DPTR FM NORMAL: M 2 = FOG REDUCING VISIBILITY
HIGHEST: 82 ON 8 GRTST 24HR 0.07 ON 19-19 TO 1/4 MILE OR LESS
LOWEST: 13 ON 23 3 = THUNDER
SNOW, ICE PELLETS, HAIL 4 = ICE PELLETS
TOTAL MONTH: 0.0 INCH 5 = HAIL
GRTST 24HR M ON M 6 = FREEZING RAIN OR DRIZZLE
GRTST DEPTH: M ON M 7 = DUSTSTORM OR SANDSTORM:
VSBY 1/2 MILE OR LESS
8 = SMOKE OR HAZE
[NO. OF DAYS WITH] [WEATHER - DAYS WITH] 9 = BLOWING SNOW
X = TORNADO
MAX 32 OR BELOW: 1 0.01 INCH OR MORE: 3
MAX 90 OR ABOVE: 0 0.10 INCH OR MORE: 0
MIN 32 OR BELOW: 10 0.50 INCH OR MORE: 0
MIN 0 OR BELOW: 0 1.00 INCH OR MORE: 0
[HDD (BASE 65) ]
TOTAL THIS MO. 406 CLEAR (SCALE 0-3) 9
DPTR FM NORMAL M PTCLDY (SCALE 4-7) 14
TOTAL FM JUL 1 741 CLOUDY (SCALE 8-10) 8
DPTR FM NORMAL M
[CDD (BASE 65) ]
TOTAL THIS MO. 39
DPTR FM NORMAL M [PRESSURE DATA]
TOTAL FM JAN 1 3584 HIGHEST SLP M ON M
DPTR FM NORMAL M LOWEST SLP M ON M
[REMARKS]
#FINAL-12-22#