000
CXUS54 KEWX 011010
CF6DZB
PRELIMINARY LOCAL CLIMATOLOGICAL DATA (WS FORM: F-6)
STATION: HORSESHOE BAY
MONTH: JUNE
YEAR: 2021
LATITUDE: 30 31 N
LONGITUDE: 98 22 W
TEMPERATURE IN F: :PCPN: SNOW: WIND :SUNSHINE: SKY :PK WND
================================================================================
1 2 3 4 5 6A 6B 7 8 9 10 11 12 13 14 15 16 17 18
12Z AVG MX 2MIN
DY MAX MIN AVG DEP HDD CDD WTR SNW DPTH SPD SPD DIR MIN PSBL S-S WX SPD DR
================================================================================
1 81 66 74 M 0 9 0.42 M M 3.8 9 320 M M 8 3 17 280
2 88 61 75 M 0 10 0.41 M M 4.2 24 350 M M 5 52 350
3 70 61 66 M 0 1 2.33 M M 2.1 10 230 M M 6 3 M M
4 79 64 72 M 0 7 0.17 M M 1.1 5 20 M M 8 3 M M
5 85 67 76 M 0 11 0.02 M M 2.3 9 190 M M 5 1 18 120
6 89 67 78 M 0 13 0.00 M M 6.7 10 150 M M 5 20 180
7 90 76 83 M 0 18 0.00 M M 6.7 12 140 M M 8 17 130
8 91 71 81 M 0 16 0.58 M M 6.8 13 190 M M 7 23 10
9 92 74 83 M 0 18 0.00 M M 6.7 14 160 M M 5 18 160
10 92 75 84 M 0 19 0.00 M M 8.0 14 180 M M 4 23 180
11 92 78 85 M 0 20 0.00 M M 8.0 14 170 M M 4 21 170
12 94 74 84 M 0 19 0.00 M M 3.7 8 170 M M 2 20 160
13 95 70 83 M 0 18 0.00 M M 2.2 8 30 M M 1 M M
14 97 71 84 M 0 19 0.00 M M 2.4 7 350 M M 1 M M
15 96 72 84 M 0 19 0.00 M M 2.6 9 50 M M 3 M M
16 96 69 83 M 0 18 0.00 M M 2.9 8 90 M M 0 M M
17 96 68 82 M 0 17 0.00 M M 2.6 9 110 M M 1 M M
18 94 71 83 M 0 18 0.00 M M 3.1 8 160 M M 1 M M
19 94 65 80 M 0 15 0.00 M M 3.5 8 170 M M 0 M M
20 93 73 83 M 0 18 0.00 M M 6.8 13 170 M M 2 18 200
21 97 68 83 M 0 18 2.28 M M 5.2 13 160 M M 6 38 24 20
22 86 70 78 M 0 13 0.00 M M 2.2 6 50 M M 7 M M
23 95 72 84 M 0 19 0.00 M M 5.7 12 200 M M 3 18 20 170
24 95 74 85 M 0 20 0.00 0.0 0 8.0 15 190 M M 3 21 190
25 93 75 84 M 0 19 0.00 0.0 0 10.1 16 180 M M 3 25 170
26 94 76 85 M 0 20 0.00 0.0 0 9.3 13 150 M M 5 23 180
27 87 72 80 M 0 15 0.00 M M 3.5 10 160 M M 3 18 80
28 88 71 80 M 0 15 0.00 M M 3.9 14 140 M M 7 21 140
29 90 72 81 M 0 16 0.39 M M 3.1 8 130 M M 6 3 40 0
30 91 72 82 M 0 17 0.01 0.0 0 3.1 9 150 M M 5 22 110
================================================================================
SM 2720 2115 0 475 6.61 0.0 140.3 M 124
================================================================================
AV 90.7 70.5 4.7 FASTST M M 4 MAX(MPH)
MISC ----> 24 350 52 350
================================================================================
NOTES:
# LAST OF SEVERAL OCCURRENCES
COLUMN 17 PEAK WIND IN M.P.H.
PRELIMINARY LOCAL CLIMATOLOGICAL DATA (WS FORM: F-6) , PAGE 2
STATION: HORSESHOE BAY
MONTH: JUNE
YEAR: 2021
LATITUDE: 30 31 N
LONGITUDE: 98 22 W
[TEMPERATURE DATA] [PRECIPITATION DATA] SYMBOLS USED IN COLUMN 16
AVERAGE MONTHLY: 80.6 TOTAL FOR MONTH: 6.61 1 = FOG OR MIST
DPTR FM NORMAL: 0.0 DPTR FM NORMAL: M 2 = FOG REDUCING VISIBILITY
HIGHEST: 97 ON 21,14 GRTST 24HR 2.33 ON 3- 3 TO 1/4 MILE OR LESS
LOWEST: 61 ON 3, 2 3 = THUNDER
SNOW, ICE PELLETS, HAIL 4 = ICE PELLETS
TOTAL MONTH: 0.0 INCH 5 = HAIL
GRTST 24HR 0.0 6 = FREEZING RAIN OR DRIZZLE
GRTST DEPTH: 0 7 = DUSTSTORM OR SANDSTORM:
VSBY 1/2 MILE OR LESS
8 = SMOKE OR HAZE
[NO. OF DAYS WITH] [WEATHER - DAYS WITH] 9 = BLOWING SNOW
X = TORNADO
MAX 32 OR BELOW: 0 0.01 INCH OR MORE: 9
MAX 90 OR ABOVE: 21 0.10 INCH OR MORE: 7
MIN 32 OR BELOW: 0 0.50 INCH OR MORE: 3
MIN 0 OR BELOW: 0 1.00 INCH OR MORE: 2
[HDD (BASE 65) ]
TOTAL THIS MO. 0 CLEAR (SCALE 0-3) 12
DPTR FM NORMAL M PTCLDY (SCALE 4-7) 17
TOTAL FM JUL 1 1896 CLOUDY (SCALE 8-10) 1
DPTR FM NORMAL M
[CDD (BASE 65) ]
TOTAL THIS MO. 475
DPTR FM NORMAL M [PRESSURE DATA]
TOTAL FM JAN 1 920 HIGHEST SLP M ON M
DPTR FM NORMAL M LOWEST SLP M ON M
[REMARKS]
#FINAL-06-21#