000
CXUS53 KGID 011243
CF6EAR
PRELIMINARY LOCAL CLIMATOLOGICAL DATA (WS FORM: F-6)
STATION: KEARNEY NE
MONTH: NOVEMBER
YEAR: 2023
LATITUDE: 40 43 N
LONGITUDE: 99 0 W
TEMPERATURE IN F: :PCPN: SNOW: WIND :SUNSHINE: SKY :PK WND
================================================================================
1 2 3 4 5 6A 6B 7 8 9 10 11 12 13 14 15 16 17 18
12Z AVG MX 2MIN
DY MAX MIN AVG DEP HDD CDD WTR SNW DPTH SPD SPD DIR MIN PSBL S-S WX SPD DR
================================================================================
1 55 22 39 -5 26 0 0.00 M M 8.3 17 200 M M 0 M M
2 66 21 44 0 21 0 0.00 M M 6.6 14 200 M M 1 M M
3 63 40 52 9 13 0 T M M 9.1 16 350 M M 4 M M
4 60 40 50 7 15 0 0.11 M M 5.5 12 350 M M 5 1 M M
5 67 37 52 10 13 0 0.00 M M 13.9 27 190 M M 0 35 200
6 67 37 52 10 13 0 0.00 M M 6.0 15 340 M M 0 M M
7 71 37 54 12 11 0 0.00 M M 7.0 18 180 M M 2 1 22 180
8 64 34 49 8 16 0 0.00 M M 13.9 24 350 M M 3 32 340
9 59 28 44 3 21 0 0.00 M M 8.8 22 300 M M 0 30 300
10 56 20 38 -2 27 0 0.00 M M 9.0 20 170 M M 0 M M
11 62 32 47 7 18 0 0.00 M M 14.1 23 220 M M 0 33 210
12 68 31 50 11 15 0 0.00 M M 9.5 17 290 M M 0 23 340
13 68 29 49 10 16 0 0.00 M M 10.7 23 170 M M 0 28 170
14 67 36 52 13 13 0 0.00 M M 12.9 25 200 M M 0 32 200
15 72 30 51 13 14 0 0.00 M M 7.3 15 200 M M 0 M M
16 65 37 51 13 14 0 0.01 M M 13.9 24 360 M M 3 33 10
17 57 28 43 6 22 0 0.00 M M 6.8 16 230 M M 1 M M
18 66 28 47 10 18 0 0.00 M M 6.6 10 160 M M 0 M M
19 52 45 49 13 16 0 0.23 M M 12.7 17 140 M M 9 1 22 120
20 46 41 44 8 21 0 T M M 14.2 18 20 M M 10 1 M M
21 47 29 38 2 27 0 M M M 14.8 24 340 M M 1 36 350
22 66 25 46 11 19 0 0.00 M M 8.9 16 250 M M 0 20 240
23 44 24 34 -1 31 0 0.00 M M 17.7 27 30 M M 0 32 30
24 25 19 22 -12 43 0 M M M 15.3 21 40 M M 9 24 30
25 28 19 24 -10 41 0 M M M 6.3 12 290 M M 10 1 M M
26 38 17 28 -5 37 0 0.00 M M 12.4 23 320 M M 1 33 340
27 43 20 32 -1 33 0 0.00 M M 10.0 20 320 M M 0 25 320
28 50 17 34 1 31 0 0.00 M M 8.7 16 290 M M 0 M M
29 59 24 42 10 23 0 0.00 M M 8.7 16 200 M M 0 M M
30 44 24 34 2 31 0 0.00 M M 14.1 22 20 M M 0 30 10
================================================================================
SM 1695 871 659 0 M M 313.7 M 59
================================================================================
AV 56.5 29.0 10.5 FASTST M M 2 MAX(MPH)
MISC ----> # 27 190 M M
================================================================================
NOTES:
# LAST OF SEVERAL OCCURRENCES
COLUMN 17 PEAK WIND IN M.P.H.
PRELIMINARY LOCAL CLIMATOLOGICAL DATA (WS FORM: F-6) , PAGE 2
STATION: KEARNEY NE
MONTH: NOVEMBER
YEAR: 2023
LATITUDE: 40 43 N
LONGITUDE: 99 0 W
[TEMPERATURE DATA] [PRECIPITATION DATA] SYMBOLS USED IN COLUMN 16
AVERAGE MONTHLY: 42.8 TOTAL FOR MONTH: M 1 = FOG OR MIST
DPTR FM NORMAL: 4.9 DPTR FM NORMAL: - M 2 = FOG REDUCING VISIBILITY
HIGHEST: 72 ON 15 GRTST 24HR M ON M TO 1/4 MILE OR LESS
LOWEST: 17 ON 28,26 3 = THUNDER
SNOW, ICE PELLETS, HAIL 4 = ICE PELLETS
TOTAL MONTH: M 5 = HAIL
GRTST 24HR M ON M 6 = FREEZING RAIN OR DRIZZLE
GRTST DEPTH: M ON M 7 = DUSTSTORM OR SANDSTORM:
VSBY 1/2 MILE OR LESS
8 = SMOKE OR HAZE
[NO. OF DAYS WITH] [WEATHER - DAYS WITH] 9 = BLOWING SNOW
X = TORNADO
MAX 32 OR BELOW: 2 0.01 INCH OR MORE: M
MAX 90 OR ABOVE: 0 0.10 INCH OR MORE: M
MIN 32 OR BELOW: 20 0.50 INCH OR MORE: M
MIN 0 OR BELOW: 0 1.00 INCH OR MORE: M
[HDD (BASE 65) ]
TOTAL THIS MO. 659 CLEAR (SCALE 0-3) 23
DPTR FM NORMAL -181 PTCLDY (SCALE 4-7) 3
TOTAL FM JUL 1 1088 CLOUDY (SCALE 8-10) 4
DPTR FM NORMAL -336
[CDD (BASE 65) ]
TOTAL THIS MO. 0
DPTR FM NORMAL 0 [PRESSURE DATA]
TOTAL FM JAN 1 1024 HIGHEST SLP 30.62 ON 24
DPTR FM NORMAL 156 LOWEST SLP 29.65 ON 7
[REMARKS]
#FINAL-11-23#