000
CXUS56 KOTX 010910
CF6EAT
PRELIMINARY LOCAL CLIMATOLOGICAL DATA (WS FORM: F-6)
STATION: WENATCHEE WA PANGBORN FIELD
MONTH: MAY
YEAR: 2022
LATITUDE: 47 23 N
LONGITUDE: 120 12 W
TEMPERATURE IN F: :PCPN: SNOW: WIND :SUNSHINE: SKY :PK WND
================================================================================
1 2 3 4 5 6A 6B 7 8 9 10 11 12 13 14 15 16 17 18
12Z AVG MX 2MIN
DY MAX MIN AVG DEP HDD CDD WTR SNW DPTH SPD SPD DIR MIN PSBL S-S WX SPD DR
================================================================================
1 68 39 54 -2 11 0 0.00 M M 8.2 18 90 M M 0 24 120
2 53 47 50 -6 15 0 0.58 M M 8.9 16 310 M M 6 1 20 300
3 68 47 58 2 7 0 0.00 M M 17.9 23 300 M M 0 33 310
4 69 49 59 2 6 0 0.00 M M 6.8 16 340 M M 0 21 330
5 60 46 53 -4 12 0 T M M 7.4 22 280 M M 6 28 300
6 57 40 49 -8 16 0 T M M 6.1 17 310 M M 4 20 310
7 60 42 51 -7 14 0 0.00 M M 15.5 32 250 M M 1 39 260
8 54 38 46 -12 19 0 T M M 11.1 28 230 M M 1 36 230
9 60 39 50 -8 15 0 0.00 M M 14.1 25 300 M M 0 31 280
10 63 39 51 -8 14 0 0.00 M M 11.1 26 310 M M 0 31 300
11 66 39 53 -6 12 0 0.00 M M 8.1 21 140 M M 1 26 140
12 59 40 50 -9 15 0 0.07 M M 10.9 35 320 M M 6 1 42 320
13 59 38 49 -11 16 0 0.00 M M 8.8 18 300 M M 2 22 300
14 62 46 54 -6 11 0 0.01 M M 5.0 16 320 M M 7 21 130
15 59 49 54 -6 11 0 0.04 M M 7.7 17 310 M M 8 20 320
16 68 47 58 -2 7 0 0.00 M M 11.5 23 300 M M 0 27 300
17 68 44 56 -5 9 0 0.00 M M 9.8 18 300 M M 0 23 300
18 66 46 56 -5 9 0 T M M 16.7 45 260 M M 4 8 53 260
19 61 38 50 -11 15 0 0.00 M M 19.6 35 310 M M 0 47 310
20 68 44 56 -5 9 0 0.05 M M 11.1 25 20 M M 7 3 33 20
21 59 44 52 -10 13 0 0.16 M M 5.3 12 300 M M 7 8 14 290
22 70 41 56 -6 9 0 0.00 M M 7.0 14 320 M M 0 17 150
23 72 50 61 -1 4 0 0.00 M M 12.0 30 310 M M 5 37 310
24 67 47 57 -5 8 0 T M M 8.7 17 320 M M 4 21 310
25 75 51 63 1 2 0 T M M 8.6 17 300 M M 4 23 300
26 72 54 63 0 2 0 T M M 6.5 13 310 M M 4 15 310
27 69 50 60 -3 5 0 T M M 11.4 25 260 M M 2 30 250
28 63 46 55 -8 10 0 T M M 7.0 17 310 M M 5 19 150
29 65 51 58 -5 7 0 T M M 16.4 28 300 M M 10 34 300
30 61 50 56 -7 9 0 T M M 13.9 21 310 M M 9 8 27 300
31 75 50 63 -1 2 0 0.00 M M 6.4 15 20 M M 4 21 90
================================================================================
SM 1996 1391 314 0 0.91 M 319.5 M 107
================================================================================
AV 64.4 44.9 10.3 FASTST M M 3 MAX(MPH)
MISC ----> 45 260 53 260
================================================================================
NOTES:
# LAST OF SEVERAL OCCURRENCES
COLUMN 17 PEAK WIND IN M.P.H.
PRELIMINARY LOCAL CLIMATOLOGICAL DATA (WS FORM: F-6) , PAGE 2
STATION: WENATCHEE WA PANGBORN FIELD
MONTH: MAY
YEAR: 2022
LATITUDE: 47 23 N
LONGITUDE: 120 12 W
[TEMPERATURE DATA] [PRECIPITATION DATA] SYMBOLS USED IN COLUMN 16
AVERAGE MONTHLY: 54.6 TOTAL FOR MONTH: 0.91 1 = FOG OR MIST
DPTR FM NORMAL: -5.5 DPTR FM NORMAL: 0.14 2 = FOG REDUCING VISIBILITY
HIGHEST: 75 ON 31,25 GRTST 24HR 0.58 ON 2- 2 TO 1/4 MILE OR LESS
LOWEST: 38 ON 19,13 3 = THUNDER
SNOW, ICE PELLETS, HAIL 4 = ICE PELLETS
TOTAL MONTH: M 5 = HAIL
GRTST 24HR M ON M 6 = FREEZING RAIN OR DRIZZLE
GRTST DEPTH: M ON M 7 = DUSTSTORM OR SANDSTORM:
VSBY 1/2 MILE OR LESS
8 = SMOKE OR HAZE
[NO. OF DAYS WITH] [WEATHER - DAYS WITH] 9 = BLOWING SNOW
X = TORNADO
MAX 32 OR BELOW: 0 0.01 INCH OR MORE: 6
MAX 90 OR ABOVE: 0 0.10 INCH OR MORE: 2
MIN 32 OR BELOW: 0 0.50 INCH OR MORE: 1
MIN 0 OR BELOW: 0 1.00 INCH OR MORE: 0
[HDD (BASE 65) ]
TOTAL THIS MO. 314 CLEAR (SCALE 0-3) 14
DPTR FM NORMAL 128 PTCLDY (SCALE 4-7) 15
TOTAL FM JUL 1 6116 CLOUDY (SCALE 8-10) 2
DPTR FM NORMAL 359
[CDD (BASE 65) ]
TOTAL THIS MO. 0
DPTR FM NORMAL -36 [PRESSURE DATA]
TOTAL FM JAN 1 0 HIGHEST SLP M ON M
DPTR FM NORMAL -38 LOWEST SLP 29.55 ON 6
[REMARKS]
#FINAL-05-22#