000
CXUS56 KOTX 070134
CF6EAT
PRELIMINARY LOCAL CLIMATOLOGICAL DATA (WS FORM: F-6)
STATION: WENATCHEE WA PANGBORN FIELD
MONTH: SEPTEMBER
YEAR: 2020
LATITUDE: 47 23 N
LONGITUDE: 120 12 W
TEMPERATURE IN F: :PCPN: SNOW: WIND :SUNSHINE: SKY :PK WND
================================================================================
1 2 3 4 5 6A 6B 7 8 9 10 11 12 13 14 15 16 17 18
12Z AVG MX 2MIN
DY MAX MIN AVG DEP HDD CDD WTR SNW DPTH SPD SPD DIR MIN PSBL S-S WX SPD DR
================================================================================
1 93 65 79 10 0 14 0.00 M M 13.4 28 310 M M 0 32 310
2 88 69 79 10 0 14 0.00 M M 13.7 28 320 M M 0 35 330
3 89 60 75 6 0 10 0.00 M M 6.3 16 300 M M 0 19 300
4 90 60 75 7 0 10 0.00 M M 5.9 13 330 M M 0 16 330
5 95 70 83 15 0 18 0.00 M M 13.7 23 310 M M 0 27 300
6 97 63 80 12 0 15 0.00 M M 11.1 30 300 M M 0 37 300
7 78 57 68 0 0 3 0.00 M M 12.0 37 20 M M 6 8 49 20
8 71 45 58 -9 7 0 0.00 M M 2.9 9 130 M M 3 8 12 140
9 82 48 65 -2 0 0 0.00 M M 3.4 9 280 M M 8 8 11 250
10 86 53 70 4 0 5 0.00 M M 5.2 12 300 M M 0 8 14 300
11 86 54 70 4 0 5 0.00 M M 6.4 15 110 M M 1 20 120
12 78 55 67 1 0 2 0.00 M M 6.5 13 110 M M 4 8 17 110
13 72 50 61 -5 4 0 0.00 M M 3.9 10 90 M M 10 8 13 90
14 69 56 63 -2 2 0 0.00 M M 4.8 13 200 M M 10 8 15 200
15 81 57 69 4 0 4 T M M 4.5 10 260 M M 10 8 12 120
16 79 56 68 4 0 3 0.00 M M 3.7 13 310 M M 10 8 14 280
17 80 57 69 5 0 4 0.00 M M 4.2 12 280 M M 10 8 14 280
18 71 56 64 0 1 0 0.00 M M 8.5 25 320 M M 8 8 31 310
19 78 54 66 3 0 1 0.00 M M 12.8 25 300 M M 3 29 300
20 76 54 65 2 0 0 0.00 M M 5.9 15 320 M M 0 19 310
21 71 52 62 0 3 0 0.00 M M 5.8 13 300 M M 0 20 150
22 78 57 68 6 0 3 0.00 M M 6.6 17 330 M M 2 22 320
23 66 56 61 -1 4 0 0.30 M M 6.4 17 120 M M 7 1 22 130
24 66 50 58 -3 7 0 T M M 8.3 25 250 M M 4 30 250
25 65 48 57 -4 8 0 0.01 M M 8.2 24 300 M M 6 30 280
26 67 41 54 -6 11 0 0.00 M M 7.6 23 320 M M 3 31 260
27 69 47 58 -2 7 0 0.00 M M 8.3 22 310 0 0 0 M M
28 72 47 60 0 5 0 0.00 M M 3.7 12 310 M M 0 14 330
29 78 48 63 4 2 0 0.00 M M 4.4 12 290 M M 0 13 290
30 78 51 65 6 0 0 0.00 M M 3.9 16 290 M M 1 24 330
================================================================================
SM 2349 1636 61 111 0.31 M 212.0 0 106
================================================================================
AV 78.3 54.5 7.1 FASTST 0 0 4 MAX(MPH)
MISC ----> # 37 20 # 49 20
================================================================================
NOTES:
# LAST OF SEVERAL OCCURRENCES
COLUMN 17 PEAK WIND IN M.P.H.
PRELIMINARY LOCAL CLIMATOLOGICAL DATA (WS FORM: F-6) , PAGE 2
STATION: WENATCHEE WA PANGBORN FIELD
MONTH: SEPTEMBER
YEAR: 2020
LATITUDE: 47 23 N
LONGITUDE: 120 12 W
[TEMPERATURE DATA] [PRECIPITATION DATA] SYMBOLS USED IN COLUMN 16
AVERAGE MONTHLY: 66.4 TOTAL FOR MONTH: 0.31 1 = FOG OR MIST
DPTR FM NORMAL: 2.0 DPTR FM NORMAL: -0.03 2 = FOG REDUCING VISIBILITY
HIGHEST: 97 ON 6 GRTST 24HR 0.30 ON 23-23 TO 1/4 MILE OR LESS
LOWEST: 41 ON 26 3 = THUNDER
SNOW, ICE PELLETS, HAIL 4 = ICE PELLETS
TOTAL MONTH: M 5 = HAIL
GRTST 24HR M ON M 6 = FREEZING RAIN OR DRIZZLE
GRTST DEPTH: M ON M 7 = DUSTSTORM OR SANDSTORM:
VSBY 1/2 MILE OR LESS
8 = SMOKE OR HAZE
[NO. OF DAYS WITH] [WEATHER - DAYS WITH] 9 = BLOWING SNOW
X = TORNADO
MAX 32 OR BELOW: 0 0.01 INCH OR MORE: 2
MAX 90 OR ABOVE: 4 0.10 INCH OR MORE: 1
MIN 32 OR BELOW: 0 0.50 INCH OR MORE: 0
MIN 0 OR BELOW: 0 1.00 INCH OR MORE: 0
[HDD (BASE 65) ]
TOTAL THIS MO. 61 CLEAR (SCALE 0-3) 18
DPTR FM NORMAL -37 PTCLDY (SCALE 4-7) 6
TOTAL FM JUL 1 62 CLOUDY (SCALE 8-10) 6
DPTR FM NORMAL -50
[CDD (BASE 65) ]
TOTAL THIS MO. 111
DPTR FM NORMAL 109 [PRESSURE DATA]
TOTAL FM JAN 1 896 HIGHEST SLP 30.51 ON 8
DPTR FM NORMAL 106 LOWEST SLP 29.67 ON 25
[REMARKS]
#FINAL-09-20#