000
CXUS53 KMPX 011135
CF6EAU
PRELIMINARY LOCAL CLIMATOLOGICAL DATA (WS FORM: F-6)
STATION: EAU CLAIRE WI
MONTH: JUNE
YEAR: 2023
LATITUDE: 44 52 N
LONGITUDE: 91 29 W
TEMPERATURE IN F: :PCPN: SNOW: WIND :SUNSHINE: SKY :PK WND
================================================================================
1 2 3 4 5 6A 6B 7 8 9 10 11 12 13 14 15 16 17 18
12Z AVG MX 2MIN
DY MAX MIN AVG DEP HDD CDD WTR SNW DPTH SPD SPD DIR MIN PSBL S-S WX SPD DR
================================================================================
1 92 64 78 15 0 13 0.00 0.0 0 6.5 23 130 M M 1 3 32 130
2 91 63 77 14 0 12 0.02 0.0 0 6.1 25 60 M M 2 13 35 60
3 92 67 80 16 0 15 0.00 0.0 0 6.6 18 70 M M 3 3 26 70
4 90 63 77 13 0 12 0.00 0.0 0 4.8 12 70 M M 2 8 17 20
5 88 60 74 10 0 9 0.02 0.0 0 3.7 12 90 M M 3 18 16 280
6 83 64 74 10 0 9 0.00 0.0 0 6.1 13 60 M M 4 18 110
7 80 52 66 1 0 1 0.00 0.0 0 6.7 15 100 M M 2 22 50
8 79 50 65 0 0 0 0.00 0.0 0 4.8 12 60 M M 0 17 40
9 84 43 64 -1 1 0 0.00 0.0 0 3.4 13 280 M M 1 18 280
10 84 54 69 3 0 4 0.52 0.0 0 6.2 25 350 M M 9 13 43 350
11 68 43 56 -10 9 0 0.00 0.0 0 9.5 18 30 M M 4 29 50
12 74 40 57 -9 8 0 T 0.0 0 3.9 13 110 M M 4 18 40
13 84 54 69 2 0 4 T 0.0 0 6.8 18 340 M M 4 29 350
14 83 53 68 1 0 3 0.00 0.0 0 4.5 13 40 M M 4 8 19 50
15 70 49 60 -7 5 0 0.00 0.0 0 8.1 15 60 M M 1 23 30
16 78 45 62 -6 3 0 0.00 0.0 0 3.3 10 130 M M 1 15 70
17 83 50 67 -1 0 2 0.00 0.0 0 3.8 14 190 M M 0 128 21 190
18 83 56 70 2 0 5 0.27 0.0 0 7.1 18 120 M M 5 13 25 120
19 87 64 76 8 0 11 0.34 0.0 0 6.7 13 120 M M 6 18 19 130
20 89 60 75 7 0 10 T 0.0 0 8.1 16 100 M M 0 23 130
21 89 56 73 4 0 8 0.00 0.0 0 6.5 16 130 M M 1 23 140
22 91 63 77 8 0 12 0.00 0.0 0 3.6 8 130 M M 2 M M
23 92 63 78 9 0 13 0.00 0.0 0 4.6 14 280 M M 4 20 190
24 89 63 76 7 0 11 0.24 0.0 0 9.1 23 290 M M 5 13 33 310
25 76 65 71 1 0 6 0.07 0.0 0 9.2 20 320 M M 8 13 29 330
26 78 60 69 -1 0 4 0.00 0.0 0 9.7 18 330 M M 7 8 26 320
27 85 53 69 -1 0 4 0.00 0.0 0 3.7 10 180 M M 3 18 14 140
28 85 65 75 5 0 10 0.05 0.0 0 10.4 23 170 M M 5 138 31 170
29 87 65 76 6 0 11 T 0.0 0 6.2 15 240 M M 1 138 19 240
30 88 61 75 5 0 10 0.00 0.0 0 5.0 15 280 M M 1 1 21 260
================================================================================
SM 2522 1708 26 199 1.53 0.0 184.7 M 93
================================================================================
AV 84.1 56.9 6.2 FASTST M M 3 MAX(MPH)
MISC ----> # 25 60 43 350
================================================================================
NOTES:
# LAST OF SEVERAL OCCURRENCES
COLUMN 17 PEAK WIND IN M.P.H.
PRELIMINARY LOCAL CLIMATOLOGICAL DATA (WS FORM: F-6) , PAGE 2
STATION: EAU CLAIRE WI
MONTH: JUNE
YEAR: 2023
LATITUDE: 44 52 N
LONGITUDE: 91 29 W
[TEMPERATURE DATA] [PRECIPITATION DATA] SYMBOLS USED IN COLUMN 16
AVERAGE MONTHLY: 70.5 TOTAL FOR MONTH: 1.53 1 = FOG OR MIST
DPTR FM NORMAL: 3.4 DPTR FM NORMAL: -3.30 2 = FOG REDUCING VISIBILITY
HIGHEST: 92 ON 23, 3 GRTST 24HR 0.61 ON 18-19 TO 1/4 MILE OR LESS
LOWEST: 40 ON 12 3 = THUNDER
SNOW, ICE PELLETS, HAIL 4 = ICE PELLETS
TOTAL MONTH: 0.0 INCH 5 = HAIL
GRTST 24HR 0.0 6 = FREEZING RAIN OR DRIZZLE
GRTST DEPTH: 0 7 = DUSTSTORM OR SANDSTORM:
VSBY 1/2 MILE OR LESS
8 = SMOKE OR HAZE
[NO. OF DAYS WITH] [WEATHER - DAYS WITH] 9 = BLOWING SNOW
X = TORNADO
MAX 32 OR BELOW: 0 0.01 INCH OR MORE: 8
MAX 90 OR ABOVE: 6 0.10 INCH OR MORE: 4
MIN 32 OR BELOW: 0 0.50 INCH OR MORE: 1
MIN 0 OR BELOW: 0 1.00 INCH OR MORE: 0
[HDD (BASE 65) ]
TOTAL THIS MO. 26 CLEAR (SCALE 0-3) 17
DPTR FM NORMAL -31 PTCLDY (SCALE 4-7) 12
TOTAL FM JUL 1 7552 CLOUDY (SCALE 8-10) 1
DPTR FM NORMAL -374
[CDD (BASE 65) ]
TOTAL THIS MO. 199
DPTR FM NORMAL 79 [PRESSURE DATA]
TOTAL FM JAN 1 240 HIGHEST SLP 30.13 ON 21
DPTR FM NORMAL 90 LOWEST SLP 29.53 ON 25
[REMARKS]
#FINAL-06-23#