000
CDUS43 KMPX 180021
CLIEAU


CLIMATE REPORT
NATIONAL WEATHER SERVICE CHANHASSEN MN
721 PM CDT SUN JUN 17 2018


...................................

...THE EAU CLAIRE WI CLIMATE SUMMARY FOR JUNE 17 2018...
VALID TODAY AS OF 0500 PM LOCAL TIME.

CLIMATE NORMAL PERIOD 1981 TO 2010
CLIMATE RECORD PERIOD 1893 TO 2018


WEATHER ITEM   OBSERVED TIME   RECORD YEAR NORMAL DEPARTURE LAST
                VALUE   (LST)  VALUE       VALUE  FROM      YEAR
                                                  NORMAL
..................................................................
TEMPERATURE (F)
 TODAY
  MAXIMUM         92    257 PM  96    1995  79     13       81
                                      1940
  MINIMUM         72    608 AM  38    1960  56     16       61
  AVERAGE         82                        68     14       71

PRECIPITATION (IN)
  TODAY            0.25          1.75 1925   0.15   0.10     0.52
  MONTH TO DATE    1.10                      2.34  -1.24     3.57
  SINCE JUN 1      1.10                      2.34  -1.24     3.57
  SINCE JAN 1      9.12                     11.98  -2.86    18.07

SNOWFALL (IN)
  TODAY            0.0           0.0    MM   0.0    0.0      0.0
  MONTH TO DATE    0.0                       0.0    0.0      0.0
  SINCE JUN 1      0.0                       0.0    0.0      0.0
  SINCE JUL 1     64.4                      46.8   17.6     54.5
  SNOW DEPTH       0

DEGREE DAYS
 HEATING
  TODAY            0                         2     -2        0
  MONTH TO DATE   14                        49    -35        7
  SINCE JUN 1     14                        49    -35        7
  SINCE JUL 1   8285                      7946    339     6976

 COOLING
  TODAY           17                         4     13        6
  MONTH TO DATE   75                        49     26       96
  SINCE JUN 1     75                        49     26       96
  SINCE JAN 1    162                        81     81      104
..................................................................


WIND (MPH)
  HIGHEST WIND SPEED    45   HIGHEST WIND DIRECTION     S (160)
  HIGHEST GUST SPEED    65   HIGHEST GUST DIRECTION     S (170)
  AVERAGE WIND SPEED    10.1


SKY COVER
  POSSIBLE SUNSHINE  MM
  AVERAGE SKY COVER 0.4


WEATHER CONDITIONS
 THE FOLLOWING WEATHER WAS RECORDED TODAY.
  THUNDERSTORM
  RAIN
  LIGHT RAIN
  FOG
  HAZE


RELATIVE HUMIDITY (PERCENT)
 HIGHEST    85           500 PM
 LOWEST     56           200 PM
 AVERAGE    71

..........................................................


THE EAU CLAIRE WI CLIMATE NORMALS FOR TOMORROW
                         NORMAL    RECORD    YEAR
 MAXIMUM TEMPERATURE (F)   80        96      1995
 MINIMUM TEMPERATURE (F)   56        44      1999
                                             1912


SUNRISE AND SUNSET
JUNE 17 2018..........SUNRISE   519 AM CDT   SUNSET   855 PM CDT
JUNE 18 2018..........SUNRISE   519 AM CDT   SUNSET   855 PM CDT


-  INDICATES NEGATIVE NUMBERS.
R  INDICATES RECORD WAS SET OR TIED.
MM INDICATES DATA IS MISSING.
T  INDICATES TRACE AMOUNT.




$$
