000
CDUS43 KMPX 162140
CLIEAU


CLIMATE REPORT
NATIONAL WEATHER SERVICE CHANHASSEN MN
438 PM CDT WED MAY 16 2018


...................................

...THE EAU CLAIRE WI CLIMATE SUMMARY FOR MAY 16 2018...
VALID TODAY AS OF 0400 PM LOCAL TIME.

CLIMATE NORMAL PERIOD 1981 TO 2010
CLIMATE RECORD PERIOD 1893 TO 2018


WEATHER ITEM   OBSERVED TIME   RECORD YEAR NORMAL DEPARTURE LAST
                VALUE   (LST)  VALUE       VALUE  FROM      YEAR
                                                  NORMAL
..................................................................
TEMPERATURE (F)
 TODAY
  MAXIMUM         84    259 PM  92    1936  70     14       83
  MINIMUM         43    442 AM  28    1956  45     -2       59
  AVERAGE         64                        58      6       71

PRECIPITATION (IN)
  TODAY            0.00          1.45 1960   0.12  -0.12     0.94
  MONTH TO DATE    1.48                      1.73  -0.25     1.88
  SINCE MAR 1      4.00                      6.21  -2.21     7.94
  SINCE JAN 1      6.46                      7.91  -1.45    12.02

SNOWFALL (IN)
  TODAY            0.0           T    1956   0.0    0.0      0.0
                                      1916
  MONTH TO DATE    0.0                       0.2   -0.2       T
  SINCE MAR 1     25.4                      10.7   14.7      5.6
  SINCE JUL 1     64.4                      47.0   17.4     54.5
  SNOW DEPTH       0

DEGREE DAYS
 HEATING
  TODAY            1                         8     -7        0
  MONTH TO DATE   84                       162    -78      160
  SINCE MAR 1   2079                      1782    297     1731
  SINCE JUL 1   8241                      7802    439     6841

 COOLING
  TODAY            0                         1     -1        6
  MONTH TO DATE    4                        10     -6        7
  SINCE MAR 1      5                        14     -9        7
  SINCE JAN 1      5                        14     -9        7
..................................................................


WIND (MPH)
  HIGHEST WIND SPEED    16   HIGHEST WIND DIRECTION     W (270)
  HIGHEST GUST SPEED    25   HIGHEST GUST DIRECTION     W (260)
  AVERAGE WIND SPEED     5.8


SKY COVER
  POSSIBLE SUNSHINE  MM
  AVERAGE SKY COVER 0.0


WEATHER CONDITIONS
 THE FOLLOWING WEATHER WAS RECORDED TODAY.
  FOG


RELATIVE HUMIDITY (PERCENT)
 HIGHEST   100           400 AM
 LOWEST     31           300 PM
 AVERAGE    66

..........................................................


THE EAU CLAIRE WI CLIMATE NORMALS FOR TOMORROW
                         NORMAL    RECORD    YEAR
 MAXIMUM TEMPERATURE (F)   70        93      1987
 MINIMUM TEMPERATURE (F)   46        29      2002
                                             1925


SUNRISE AND SUNSET
MAY 16 2018...........SUNRISE   536 AM CDT   SUNSET   829 PM CDT
MAY 17 2018...........SUNRISE   535 AM CDT   SUNSET   830 PM CDT


-  INDICATES NEGATIVE NUMBERS.
R  INDICATES RECORD WAS SET OR TIED.
MM INDICATES DATA IS MISSING.
T  INDICATES TRACE AMOUNT.




$$
