000
CDUS43 KMPX 100658
CLIEAU


CLIMATE REPORT
NATIONAL WEATHER SERVICE CHANHASSEN MN
153 AM CDT TUE APR 10 2018


...................................

...THE EAU CLAIRE WI CLIMATE SUMMARY FOR APRIL 9 2018...

CLIMATE NORMAL PERIOD 1981 TO 2010
CLIMATE RECORD PERIOD 1893 TO 2018


WEATHER ITEM   OBSERVED TIME   RECORD YEAR NORMAL DEPARTURE LAST
                VALUE   (LST)  VALUE       VALUE  FROM      YEAR
                                                  NORMAL
..................................................................
TEMPERATURE (F)
 YESTERDAY
  MAXIMUM         38    447 PM  79    1987  54    -16       71
                                      1931
                                      1930
  MINIMUM         22    638 AM  12    1997  32    -10       52
  AVERAGE         30                        43    -13       62

PRECIPITATION (IN)
  YESTERDAY        0.00          1.32 1922   0.09  -0.09     0.41
  MONTH TO DATE    0.47                      0.72  -0.25     0.88
  SINCE MAR 1      1.40                      2.45  -1.05     2.00
  SINCE JAN 1      3.86                      4.15  -0.29     6.08

SNOWFALL (IN)
  YESTERDAY        0.0           7.9  1973   0.1   -0.1      0.0
  MONTH TO DATE    7.1                       0.9    6.2      0.0
  SINCE MAR 1     13.9                       9.5    4.4      4.8
  SINCE JUL 1     52.9                      45.8    7.1     53.7
  SNOW DEPTH       3

DEGREE DAYS
 HEATING
  YESTERDAY       35                        22     13        3
  MONTH TO DATE  384                       218    166      162
  SINCE MAR 1   1483                      1262    221     1212
  SINCE JUL 1   7645                      7282    363     6322

 COOLING
  YESTERDAY        0                         0      0        0
  MONTH TO DATE    0                         0      0        0
  SINCE MAR 1      0                         0      0        0
  SINCE JAN 1      0                         0      0        0
..................................................................


WIND (MPH)
  HIGHEST WIND SPEED    17   HIGHEST WIND DIRECTION     W (260)
  HIGHEST GUST SPEED    21   HIGHEST GUST DIRECTION     W (260)
  AVERAGE WIND SPEED     5.9


SKY COVER
  POSSIBLE SUNSHINE  MM
  AVERAGE SKY COVER 0.3


WEATHER CONDITIONS
 THE FOLLOWING WEATHER WAS RECORDED YESTERDAY.
  NO SIGNIFICANT WEATHER WAS OBSERVED.


RELATIVE HUMIDITY (PERCENT)
 HIGHEST    75          1100 PM
 LOWEST     32           100 PM
 AVERAGE    54

..........................................................


THE EAU CLAIRE WI CLIMATE NORMALS FOR TODAY
                         NORMAL    RECORD    YEAR
 MAXIMUM TEMPERATURE (F)   55        85      1977
 MINIMUM TEMPERATURE (F)   32        13      1952


SUNRISE AND SUNSET
APRIL 10 2018.........SUNRISE   630 AM CDT   SUNSET   745 PM CDT
APRIL 11 2018.........SUNRISE   628 AM CDT   SUNSET   746 PM CDT


-  INDICATES NEGATIVE NUMBERS.
R  INDICATES RECORD WAS SET OR TIED.
MM INDICATES DATA IS MISSING.
T  INDICATES TRACE AMOUNT.




$$
