000
CDUS43 KMPX 130058
CLIEAU


CLIMATE REPORT
NATIONAL WEATHER SERVICE CHANHASSEN MN
756 PM CDT THU APR 12 2018


...................................

...THE EAU CLAIRE WI CLIMATE SUMMARY FOR APRIL 12 2018...
VALID TODAY AS OF 0700 PM LOCAL TIME.

CLIMATE NORMAL PERIOD 1981 TO 2010
CLIMATE RECORD PERIOD 1893 TO 2018


WEATHER ITEM   OBSERVED TIME   RECORD YEAR NORMAL DEPARTURE LAST
                VALUE   (LST)  VALUE       VALUE  FROM      YEAR
                                                  NORMAL
..................................................................
TEMPERATURE (F)
 TODAY
  MAXIMUM         49    320 PM  82    1931  56     -7       56
  MINIMUM         36    726 AM  15    1957  33      3       26
                                      1939
  AVERAGE         43                        44     -1       41

PRECIPITATION (IN)
  TODAY            0.03          1.05 1895   0.09  -0.06     0.06
  MONTH TO DATE    0.50                      0.98  -0.48     1.06
  SINCE MAR 1      1.43                      2.71  -1.28     2.18
  SINCE JAN 1      3.89                      4.41  -0.52     6.26

SNOWFALL (IN)
  TODAY            0.0           7.0  1962   T      0.0      0.0
  MONTH TO DATE    7.1                       1.1    6.0      0.8
  SINCE MAR 1     13.9                       9.7    4.2      5.6
  SINCE JUL 1     52.9                      46.0    6.9     54.5
  SNOW DEPTH       T

DEGREE DAYS
 HEATING
  TODAY           22                        21      1       24
  MONTH TO DATE  468                       282    186      235
  SINCE MAR 1   1567                      1326    241     1285
  SINCE JUL 1   7729                      7346    383     6395

 COOLING
  TODAY            0                         0      0        0
  MONTH TO DATE    0                         0      0        0
  SINCE MAR 1      0                         0      0        0
  SINCE JAN 1      0                         0      0        0
..................................................................


WIND (MPH)
  HIGHEST WIND SPEED    13   HIGHEST WIND DIRECTION     E (110)
  HIGHEST GUST SPEED    17   HIGHEST GUST DIRECTION    NW (330)
  AVERAGE WIND SPEED     5.8


SKY COVER
  POSSIBLE SUNSHINE  MM
  AVERAGE SKY COVER 0.9


WEATHER CONDITIONS
 THE FOLLOWING WEATHER WAS RECORDED TODAY.
  LIGHT RAIN
  FOG


RELATIVE HUMIDITY (PERCENT)
 HIGHEST   100           200 AM
 LOWEST     61           300 PM
 AVERAGE    81

..........................................................


THE EAU CLAIRE WI CLIMATE NORMALS FOR TOMORROW
                         NORMAL    RECORD    YEAR
 MAXIMUM TEMPERATURE (F)   57        80      1931
 MINIMUM TEMPERATURE (F)   33        12      1962


SUNRISE AND SUNSET
APRIL 12 2018.........SUNRISE   627 AM CDT   SUNSET   748 PM CDT
APRIL 13 2018.........SUNRISE   625 AM CDT   SUNSET   749 PM CDT


-  INDICATES NEGATIVE NUMBERS.
R  INDICATES RECORD WAS SET OR TIED.
MM INDICATES DATA IS MISSING.
T  INDICATES TRACE AMOUNT.




$$
