000
CDUS43 KMPX 082127
CLIEAU


CLIMATE REPORT
NATIONAL WEATHER SERVICE CHANHASSEN MN
426 PM CDT SUN APR 8 2018


...................................

...THE EAU CLAIRE WI CLIMATE SUMMARY FOR APRIL 8 2018...
VALID TODAY AS OF 0400 PM LOCAL TIME.

CLIMATE NORMAL PERIOD 1981 TO 2010
CLIMATE RECORD PERIOD 1893 TO 2018


WEATHER ITEM   OBSERVED TIME   RECORD YEAR NORMAL DEPARTURE LAST
                VALUE   (LST)  VALUE       VALUE  FROM      YEAR
                                                  NORMAL
..................................................................
TEMPERATURE (F)
 TODAY
  MAXIMUM         34    241 PM  81    1931  54    -20       70
  MINIMUM          4R   525 AM   9    1997  31    -27       38
  AVERAGE         19                        42    -23       54

PRECIPITATION (IN)
  TODAY            0.00          1.15 1991   0.08  -0.08     0.00
  MONTH TO DATE    0.47                      0.63  -0.16     0.47
  SINCE MAR 1      1.40                      2.36  -0.96     1.59
  SINCE JAN 1      3.86                      4.06  -0.20     5.67

SNOWFALL (IN)
  TODAY            0.0           2.0  1980   T      0.0      0.0
  MONTH TO DATE    7.1                       0.8    6.3      0.0
  SINCE MAR 1     13.9                       9.4    4.5      4.8
  SINCE JUL 1     52.9                      45.7    7.2     53.7
  SNOW DEPTH       4

DEGREE DAYS
 HEATING
  TODAY           46                        23     23       11
  MONTH TO DATE  349                       196    153      159
  SINCE MAR 1   1448                      1240    208     1209
  SINCE JUL 1   7610                      7260    350     6319

 COOLING
  TODAY            0                         0      0        0
  MONTH TO DATE    0                         0      0        0
  SINCE MAR 1      0                         0      0        0
  SINCE JAN 1      0                         0      0        0
..................................................................


WIND (MPH)
  HIGHEST WIND SPEED     9   HIGHEST WIND DIRECTION     S (190)
  HIGHEST GUST SPEED    12   HIGHEST GUST DIRECTION     S (160)
  AVERAGE WIND SPEED     2.4


SKY COVER
  POSSIBLE SUNSHINE  MM
  AVERAGE SKY COVER 0.1


WEATHER CONDITIONS
 THE FOLLOWING WEATHER WAS RECORDED TODAY.
  FOG


RELATIVE HUMIDITY (PERCENT)
 HIGHEST    92           700 AM
 LOWEST     30          1200 PM
 AVERAGE    61

..........................................................


THE EAU CLAIRE WI CLIMATE NORMALS FOR TOMORROW
                         NORMAL    RECORD    YEAR
 MAXIMUM TEMPERATURE (F)   54        79      1987
                                             1931
                                             1930
 MINIMUM TEMPERATURE (F)   32        12      1997


SUNRISE AND SUNSET
APRIL  8 2018.........SUNRISE   634 AM CDT   SUNSET   743 PM CDT
APRIL  9 2018.........SUNRISE   632 AM CDT   SUNSET   744 PM CDT


-  INDICATES NEGATIVE NUMBERS.
R  INDICATES RECORD WAS SET OR TIED.
MM INDICATES DATA IS MISSING.
T  INDICATES TRACE AMOUNT.




$$
