000
CDUS43 KMPX 182129
CLIEAU


CLIMATE REPORT
NATIONAL WEATHER SERVICE CHANHASSEN MN
429 PM CDT WED APR 18 2018


...................................

...THE EAU CLAIRE WI CLIMATE SUMMARY FOR APRIL 18 2018...
VALID TODAY AS OF 0400 PM LOCAL TIME.

CLIMATE NORMAL PERIOD 1981 TO 2010
CLIMATE RECORD PERIOD 1893 TO 2018


WEATHER ITEM   OBSERVED TIME   RECORD YEAR NORMAL DEPARTURE LAST
                VALUE   (LST)  VALUE       VALUE  FROM      YEAR
                                                  NORMAL
..................................................................
TEMPERATURE (F)
 TODAY
  MAXIMUM         37    259 PM  88    1987  59    -22       63
  MINIMUM         25    332 AM  19    1983  35    -10       41
                                      1953
                                      1907
  AVERAGE         31                        47    -16       52

PRECIPITATION (IN)
  TODAY           MM             1.10 1894   0.09  MM        0.10
  MONTH TO DATE    1.57                      1.52   0.05     2.43
  SINCE MAR 1      2.50                      3.25  -0.75     3.55
  SINCE JAN 1      4.96                      4.95   0.01     7.63

SNOWFALL (IN)
  TODAY           MM             0.3  2013   0.1   MM        0.0
  MONTH TO DATE   18.6                       1.5   17.1      0.8
  SINCE MAR 1     25.4                      10.1   15.3      5.6
  SINCE JUL 1     64.4                      46.4   18.0     54.5
  SNOW DEPTH       4

DEGREE DAYS
 HEATING
  TODAY           34                        18     16       13
  MONTH TO DATE  680                       396    284      306
  SINCE MAR 1   1779                      1440    339     1356
  SINCE JUL 1   7941                      7460    481     6466

 COOLING
  TODAY            0                         0      0        0
  MONTH TO DATE    0                         0      0        0
  SINCE MAR 1      0                         0      0        0
  SINCE JAN 1      0                         0      0        0
..................................................................


WIND (MPH)
  HIGHEST WIND SPEED    15   HIGHEST WIND DIRECTION    NE (60)
  HIGHEST GUST SPEED    23   HIGHEST GUST DIRECTION    NE (40)
  AVERAGE WIND SPEED     8.8


SKY COVER
  POSSIBLE SUNSHINE  MM
  AVERAGE SKY COVER 0.8


WEATHER CONDITIONS
 THE FOLLOWING WEATHER WAS RECORDED TODAY.
  NO SIGNIFICANT WEATHER WAS OBSERVED.


RELATIVE HUMIDITY (PERCENT)
 HIGHEST    78           700 AM
 LOWEST     63          1200 AM
 AVERAGE    71

..........................................................


THE EAU CLAIRE WI CLIMATE NORMALS FOR TOMORROW
                         NORMAL    RECORD    YEAR
 MAXIMUM TEMPERATURE (F)   60        89      1985
 MINIMUM TEMPERATURE (F)   36        18      1897


SUNRISE AND SUNSET
APRIL 18 2018.........SUNRISE   616 AM CDT   SUNSET   755 PM CDT
APRIL 19 2018.........SUNRISE   615 AM CDT   SUNSET   756 PM CDT


-  INDICATES NEGATIVE NUMBERS.
R  INDICATES RECORD WAS SET OR TIED.
MM INDICATES DATA IS MISSING.
T  INDICATES TRACE AMOUNT.




$$
