000
CDUS43 KMPX 240654
CLIEAU


CLIMATE REPORT
NATIONAL WEATHER SERVICE CHANHASSEN MN
152 AM CDT THU MAY 24 2018


...................................

...THE EAU CLAIRE WI CLIMATE SUMMARY FOR MAY 23 2018...

CLIMATE NORMAL PERIOD 1981 TO 2010
CLIMATE RECORD PERIOD 1893 TO 2018


WEATHER ITEM   OBSERVED TIME   RECORD YEAR NORMAL DEPARTURE LAST
                VALUE   (LST)  VALUE       VALUE  FROM      YEAR
                                                  NORMAL
..................................................................
TEMPERATURE (F)
 YESTERDAY
  MAXIMUM         82    348 PM  94    1925  72     10       59
  MINIMUM         47    439 AM  29    1931  48     -1       49
  AVERAGE         65                        60      5       54

PRECIPITATION (IN)
  YESTERDAY        0.00          2.30 1975   0.12  -0.12     0.06
  MONTH TO DATE    1.48                      2.52  -1.04     4.12
  SINCE MAR 1      4.00                      7.00  -3.00    10.18
  SINCE JAN 1      6.46                      8.70  -2.24    14.26

SNOWFALL (IN)
  YESTERDAY        0.0           0.0    MM   0.0    0.0      0.0
  MONTH TO DATE    0.0                       0.2   -0.2       T
  SINCE MAR 1     25.4                      10.7   14.7      5.6
  SINCE JUL 1     64.4                      47.0   17.4     54.5
  SNOW DEPTH       0

DEGREE DAYS
 HEATING
  YESTERDAY        0                         7     -7       11
  MONTH TO DATE  114                       213    -99      247
  SINCE MAR 1   2109                      1833    276     1818
  SINCE JUL 1   8271                      7853    418     6928

 COOLING
  YESTERDAY        0                         1     -1        0
  MONTH TO DATE    7                        17    -10        7
  SINCE MAR 1      8                        21    -13        7
  SINCE JAN 1      8                        21    -13        7
..................................................................


WIND (MPH)
  HIGHEST WIND SPEED    13   HIGHEST WIND DIRECTION    SE (150)
  HIGHEST GUST SPEED    21   HIGHEST GUST DIRECTION     S (170)
  AVERAGE WIND SPEED     5.1


SKY COVER
  POSSIBLE SUNSHINE  MM
  AVERAGE SKY COVER 0.3


WEATHER CONDITIONS
 THE FOLLOWING WEATHER WAS RECORDED YESTERDAY.
  FOG
  FOG W/VISIBILITY <= 1/4 MILE


RELATIVE HUMIDITY (PERCENT)
 HIGHEST   100          1200 AM
 LOWEST     51           500 PM
 AVERAGE    76

..........................................................


THE EAU CLAIRE WI CLIMATE NORMALS FOR TODAY
                         NORMAL    RECORD    YEAR
 MAXIMUM TEMPERATURE (F)   72        93      2010
 MINIMUM TEMPERATURE (F)   48        33      2013
                                             1917


SUNRISE AND SUNSET
MAY 24 2018...........SUNRISE   528 AM CDT   SUNSET   838 PM CDT
MAY 25 2018...........SUNRISE   528 AM CDT   SUNSET   839 PM CDT


-  INDICATES NEGATIVE NUMBERS.
R  INDICATES RECORD WAS SET OR TIED.
MM INDICATES DATA IS MISSING.
T  INDICATES TRACE AMOUNT.




$$
