000
CDUS43 KMPX 210633
CLIEAU


CLIMATE REPORT
NATIONAL WEATHER SERVICE CHANHASSEN MN
130 AM CDT MON MAY 21 2018


...................................

...THE EAU CLAIRE WI CLIMATE SUMMARY FOR MAY 20 2018...

CLIMATE NORMAL PERIOD 1981 TO 2010
CLIMATE RECORD PERIOD 1893 TO 2018


WEATHER ITEM   OBSERVED TIME   RECORD YEAR NORMAL DEPARTURE LAST
                VALUE   (LST)  VALUE       VALUE  FROM      YEAR
                                                  NORMAL
..................................................................
TEMPERATURE (F)
 YESTERDAY
  MAXIMUM         71    457 PM  94    1934  71      0       49
  MINIMUM         43    515 AM  27    2002  47     -4       44
  AVERAGE         57                        59     -2       47

PRECIPITATION (IN)
  YESTERDAY        0.00          1.04 1913   0.11  -0.11     0.83
  MONTH TO DATE    1.48                      2.18  -0.70     3.98
  SINCE MAR 1      4.00                      6.66  -2.66    10.04
  SINCE JAN 1      6.46                      8.36  -1.90    14.12

SNOWFALL (IN)
  YESTERDAY        0.0           T    1915   0.0    0.0      0.0
  MONTH TO DATE    0.0                       0.2   -0.2       T
  SINCE MAR 1     25.4                      10.7   14.7      5.6
  SINCE JUL 1     64.4                      47.0   17.4     54.5
  SNOW DEPTH       0

DEGREE DAYS
 HEATING
  YESTERDAY        8                         7      1       18
  MONTH TO DATE   98                       192    -94      211
  SINCE MAR 1   2093                      1812    281     1782
  SINCE JUL 1   8255                      7832    423     6892

 COOLING
  YESTERDAY        0                         1     -1        0
  MONTH TO DATE    7                        14     -7        7
  SINCE MAR 1      8                        18    -10        7
  SINCE JAN 1      8                        18    -10        7
..................................................................


WIND (MPH)
  HIGHEST WIND SPEED    17   HIGHEST WIND DIRECTION    NE (40)
  HIGHEST GUST SPEED    26   HIGHEST GUST DIRECTION    NE (40)
  AVERAGE WIND SPEED     8.1


SKY COVER
  POSSIBLE SUNSHINE  MM
  AVERAGE SKY COVER 0.3


WEATHER CONDITIONS
 THE FOLLOWING WEATHER WAS RECORDED YESTERDAY.
  NO SIGNIFICANT WEATHER WAS OBSERVED.


RELATIVE HUMIDITY (PERCENT)
 HIGHEST    76           400 AM
 LOWEST     22           300 PM
 AVERAGE    49

..........................................................


THE EAU CLAIRE WI CLIMATE NORMALS FOR TODAY
                         NORMAL    RECORD    YEAR
 MAXIMUM TEMPERATURE (F)   71        89      1994
                                             1992
                                             1988
 MINIMUM TEMPERATURE (F)   47        31      1997
                                             1895


SUNRISE AND SUNSET
MAY 21 2018...........SUNRISE   531 AM CDT   SUNSET   835 PM CDT
MAY 22 2018...........SUNRISE   530 AM CDT   SUNSET   836 PM CDT


-  INDICATES NEGATIVE NUMBERS.
R  INDICATES RECORD WAS SET OR TIED.
MM INDICATES DATA IS MISSING.
T  INDICATES TRACE AMOUNT.




$$
