000
CDUS43 KMPX 070034
CLIEAU


CLIMATE REPORT
NATIONAL WEATHER SERVICE CHANHASSEN MN
733 PM CDT FRI APR 6 2018


...................................

...THE EAU CLAIRE WI CLIMATE SUMMARY FOR APRIL 6 2018...
VALID TODAY AS OF 0700 PM LOCAL TIME.

CLIMATE NORMAL PERIOD 1981 TO 2010
CLIMATE RECORD PERIOD 1893 TO 2018


WEATHER ITEM   OBSERVED TIME   RECORD YEAR NORMAL DEPARTURE LAST
                VALUE   (LST)  VALUE       VALUE  FROM      YEAR
                                                  NORMAL
..................................................................
TEMPERATURE (F)
 TODAY
  MAXIMUM         30   1209 AM  88    1991  53    -23       54
  MINIMUM         16    831 AM   7    1979  30    -14       30
  AVERAGE         23                        41    -18       42

PRECIPITATION (IN)
  TODAY            T             0.90 1928   0.09  -0.09     0.00
  MONTH TO DATE    0.47                      0.47   0.00     0.47
  SINCE MAR 1      1.40                      2.20  -0.80     1.59
  SINCE JAN 1      3.86                      3.90  -0.04     5.67

SNOWFALL (IN)
  TODAY            T             9.0  1928   0.1   -0.1      0.0
  MONTH TO DATE    7.1                       0.7    6.4      0.0
  SINCE MAR 1     13.9                       9.3    4.6      4.8
  SINCE JUL 1     52.9                      45.6    7.3     53.7
  SNOW DEPTH       4

DEGREE DAYS
 HEATING
  TODAY           42                        24     18       23
  MONTH TO DATE  256                       150    106      124
  SINCE MAR 1   1355                      1194    161     1174
  SINCE JUL 1   7517                      7214    303     6284

 COOLING
  TODAY            0                         0      0        0
  MONTH TO DATE    0                         0      0        0
  SINCE MAR 1      0                         0      0        0
  SINCE JAN 1      0                         0      0        0
..................................................................


WIND (MPH)
  HIGHEST WIND SPEED    25   HIGHEST WIND DIRECTION    NW (300)
  HIGHEST GUST SPEED    38   HIGHEST GUST DIRECTION     W (290)
  AVERAGE WIND SPEED    17.9


SKY COVER
  POSSIBLE SUNSHINE  MM
  AVERAGE SKY COVER 0.4


WEATHER CONDITIONS
 THE FOLLOWING WEATHER WAS RECORDED TODAY.
  HEAVY SNOW
  SNOW
  LIGHT SNOW
  FOG
  HAZE


RELATIVE HUMIDITY (PERCENT)
 HIGHEST    71           500 AM
 LOWEST     39           200 PM
 AVERAGE    55

..........................................................


THE EAU CLAIRE WI CLIMATE NORMALS FOR TOMORROW
                         NORMAL    RECORD    YEAR
 MAXIMUM TEMPERATURE (F)   53        86      1991
 MINIMUM TEMPERATURE (F)   31        10      1936


SUNRISE AND SUNSET
APRIL  6 2018.........SUNRISE   637 AM CDT   SUNSET   740 PM CDT
APRIL  7 2018.........SUNRISE   636 AM CDT   SUNSET   741 PM CDT


-  INDICATES NEGATIVE NUMBERS.
R  INDICATES RECORD WAS SET OR TIED.
MM INDICATES DATA IS MISSING.
T  INDICATES TRACE AMOUNT.




$$
