000
CDUS43 KMPX 080650
CLIEAU


CLIMATE REPORT
NATIONAL WEATHER SERVICE CHANHASSEN MN
146 AM CDT SUN APR 8 2018


...................................

...THE EAU CLAIRE WI CLIMATE SUMMARY FOR APRIL 7 2018...

CLIMATE NORMAL PERIOD 1981 TO 2010
CLIMATE RECORD PERIOD 1893 TO 2018


WEATHER ITEM   OBSERVED TIME   RECORD YEAR NORMAL DEPARTURE LAST
                VALUE   (LST)  VALUE       VALUE  FROM      YEAR
                                                  NORMAL
..................................................................
TEMPERATURE (F)
 YESTERDAY
  MAXIMUM         28    414 PM  86    1991  53    -25       58
  MINIMUM         11   1237 AM  10    1936  31    -20       23
  AVERAGE         20                        42    -22       41

PRECIPITATION (IN)
  YESTERDAY        0.00          1.35 1923   0.08  -0.08     0.00
  MONTH TO DATE    0.47                      0.55  -0.08     0.47
  SINCE MAR 1      1.40                      2.28  -0.88     1.59
  SINCE JAN 1      3.86                      3.98  -0.12     5.67

SNOWFALL (IN)
  YESTERDAY        0.0           7.0  1923   0.1   -0.1      0.0
  MONTH TO DATE    7.1                       0.8    6.3      0.0
  SINCE MAR 1     13.9                       9.4    4.5      4.8
  SINCE JUL 1     52.9                      45.7    7.2     53.7
  SNOW DEPTH       4

DEGREE DAYS
 HEATING
  YESTERDAY       45                        23     22       24
  MONTH TO DATE  303                       173    130      148
  SINCE MAR 1   1402                      1217    185     1198
  SINCE JUL 1   7564                      7237    327     6308

 COOLING
  YESTERDAY        0                         0      0        0
  MONTH TO DATE    0                         0      0        0
  SINCE MAR 1      0                         0      0        0
  SINCE JAN 1      0                         0      0        0
..................................................................


WIND (MPH)
  HIGHEST WIND SPEED    21   HIGHEST WIND DIRECTION     W (250)
  HIGHEST GUST SPEED    28   HIGHEST GUST DIRECTION    NW (300)
  AVERAGE WIND SPEED     9.6


SKY COVER
  POSSIBLE SUNSHINE  MM
  AVERAGE SKY COVER 0.3


WEATHER CONDITIONS
 THE FOLLOWING WEATHER WAS RECORDED YESTERDAY.
  NO SIGNIFICANT WEATHER WAS OBSERVED.


RELATIVE HUMIDITY (PERCENT)
 HIGHEST    80           500 AM
 LOWEST     38           300 PM
 AVERAGE    59

..........................................................


THE EAU CLAIRE WI CLIMATE NORMALS FOR TODAY
                         NORMAL    RECORD    YEAR
 MAXIMUM TEMPERATURE (F)   54        81      1931
 MINIMUM TEMPERATURE (F)   31         9      1997


SUNRISE AND SUNSET
APRIL  8 2018.........SUNRISE   634 AM CDT   SUNSET   743 PM CDT
APRIL  9 2018.........SUNRISE   632 AM CDT   SUNSET   744 PM CDT


-  INDICATES NEGATIVE NUMBERS.
R  INDICATES RECORD WAS SET OR TIED.
MM INDICATES DATA IS MISSING.
T  INDICATES TRACE AMOUNT.




$$
