000
CDUS43 KMPX 050645
CLIEAU


CLIMATE REPORT
NATIONAL WEATHER SERVICE CHANHASSEN MN
144 AM CDT THU APR 5 2018


...................................

...THE EAU CLAIRE WI CLIMATE SUMMARY FOR APRIL 4 2018...

CLIMATE NORMAL PERIOD 1981 TO 2010
CLIMATE RECORD PERIOD 1893 TO 2018


WEATHER ITEM   OBSERVED TIME   RECORD YEAR NORMAL DEPARTURE LAST
                VALUE   (LST)  VALUE       VALUE  FROM      YEAR
                                                  NORMAL
..................................................................
TEMPERATURE (F)
 YESTERDAY
  MAXIMUM         28    456 PM  80    1921  51    -23       62
  MINIMUM         13    700 AM   6    1995  29    -16       36
  AVERAGE         21                        40    -19       49

PRECIPITATION (IN)
  YESTERDAY        T             0.69 1955   0.07  -0.07     0.13
  MONTH TO DATE    0.46                      0.30   0.16     0.47
  SINCE MAR 1      1.39                      2.03  -0.64     1.59
  SINCE JAN 1      3.85                      3.73   0.12     5.67

SNOWFALL (IN)
  YESTERDAY        T             7.5  1945   0.1   -0.1      0.0
  MONTH TO DATE    6.9                       0.5    6.4      0.0
  SINCE MAR 1     13.7                       9.1    4.6      4.8
  SINCE JUL 1     52.7                      45.4    7.3     53.7
  SNOW DEPTH       7

DEGREE DAYS
 HEATING
  YESTERDAY       44                        25     19       16
  MONTH TO DATE  170                       102     68       79
  SINCE MAR 1   1269                      1146    123     1129
  SINCE JUL 1   7431                      7166    265     6239

 COOLING
  YESTERDAY        0                         0      0        0
  MONTH TO DATE    0                         0      0        0
  SINCE MAR 1      0                         0      0        0
  SINCE JAN 1      0                         0      0        0
..................................................................


WIND (MPH)
  HIGHEST WIND SPEED    20   HIGHEST WIND DIRECTION    NW (320)
  HIGHEST GUST SPEED    28   HIGHEST GUST DIRECTION    NW (320)
  AVERAGE WIND SPEED    10.6


SKY COVER
  POSSIBLE SUNSHINE  MM
  AVERAGE SKY COVER 0.1


WEATHER CONDITIONS
 THE FOLLOWING WEATHER WAS RECORDED YESTERDAY.
  LIGHT SNOW
  FOG


RELATIVE HUMIDITY (PERCENT)
 HIGHEST    88           100 AM
 LOWEST     41          1100 AM
 AVERAGE    65

..........................................................


THE EAU CLAIRE WI CLIMATE NORMALS FOR TODAY
                         NORMAL    RECORD    YEAR
 MAXIMUM TEMPERATURE (F)   52        83      1991
 MINIMUM TEMPERATURE (F)   30        10      1926


SUNRISE AND SUNSET
APRIL  5 2018.........SUNRISE   639 AM CDT   SUNSET   739 PM CDT
APRIL  6 2018.........SUNRISE   637 AM CDT   SUNSET   740 PM CDT


-  INDICATES NEGATIVE NUMBERS.
R  INDICATES RECORD WAS SET OR TIED.
MM INDICATES DATA IS MISSING.
T  INDICATES TRACE AMOUNT.




$$
