000
CDUS43 KMPX 200624
CLIEAU


CLIMATE REPORT
NATIONAL WEATHER SERVICE CHANHASSEN MN
122 AM CDT SUN MAY 20 2018


...................................

...THE EAU CLAIRE WI CLIMATE SUMMARY FOR MAY 19 2018...

CLIMATE NORMAL PERIOD 1981 TO 2010
CLIMATE RECORD PERIOD 1893 TO 2018


WEATHER ITEM   OBSERVED TIME   RECORD YEAR NORMAL DEPARTURE LAST
                VALUE   (LST)  VALUE       VALUE  FROM      YEAR
                                                  NORMAL
..................................................................
TEMPERATURE (F)
 YESTERDAY
  MAXIMUM         70        MM  94    1934  71     -1       56
  MINIMUM         48        MM  27    1929  46      2       38
  AVERAGE         59                        58      1       47

PRECIPITATION (IN)
  YESTERDAY        0.00          2.00 1897   0.12  -0.12     0.00
  MONTH TO DATE    1.48                      2.07  -0.59     3.15
  SINCE MAR 1      4.00                      6.55  -2.55     9.21
  SINCE JAN 1      6.46                      8.25  -1.79    13.29

SNOWFALL (IN)
  YESTERDAY        0.0           T    1924   0.0    0.0      0.0
  MONTH TO DATE    0.0                       0.2   -0.2       T
  SINCE MAR 1     25.4                      10.7   14.7      5.6
  SINCE JUL 1     64.4                      47.0   17.4     54.5
  SNOW DEPTH       0

DEGREE DAYS
 HEATING
  YESTERDAY        6                         7     -1       18
  MONTH TO DATE   90                       185    -95      193
  SINCE MAR 1   2085                      1805    280     1764
  SINCE JUL 1   8247                      7825    422     6874

 COOLING
  YESTERDAY        0                         1     -1        0
  MONTH TO DATE    7                        13     -6        7
  SINCE MAR 1      8                        17     -9        7
  SINCE JAN 1      8                        17     -9        7
..................................................................


WIND (MPH)
  HIGHEST WIND SPEED    16   HIGHEST WIND DIRECTION     N (20)
  HIGHEST GUST SPEED    31   HIGHEST GUST DIRECTION     N (360)
  AVERAGE WIND SPEED     9.1


SKY COVER
  POSSIBLE SUNSHINE  MM
  AVERAGE SKY COVER 0.6


WEATHER CONDITIONS
 THE FOLLOWING WEATHER WAS RECORDED YESTERDAY.
  NO SIGNIFICANT WEATHER WAS OBSERVED.


RELATIVE HUMIDITY (PERCENT)
 HIGHEST    83           500 AM
 LOWEST     52          1200 AM
 AVERAGE    68

..........................................................


THE EAU CLAIRE WI CLIMATE NORMALS FOR TODAY
                         NORMAL    RECORD    YEAR
 MAXIMUM TEMPERATURE (F)   71        94      1934
 MINIMUM TEMPERATURE (F)   47        27      2002


SUNRISE AND SUNSET
MAY 20 2018...........SUNRISE   532 AM CDT   SUNSET   834 PM CDT
MAY 21 2018...........SUNRISE   531 AM CDT   SUNSET   835 PM CDT


-  INDICATES NEGATIVE NUMBERS.
R  INDICATES RECORD WAS SET OR TIED.
MM INDICATES DATA IS MISSING.
T  INDICATES TRACE AMOUNT.




$$
