603
CDUS43 KMPX 170034
CLIEAU


CLIMATE REPORT
NATIONAL WEATHER SERVICE CHANHASSEN MN
734 PM CDT MON APR 16 2018


...................................

...THE EAU CLAIRE WI CLIMATE SUMMARY FOR APRIL 16 2018...
VALID TODAY AS OF 0700 PM LOCAL TIME.

CLIMATE NORMAL PERIOD 1981 TO 2010
CLIMATE RECORD PERIOD 1893 TO 2018


WEATHER ITEM   OBSERVED TIME   RECORD YEAR NORMAL DEPARTURE LAST
                VALUE   (LST)  VALUE       VALUE  FROM      YEAR
                                                  NORMAL
..................................................................
TEMPERATURE (F)
 TODAY
  MAXIMUM         31    543 PM  85    2002  58    -27       64
                                      1964
  MINIMUM         24    537 AM  13    1904  35    -11       45
  AVERAGE         28                        46    -18       55

PRECIPITATION (IN)
  TODAY            0.01          1.46 2003   0.09  -0.08     0.00
  MONTH TO DATE    1.57                      1.34   0.23     2.33
  SINCE MAR 1      2.50                      3.07  -0.57     3.45
  SINCE JAN 1      4.96                      4.77   0.19     7.53

SNOWFALL (IN)
  TODAY            0.6           4.0  1910   0.1    0.5      0.0
  MONTH TO DATE   18.6                       1.4   17.2      0.8
  SINCE MAR 1     25.4                      10.0   15.4      5.6
  SINCE JUL 1     64.4                      46.3   18.1     54.5
  SNOW DEPTH       9

DEGREE DAYS
 HEATING
  TODAY           37                        19     18       10
  MONTH TO DATE  615                       360    255      279
  SINCE MAR 1   1714                      1404    310     1329
  SINCE JUL 1   7876                      7424    452     6439

 COOLING
  TODAY            0                         0      0        0
  MONTH TO DATE    0                         0      0        0
  SINCE MAR 1      0                         0      0        0
  SINCE JAN 1      0                         0      0        0
..................................................................


WIND (MPH)
  HIGHEST WIND SPEED    18   HIGHEST WIND DIRECTION    NW (310)
  HIGHEST GUST SPEED    25   HIGHEST GUST DIRECTION    NW (320)
  AVERAGE WIND SPEED    12.7


SKY COVER
  POSSIBLE SUNSHINE  MM
  AVERAGE SKY COVER 1.0


WEATHER CONDITIONS
 THE FOLLOWING WEATHER WAS RECORDED TODAY.
  LIGHT SNOW
  FOG


RELATIVE HUMIDITY (PERCENT)
 HIGHEST    88           600 AM
 LOWEST     58           200 PM
 AVERAGE    73

..........................................................


THE EAU CLAIRE WI CLIMATE NORMALS FOR TOMORROW
                         NORMAL    RECORD    YEAR
 MAXIMUM TEMPERATURE (F)   59        82      1987
 MINIMUM TEMPERATURE (F)   35        15      1983


SUNRISE AND SUNSET
APRIL 16 2018.........SUNRISE   620 AM CDT   SUNSET   753 PM CDT
APRIL 17 2018.........SUNRISE   618 AM CDT   SUNSET   754 PM CDT


-  INDICATES NEGATIVE NUMBERS.
R  INDICATES RECORD WAS SET OR TIED.
MM INDICATES DATA IS MISSING.
T  INDICATES TRACE AMOUNT.




$$
