000
CDUS43 KMPX 190627
CLIEAU


CLIMATE REPORT
NATIONAL WEATHER SERVICE CHANHASSEN MN
125 AM CDT SAT MAY 19 2018


...................................

...THE EAU CLAIRE WI CLIMATE SUMMARY FOR MAY 18 2018...

CLIMATE NORMAL PERIOD 1981 TO 2010
CLIMATE RECORD PERIOD 1893 TO 2018


WEATHER ITEM   OBSERVED TIME   RECORD YEAR NORMAL DEPARTURE LAST
                VALUE   (LST)  VALUE       VALUE  FROM      YEAR
                                                  NORMAL
..................................................................
TEMPERATURE (F)
 YESTERDAY
  MAXIMUM         81    413 PM  91    2012  70     11       60
                                      1998
                                      1972
  MINIMUM         49    459 AM  29    2002  46      3       40
  AVERAGE         65                        58      7       50

PRECIPITATION (IN)
  YESTERDAY        0.00          1.79 1938   0.11  -0.11     0.05
  MONTH TO DATE    1.48                      1.95  -0.47     3.15
  SINCE MAR 1      4.00                      6.43  -2.43     9.21
  SINCE JAN 1      6.46                      8.13  -1.67    13.29

SNOWFALL (IN)
  YESTERDAY        0.0           T    1915   0.0    0.0      0.0
  MONTH TO DATE    0.0                       0.2   -0.2       T
  SINCE MAR 1     25.4                      10.7   14.7      5.6
  SINCE JUL 1     64.4                      47.0   17.4     54.5
  SNOW DEPTH       0

DEGREE DAYS
 HEATING
  YESTERDAY        0                         8     -8       15
  MONTH TO DATE   84                       178    -94      175
  SINCE MAR 1   2079                      1798    281     1746
  SINCE JUL 1   8241                      7818    423     6856

 COOLING
  YESTERDAY        0                         1     -1        0
  MONTH TO DATE    7                        12     -5        7
  SINCE MAR 1      8                        16     -8        7
  SINCE JAN 1      8                        16     -8        7
..................................................................


WIND (MPH)
  HIGHEST WIND SPEED    20   HIGHEST WIND DIRECTION    SE (150)
  HIGHEST GUST SPEED    29   HIGHEST GUST DIRECTION    SE (140)
  AVERAGE WIND SPEED    10.3


SKY COVER
  POSSIBLE SUNSHINE  MM
  AVERAGE SKY COVER 0.3


WEATHER CONDITIONS
 THE FOLLOWING WEATHER WAS RECORDED YESTERDAY.
  NO SIGNIFICANT WEATHER WAS OBSERVED.


RELATIVE HUMIDITY (PERCENT)
 HIGHEST    56           500 AM
 LOWEST     33          1200 AM
 AVERAGE    45

..........................................................


THE EAU CLAIRE WI CLIMATE NORMALS FOR TODAY
                         NORMAL    RECORD    YEAR
 MAXIMUM TEMPERATURE (F)   71        94      1934
 MINIMUM TEMPERATURE (F)   46        27      1929


SUNRISE AND SUNSET
MAY 19 2018...........SUNRISE   533 AM CDT   SUNSET   832 PM CDT
MAY 20 2018...........SUNRISE   532 AM CDT   SUNSET   834 PM CDT


-  INDICATES NEGATIVE NUMBERS.
R  INDICATES RECORD WAS SET OR TIED.
MM INDICATES DATA IS MISSING.
T  INDICATES TRACE AMOUNT.




$$
