000
CDUS43 KMPX 152201
CLIEAU


CLIMATE REPORT
NATIONAL WEATHER SERVICE CHANHASSEN MN
500 PM CDT SUN APR 15 2018


...................................

...THE EAU CLAIRE WI CLIMATE SUMMARY FOR APRIL 15 2018...
VALID TODAY AS OF 0500 PM LOCAL TIME.

CLIMATE NORMAL PERIOD 1981 TO 2010
CLIMATE RECORD PERIOD 1893 TO 2018


WEATHER ITEM   OBSERVED TIME   RECORD YEAR NORMAL DEPARTURE LAST
                VALUE   (LST)  VALUE       VALUE  FROM      YEAR
                                                  NORMAL
..................................................................
TEMPERATURE (F)
 TODAY
  MAXIMUM         26    259 PM  91    2002  58    -32       67
  MINIMUM         22    826 AM  10    1928  34    -12       52
  AVERAGE         24                        46    -22       60

PRECIPITATION (IN)
  TODAY           MM             2.31 1973   0.09  MM        1.23
  MONTH TO DATE    1.34                      1.25   0.09     2.33
  SINCE MAR 1      2.27                      2.98  -0.71     3.45
  SINCE JAN 1      4.73                      4.68   0.05     7.53

SNOWFALL (IN)
  TODAY           MM             4.0  1904   T     MM        0.0
  MONTH TO DATE   14.2                       1.3   12.9      0.8
  SINCE MAR 1     21.0                       9.9   11.1      5.6
  SINCE JUL 1     60.0                      46.2   13.8     54.5
  SNOW DEPTH       7

DEGREE DAYS
 HEATING
  TODAY           41                        19     22        5
  MONTH TO DATE  578                       341    237      269
  SINCE MAR 1   1677                      1385    292     1319
  SINCE JUL 1   7839                      7405    434     6429

 COOLING
  TODAY            0                         0      0        0
  MONTH TO DATE    0                         0      0        0
  SINCE MAR 1      0                         0      0        0
  SINCE JAN 1      0                         0      0        0
..................................................................


WIND (MPH)
  HIGHEST WIND SPEED    17   HIGHEST WIND DIRECTION    NE (40)
  HIGHEST GUST SPEED    28   HIGHEST GUST DIRECTION    NE (30)
  AVERAGE WIND SPEED    11.4


SKY COVER
  POSSIBLE SUNSHINE  MM
  AVERAGE SKY COVER 1.0


WEATHER CONDITIONS
 THE FOLLOWING WEATHER WAS RECORDED TODAY.
  LIGHT SNOW
  FOG


RELATIVE HUMIDITY (PERCENT)
 HIGHEST    92           100 AM
 LOWEST     75          1200 PM
 AVERAGE    84

..........................................................


THE EAU CLAIRE WI CLIMATE NORMALS FOR TOMORROW
                         NORMAL    RECORD    YEAR
 MAXIMUM TEMPERATURE (F)   58        85      2002
                                             1964
 MINIMUM TEMPERATURE (F)   35        13      1904


SUNRISE AND SUNSET
APRIL 15 2018.........SUNRISE   621 AM CDT   SUNSET   751 PM CDT
APRIL 16 2018.........SUNRISE   620 AM CDT   SUNSET   753 PM CDT


-  INDICATES NEGATIVE NUMBERS.
R  INDICATES RECORD WAS SET OR TIED.
MM INDICATES DATA IS MISSING.
T  INDICATES TRACE AMOUNT.




$$
