000
CDUS43 KMPX 160624
CLIEAU


CLIMATE REPORT
NATIONAL WEATHER SERVICE CHANHASSEN MN
124 AM CDT WED MAY 16 2018


...................................

...THE EAU CLAIRE WI CLIMATE SUMMARY FOR MAY 15 2018...

CLIMATE NORMAL PERIOD 1981 TO 2010
CLIMATE RECORD PERIOD 1893 TO 2018


WEATHER ITEM   OBSERVED TIME   RECORD YEAR NORMAL DEPARTURE LAST
                VALUE   (LST)  VALUE       VALUE  FROM      YEAR
                                                  NORMAL
..................................................................
TEMPERATURE (F)
 YESTERDAY
  MAXIMUM         76    453 PM  93    1998  70      6       75
  MINIMUM         47   1140 PM  27    2016  45      2       53
  AVERAGE         62                        57      5       64

PRECIPITATION (IN)
  YESTERDAY        0.00          2.06 1968   0.11  -0.11     0.27
  MONTH TO DATE    1.40                      1.61  -0.21     0.94
  SINCE MAR 1      3.92                      6.09  -2.17     7.00
  SINCE JAN 1      6.38                      7.79  -1.41    11.08

SNOWFALL (IN)
  YESTERDAY        0.0           T    1927   0.0    0.0      0.0
                                      1921
  MONTH TO DATE    0.0                       0.2   -0.2       T
  SINCE MAR 1     25.4                      10.7   14.7      5.6
  SINCE JUL 1     64.4                      47.0   17.4     54.5
  SNOW DEPTH       0

DEGREE DAYS
 HEATING
  YESTERDAY        3                         8     -5        1
  MONTH TO DATE   83                       154    -71      160
  SINCE MAR 1   2078                      1774    304     1731
  SINCE JUL 1   8240                      7794    446     6841

 COOLING
  YESTERDAY        0                         1     -1        0
  MONTH TO DATE    4                         9     -5        1
  SINCE MAR 1      5                        13     -8        1
  SINCE JAN 1      5                        13     -8        1
..................................................................


WIND (MPH)
  HIGHEST WIND SPEED    14   HIGHEST WIND DIRECTION     E (70)
  HIGHEST GUST SPEED    21   HIGHEST GUST DIRECTION    NE (50)
  AVERAGE WIND SPEED     4.4


SKY COVER
  POSSIBLE SUNSHINE  MM
  AVERAGE SKY COVER 0.0


WEATHER CONDITIONS
 THE FOLLOWING WEATHER WAS RECORDED YESTERDAY.
  FOG


RELATIVE HUMIDITY (PERCENT)
 HIGHEST   100          1200 AM
 LOWEST     23           500 PM
 AVERAGE    62

..........................................................


THE EAU CLAIRE WI CLIMATE NORMALS FOR TODAY
                         NORMAL    RECORD    YEAR
 MAXIMUM TEMPERATURE (F)   70        92      1936
 MINIMUM TEMPERATURE (F)   45        28      1956


SUNRISE AND SUNSET
MAY 16 2018...........SUNRISE   536 AM CDT   SUNSET   829 PM CDT
MAY 17 2018...........SUNRISE   535 AM CDT   SUNSET   830 PM CDT


-  INDICATES NEGATIVE NUMBERS.
R  INDICATES RECORD WAS SET OR TIED.
MM INDICATES DATA IS MISSING.
T  INDICATES TRACE AMOUNT.




$$
