000
CDUS43 KMPX 070638
CLIEAU


CLIMATE REPORT
NATIONAL WEATHER SERVICE CHANHASSEN MN
137 AM CDT MON MAY 7 2018


...................................

...THE EAU CLAIRE WI CLIMATE SUMMARY FOR MAY 6 2018...

CLIMATE NORMAL PERIOD 1981 TO 2010
CLIMATE RECORD PERIOD 1893 TO 2018


WEATHER ITEM   OBSERVED TIME   RECORD YEAR NORMAL DEPARTURE LAST
                VALUE   (LST)  VALUE       VALUE  FROM      YEAR
                                                  NORMAL
..................................................................
TEMPERATURE (F)
 YESTERDAY
  MAXIMUM         74    317 PM  92    1934  67      7       65
  MINIMUM         46    418 AM  22    1989  42      4       42
                                      1954
  AVERAGE         60                        55      5       54

PRECIPITATION (IN)
  YESTERDAY        0.00          1.20 1932   0.11  -0.11     0.00
  MONTH TO DATE    0.46                      0.65  -0.19     0.59
  SINCE MAR 1      2.98                      5.13  -2.15     6.65
  SINCE JAN 1      5.44                      6.83  -1.39    10.73

SNOWFALL (IN)
  YESTERDAY        0.0           T    1989   0.0    0.0      0.0
                                      1960
  MONTH TO DATE    0.0                       0.1   -0.1       T
  SINCE MAR 1     25.4                      10.6   14.8      5.6
  SINCE JUL 1     64.4                      46.9   17.5     54.5
  SNOW DEPTH       0

DEGREE DAYS
 HEATING
  YESTERDAY        5                        11     -6       11
  MONTH TO DATE   13                        69    -56       95
  SINCE MAR 1   2008                      1689    319     1666
  SINCE JUL 1   8170                      7709    461     6776

 COOLING
  YESTERDAY        0                         0      0        0
  MONTH TO DATE    3                         0      3        0
  SINCE MAR 1      4                         4      0        0
  SINCE JAN 1      4                         4      0        0
..................................................................


WIND (MPH)
  HIGHEST WIND SPEED    16   HIGHEST WIND DIRECTION     N (340)
  HIGHEST GUST SPEED    26   HIGHEST GUST DIRECTION     N (350)
  AVERAGE WIND SPEED     5.4


SKY COVER
  POSSIBLE SUNSHINE  MM
  AVERAGE SKY COVER 0.1


WEATHER CONDITIONS
 THE FOLLOWING WEATHER WAS RECORDED YESTERDAY.
  FOG


RELATIVE HUMIDITY (PERCENT)
 HIGHEST   100           400 AM
 LOWEST     23           200 PM
 AVERAGE    62

..........................................................


THE EAU CLAIRE WI CLIMATE NORMALS FOR TODAY
                         NORMAL    RECORD    YEAR
 MAXIMUM TEMPERATURE (F)   67        91      1934
 MINIMUM TEMPERATURE (F)   43        28      1929


SUNRISE AND SUNSET
MAY  7 2018...........SUNRISE   547 AM CDT   SUNSET   819 PM CDT
MAY  8 2018...........SUNRISE   546 AM CDT   SUNSET   820 PM CDT


-  INDICATES NEGATIVE NUMBERS.
R  INDICATES RECORD WAS SET OR TIED.
MM INDICATES DATA IS MISSING.
T  INDICATES TRACE AMOUNT.




$$
