025
CDUS43 KMPX 181245
CLIEAU


CLIMATE REPORT
NATIONAL WEATHER SERVICE CHANHASSEN MN
745 AM CDT WED APR 18 2018


...................................

...THE EAU CLAIRE WI CLIMATE SUMMARY FOR APRIL 17 2018...

CLIMATE NORMAL PERIOD 1981 TO 2010
CLIMATE RECORD PERIOD 1893 TO 2018


WEATHER ITEM   OBSERVED TIME   RECORD YEAR NORMAL DEPARTURE LAST
                VALUE   (LST)  VALUE       VALUE  FROM      YEAR
                                                  NORMAL
..................................................................
TEMPERATURE (F)
 YESTERDAY
  MAXIMUM         41    515 PM  82    1987  59    -18       60
  MINIMUM         26    133 AM  15    1983  35     -9       41
  AVERAGE         34                        47    -13       51

PRECIPITATION (IN)
  YESTERDAY        0.00          1.35 1959   0.09  -0.09     0.00
  MONTH TO DATE    1.57                      1.43   0.14     2.33
  SINCE MAR 1      2.50                      3.16  -0.66     3.45
  SINCE JAN 1      4.96                      4.86   0.10     7.53

SNOWFALL (IN)
  YESTERDAY        0.0           2.0  1910   T      0.0      0.0
  MONTH TO DATE   18.6                       1.4   17.2      0.8
  SINCE MAR 1     25.4                      10.0   15.4      5.6
  SINCE JUL 1     64.4                      46.3   18.1     54.5
  SNOW DEPTH      MM

DEGREE DAYS
 HEATING
  YESTERDAY       31                        18     13       14
  MONTH TO DATE  646                       378    268      293
  SINCE MAR 1   1745                      1422    323     1343
  SINCE JUL 1   7907                      7442    465     6453

 COOLING
  YESTERDAY        0                         0      0        0
  MONTH TO DATE    0                         0      0        0
  SINCE MAR 1      0                         0      0        0
  SINCE JAN 1      0                         0      0        0
..................................................................


WIND (MPH)
  HIGHEST WIND SPEED    15   HIGHEST WIND DIRECTION    NE (60)
  HIGHEST GUST SPEED    21   HIGHEST GUST DIRECTION    NE (30)
  AVERAGE WIND SPEED     8.3


SKY COVER
  POSSIBLE SUNSHINE  MM
  AVERAGE SKY COVER 0.6


WEATHER CONDITIONS
 THE FOLLOWING WEATHER WAS RECORDED YESTERDAY.
  NO SIGNIFICANT WEATHER WAS OBSERVED.


RELATIVE HUMIDITY (PERCENT)
 HIGHEST    75           100 AM
 LOWEST     46           500 PM
 AVERAGE    61

..........................................................


THE EAU CLAIRE WI CLIMATE NORMALS FOR TODAY
                         NORMAL    RECORD    YEAR
 MAXIMUM TEMPERATURE (F)   59        88      1987
 MINIMUM TEMPERATURE (F)   35        19      1983
                                             1953
                                             1907


SUNRISE AND SUNSET
APRIL 18 2018.........SUNRISE   616 AM CDT   SUNSET   755 PM CDT
APRIL 19 2018.........SUNRISE   615 AM CDT   SUNSET   756 PM CDT


-  INDICATES NEGATIVE NUMBERS.
R  INDICATES RECORD WAS SET OR TIED.
MM INDICATES DATA IS MISSING.
T  INDICATES TRACE AMOUNT.




$$
