000
CDUS43 KMPX 230629
CLIEAU


CLIMATE REPORT
NATIONAL WEATHER SERVICE CHANHASSEN MN
128 AM CDT MON APR 23 2018


...................................

...THE EAU CLAIRE WI CLIMATE SUMMARY FOR APRIL 22 2018...

CLIMATE NORMAL PERIOD 1981 TO 2010
CLIMATE RECORD PERIOD 1893 TO 2018


WEATHER ITEM   OBSERVED TIME   RECORD YEAR NORMAL DEPARTURE LAST
                VALUE   (LST)  VALUE       VALUE  FROM      YEAR
                                                  NORMAL
..................................................................
TEMPERATURE (F)
 YESTERDAY
  MAXIMUM         65    356 PM  90    1980  61      4       67
  MINIMUM         27    519 AM  19    1986  37    -10       30
  AVERAGE         46                        49     -3       49

PRECIPITATION (IN)
  YESTERDAY        0.00          0.90 1925   0.09  -0.09     0.00
  MONTH TO DATE    1.57                      1.90  -0.33     3.55
  SINCE MAR 1      2.50                      3.63  -1.13     4.67
  SINCE JAN 1      4.96                      5.33  -0.37     8.75

SNOWFALL (IN)
  YESTERDAY        0.0           4.9  2002   0.1   -0.1      0.0
  MONTH TO DATE   18.6                       1.7   16.9      0.8
  SINCE MAR 1     25.4                      10.3   15.1      5.6
  SINCE JUL 1     64.4                      46.6   17.8     54.5
  SNOW DEPTH       T

DEGREE DAYS
 HEATING
  YESTERDAY       19                        16      3       16
  MONTH TO DATE  773                       462    311      379
  SINCE MAR 1   1872                      1506    366     1429
  SINCE JUL 1   8034                      7526    508     6539

 COOLING
  YESTERDAY        0                         0      0        0
  MONTH TO DATE    0                         0      0        0
  SINCE MAR 1      0                         0      0        0
  SINCE JAN 1      0                         0      0        0
..................................................................


WIND (MPH)
  HIGHEST WIND SPEED    14   HIGHEST WIND DIRECTION     E (110)
  HIGHEST GUST SPEED    26   HIGHEST GUST DIRECTION     E (110)
  AVERAGE WIND SPEED     4.5


SKY COVER
  POSSIBLE SUNSHINE  MM
  AVERAGE SKY COVER 0.0


WEATHER CONDITIONS
 THE FOLLOWING WEATHER WAS RECORDED YESTERDAY.
  FOG


RELATIVE HUMIDITY (PERCENT)
 HIGHEST    92           300 AM
 LOWEST     28           400 PM
 AVERAGE    60

..........................................................


THE EAU CLAIRE WI CLIMATE NORMALS FOR TODAY
                         NORMAL    RECORD    YEAR
 MAXIMUM TEMPERATURE (F)   62        86      1960
 MINIMUM TEMPERATURE (F)   37        18      1893


SUNRISE AND SUNSET
APRIL 23 2018.........SUNRISE   608 AM CDT   SUNSET   801 PM CDT
APRIL 24 2018.........SUNRISE   606 AM CDT   SUNSET   803 PM CDT


-  INDICATES NEGATIVE NUMBERS.
R  INDICATES RECORD WAS SET OR TIED.
MM INDICATES DATA IS MISSING.
T  INDICATES TRACE AMOUNT.




$$
