000
CXUS53 KMPX 011335
CLMEAU
CLIMATE REPORT
NATIONAL WEATHER SERVICE TWIN CITIES/CHANHASSEN MN
835 AM CDT SAT JUL 01 2023
...................................
...THE EAU CLAIRE WI CLIMATE SUMMARY FOR THE MONTH OF JUNE 2023...
CLIMATE NORMAL PERIOD 1991 TO 2020
CLIMATE RECORD PERIOD 1893 TO 2023
WEATHER OBSERVED NORMAL DEPART LAST YEAR`S
VALUE DATE(S) VALUE FROM VALUE DATE(S)
NORMAL
................................................................
TEMPERATURE (F)
RECORD
HIGH 105 06/01/1934
LOW 25 06/01/1897
HIGHEST 92 06/01 90 2 96 06/20
06/03
06/23
LOWEST 40 06/12 49 -9 40 06/04
AVG. MAXIMUM 84.1 78.7 5.4 79.9
AVG. MINIMUM 56.9 55.5 1.4 55.9
MEAN 70.5 67.1 3.4 67.9
DAYS MAX >= 90 6 2.3 3.7 4
DAYS MAX <= 32 0 0.0 0.0 0
DAYS MIN <= 32 0 0.0 0.0 0
DAYS MIN <= 0 0 0.0 0.0 0
PRECIPITATION (INCHES)
RECORD
MAXIMUM 10.42 1990
MINIMUM 0.59 1910
TOTALS 1.53 4.83 -3.30 2.51
DAILY AVG. 0.05 0.16 -0.11 0.08
DAYS >= .01 8 12.3 -4.3 10
DAYS >= .10 4 8.7 -4.7 5
DAYS >= .50 1 3.3 -2.3 2
DAYS >= 1.00 0 1.0 -1.0 0
GREATEST
24 HR. TOTAL 0.52 06/10 TO 06/10
SNOWFALL (INCHES)
RECORDS
TOTAL 0.0 MM
TOTALS 0.0 0.0 0.0 0.0
SINCE 7/1 75.2 55.4 19.8 MM
SNOWDEPTH AVG. 0 0
DAYS >= 1.0 0 0.0 0.0 0
GREATEST
SNOW DEPTH 0 0 MM
24 HR TOTAL 0.0
DEGREE DAYS
HEATING TOTAL 26 57 -31 42
SINCE 7/1 7552 7926 -374 MM
COOLING TOTAL 199 120 79 138
SINCE 1/1 240 150 90 MM
................................................................
WIND (MPH)
AVERAGE WIND SPEED 6.2
HIGHEST WIND SPEED/DIRECTION 25/060 DATE 06/02
25/350 06/10
HIGHEST GUST SPEED/DIRECTION 43/350 DATE 06/10
SKY COVER
POSSIBLE SUNSHINE (PERCENT) MM
AVERAGE SKY COVER 0.30
NUMBER OF DAYS FAIR 18
NUMBER OF DAYS PC 10
NUMBER OF DAYS CLOUDY 2
AVERAGE RH (PERCENT) 62
WEATHER CONDITIONS. NUMBER OF DAYS WITH
THUNDERSTORM 9 MIXED PRECIP 0
HEAVY RAIN 2 RAIN 5
LIGHT RAIN 11 FREEZING RAIN 0
LT FREEZING RAIN 0 HAIL 0
HEAVY SNOW 0 SNOW 0
LIGHT SNOW 0 SLEET 0
FOG 12 FOG W/VIS <= 1/4 MILE 1
HAZE 9
- INDICATES NEGATIVE NUMBERS.
R INDICATES RECORD WAS SET OR TIED.
MM INDICATES DATA IS MISSING.
T INDICATES TRACE AMOUNT.
$$