000
CXUS53 KMPX 010652
CLMEAU


CLIMATE REPORT
NATIONAL WEATHER SERVICE CHANHASSEN MN
150 AM CDT TUE MAY 1 2018

...................................

...THE EAU CLAIRE WI CLIMATE SUMMARY FOR THE MONTH OF APRIL 2018...

CLIMATE NORMAL PERIOD 1981 TO 2010
CLIMATE RECORD PERIOD 1893 TO 2018

WEATHER         OBSERVED          NORMAL  DEPART  LAST YEAR`S
                 VALUE   DATE(S)  VALUE   FROM    VALUE  DATE(S)
                                          NORMAL
................................................................
TEMPERATURE (F)
RECORD
 HIGH              91   04/15/2002
 LOW                0   04/01/1924
HIGHEST            83   04/30        68      15       73  04/25
LOWEST              4   04/08        27     -23       23  04/07
AVG. MAXIMUM     46.5              57.7   -11.2     58.0
AVG. MINIMUM     23.1              34.2   -11.1     36.7
MEAN             34.8              46.0   -11.2     47.4
DAYS MAX >= 90      0               0.0     0.0        0
DAYS MAX <= 32      8               0.4     7.6        0
DAYS MIN <= 32     27              12.2    14.8       13
DAYS MIN <= 0       0               0.0     0.0        0

PRECIPITATION (INCHES)
RECORD
 MAXIMUM         6.11   1954
 MINIMUM         0.51   1905
TOTALS           1.59              2.75   -1.16     4.94
DAILY AVG.       0.05              0.09   -0.04     0.16
DAYS >= .01         8              11.0    -3.0       16
DAYS >= .10         5               6.3    -1.3       10
DAYS >= .50         1               1.7    -0.7        4
DAYS >= 1.00        0               0.4    -0.4        1
GREATEST
 24 HR. TOTAL    0.63   04/14 TO 04/14

SNOWFALL (INCHES)
RECORDS
 TOTAL           15.0   1945
TOTALS           18.6R              1.9    16.7      0.8
SINCE 7/1        64.4              46.8    17.6     54.5
SNOWDEPTH AVG.      3                MM      MM        0
DAYS >= 1.0         5               0.7     4.3        0
GREATEST
 SNOW DEPTH         9R  04/16                          1  04/11
 24 HR TOTAL      5.8   04/14 TO 04/14

DEGREE_DAYS
HEATING TOTAL     896               576     320      521
 SINCE 7/1       8157              7640     517     6681
COOLING TOTAL       1                 4      -3        0
 SINCE 1/1          1                 4      -3        0
.................................................................

WIND (MPH)
AVERAGE WIND SPEED              7.9
HIGHEST WIND SPEED/DIRECTION    31/070    DATE  04/14
HIGHEST GUST SPEED/DIRECTION    47/040    DATE  04/14

SKY COVER
POSSIBLE SUNSHINE (PERCENT)   MM
AVERAGE SKY COVER           0.40
NUMBER OF DAYS FAIR           17
NUMBER OF DAYS PC              6
NUMBER OF DAYS CLOUDY          7

AVERAGE RH (PERCENT)     63

WEATHER CONDITIONS. NUMBER OF DAYS WITH
  0
  0
  0
  0
  6
  0
  2
HAZE                      6

-  INDICATES NEGATIVE NUMBERS.
R  INDICATES RECORD WAS SET OR TIED.
MM INDICATES DATA IS MISSING.
T  INDICATES TRACE AMOUNT.

$$

TIED FOR COLDEST APRIL ON RECORD.
