000
CXUS53 KEAX 010836
CF6EAX
PRELIMINARY LOCAL CLIMATOLOGICAL DATA (WS FORM: F-6)
STATION: PLEASANT HILL NWS MO
MONTH: NOVEMBER
YEAR: 2021
LATITUDE: 38 48 N
LONGITUDE: 94 16 W
TEMPERATURE IN F: :PCPN: SNOW: WIND :SUNSHINE: SKY :PK WND
================================================================================
1 2 3 4 5 6A 6B 7 8 9 10 11 12 13 14 15 16 17 18
12Z AVG MX 2MIN
DY MAX MIN AVG DEP HDD CDD WTR SNW DPTH SPD SPD DIR MIN PSBL S-S WX SPD DR
================================================================================
1 44 37 41 -9 24 0 T 0.0 0 M M M M M M M M
2 49 34 42 -8 23 0 0.00 0.0 0 M M M M M M M M
3 51 30 41 -9 24 0 0.00 0.0 0 M M M M M M M M
4 52 34 43 -6 22 0 0.00 0.0 0 M M M M M M M M
5 57 35 46 -3 19 0 0.00 0.0 0 M M M M M M M M
6 65 36 51 3 14 0 0.00 0.0 0 M M M M M M M M
7 70 41 56 8 9 0 0.00 0.0 0 M M M M M M M M
8 72 52 62 14 3 0 0.00 0.0 0 M M M M M M M M
9 66 51 59 12 6 0 0.00 0.0 0 M M M M M M M M
10 67 51 59 12 6 0 0.76 0.0 0 M M M M M M 3 M M
11 56 41 49 3 16 0 T T 0 M M M M M M 5 M M
12 44 32 38 -8 27 0 T T 0 M M M M M M M M
13 46 26 36 -9 29 0 T 0.0 0 M M M M M M M M
14 53 41 47 2 18 0 0.06 0.0 0 M M M M M M M M
15 66 41 54 10 11 0 0.00 0.0 0 M M M M M M M M
16 73 43 58 14 7 0 0.00 0.0 0 M M M M M M M M
17 64 40 52 8 13 0 T 0.0 0 M M M M M M M M
18 48 30 39 -4 26 0 0.00 0.0 0 M M M M M M M M
19 50 26 38 -5 27 0 0.00 0.0 0 M M M M M M M M
20 57 37 47 5 18 0 0.00 0.0 0 M M M M M M M M
21 57 35 46 4 19 0 0.00 0.0 0 M M M M M M M M
22 48 28 38 -4 27 0 0.00 0.0 0 M M M M M M M M
23 63 30 47 6 18 0 0.00 0.0 0 M M M M M M M M
24 62 40 51 10 14 0 0.13 0.0 0 M M M M M M M M
25 40 23 32 -8 33 0 0.00 0.0 0 M M M M M M M M
26 54 21 38 -2 27 0 0.00 0.0 0 M M M M M M M M
27 64 40 52 12 13 0 0.00 0.0 0 M M M M M M M M
28 52 33 43 4 22 0 0.00 0.0 0 M M M M M M M M
29 65 34 50 11 15 0 0.00 0.0 0 M M M M M M M M
30 53 44 49 10 16 0 0.00 0.0 0 M M M M M M M M
================================================================================
SM 1708 1086 546 0 0.95 T M M M
================================================================================
AV 56.9 36.2 M FASTST M M M MAX(MPH)
MISC ----> M M M M
================================================================================
NOTES:
# LAST OF SEVERAL OCCURRENCES
COLUMN 17 PEAK WIND IN M.P.H.
PRELIMINARY LOCAL CLIMATOLOGICAL DATA (WS FORM: F-6) , PAGE 2
STATION: PLEASANT HILL NWS MO
MONTH: NOVEMBER
YEAR: 2021
LATITUDE: 38 48 N
LONGITUDE: 94 16 W
[TEMPERATURE DATA] [PRECIPITATION DATA] SYMBOLS USED IN COLUMN 16
AVERAGE MONTHLY: 46.6 TOTAL FOR MONTH: 0.95 1 = FOG OR MIST
DPTR FM NORMAL: 2.2 DPTR FM NORMAL: -1.45 2 = FOG REDUCING VISIBILITY
HIGHEST: 73 ON 16 GRTST 24HR 0.76 ON 10-10 TO 1/4 MILE OR LESS
LOWEST: 21 ON 26 3 = THUNDER
SNOW, ICE PELLETS, HAIL 4 = ICE PELLETS
TOTAL MONTH: T 5 = HAIL
GRTST 24HR T ON 11-11 6 = FREEZING RAIN OR DRIZZLE
GRTST DEPTH: 0 7 = DUSTSTORM OR SANDSTORM:
VSBY 1/2 MILE OR LESS
8 = SMOKE OR HAZE
[NO. OF DAYS WITH] [WEATHER - DAYS WITH] 9 = BLOWING SNOW
X = TORNADO
MAX 32 OR BELOW: 0 0.01 INCH OR MORE: 3
MAX 90 OR ABOVE: 0 0.10 INCH OR MORE: 2
MIN 32 OR BELOW: 9 0.50 INCH OR MORE: 1
MIN 0 OR BELOW: 0 1.00 INCH OR MORE: 0
[HDD (BASE 65) ]
TOTAL THIS MO. 546 CLEAR (SCALE 0-3) 0
DPTR FM NORMAL -73 PTCLDY (SCALE 4-7) 0
TOTAL FM JUL 1 754 CLOUDY (SCALE 8-10) 30
DPTR FM NORMAL -192
[CDD (BASE 65) ]
TOTAL THIS MO. 0
DPTR FM NORMAL -1 [PRESSURE DATA]
TOTAL FM JAN 1 1455 HIGHEST SLP M ON M
DPTR FM NORMAL 68 LOWEST SLP M ON M
[REMARKS]
#FINAL-11-21#