000
CXUS53 KEAX 010836
CF6EAX
PRELIMINARY LOCAL CLIMATOLOGICAL DATA (WS FORM: F-6)
STATION: PLEASANT HILL NWS MO
MONTH: FEBRUARY
YEAR: 2024
LATITUDE: 38 48 N
LONGITUDE: 94 16 W
TEMPERATURE IN F: :PCPN: SNOW: WIND :SUNSHINE: SKY :PK WND
================================================================================
1 2 3 4 5 6A 6B 7 8 9 10 11 12 13 14 15 16 17 18
12Z AVG MX 2MIN
DY MAX MIN AVG DEP HDD CDD WTR SNW DPTH SPD SPD DIR MIN PSBL S-S WX SPD DR
================================================================================
1 63 40 52 21 13 0 T 0.0 0 M M M M M M M M
2 68 42 55 24 10 0 0.00 0.0 0 M M M M M M M M
3 59 41 50 19 15 0 T 0.0 0 M M M M M M M M
4 48 38 43 12 22 0 0.39 0.0 0 M M M M M M M M
5 54 32 43 11 22 0 0.00 0.0 0 M M M M M M M M
6 59 28 44 12 21 0 0.00 0.0 0 M M M M M M M M
7 63 41 52 20 13 0 0.00 0.0 0 M M M M M M M M
8 67 47 57 25 8 0 0.00 0.0 0 M M M M M M M M
9 61 39 50 18 15 0 0.00 0.0 0 M M M M M M M M
10 44 31 38 5 27 0 0.00 0.0 0 M M M M M M M M
11 41 30 36 3 29 0 0.00 0.0 0 M M M M M M M M
12 51 28 40 7 25 0 0.00 0.0 0 M M M M M M M M
13 63 33 48 14 17 0 0.00 0.0 0 M M M M M M M M
14 65 34 50 16 15 0 0.00 0.0 0 M M M M M M M M
15 54 36 45 11 20 0 0.00 0.0 0 M M M M M M M M
16 38 23 31 -4 34 0 0.06 0.7 T M M M M M M M M
17 32 9 21 -14 44 0 0.00 0.0 T M M M M M M M M
18 53 23 38 3 27 0 0.00 0.0 0 M M M M M M M M
19 55 28 42 6 23 0 0.00 0.0 0 M M M M M M M M
20 66 31 49 13 16 0 0.00 0.0 0 M M M M M M M M
21 68 42 55 19 10 0 0.00 0.0 0 M M M M M M M M
22 66 45 56 19 9 0 0.00 0.0 0 M M M M M M M M
23 63 37 50 13 15 0 0.00 0.0 0 M M M M M M M M
24 57 31 44 7 21 0 0.00 0.0 0 M M M M M M M M
25 73 41 57 19 8 0 0.00 0.0 0 M M M M M M M M
26 77 44 61 23 4 0 0.00 0.0 0 M M M M M M M M
27 78 23 51 13 14 0 0.01 T 0 M M M M M M 4 M M
28 37 15 26 -13 39 0 0.00 0.0 0 M M M M M M M M
29 55 24 40 1 25 0 0.00 0.0 0 M M M M M M M M
================================================================================
SM 1678 956 561 0 0.46 0.7 M M M
================================================================================
AV 57.9 33.0 M FASTST M M M MAX(MPH)
MISC ----> M M M M
================================================================================
NOTES:
# LAST OF SEVERAL OCCURRENCES
COLUMN 17 PEAK WIND IN M.P.H.
PRELIMINARY LOCAL CLIMATOLOGICAL DATA (WS FORM: F-6) , PAGE 2
STATION: PLEASANT HILL NWS MO
MONTH: FEBRUARY
YEAR: 2024
LATITUDE: 38 48 N
LONGITUDE: 94 16 W
[TEMPERATURE DATA] [PRECIPITATION DATA] SYMBOLS USED IN COLUMN 16
AVERAGE MONTHLY: 45.4 TOTAL FOR MONTH: 0.46 1 = FOG OR MIST
DPTR FM NORMAL: 11.0 DPTR FM NORMAL: -1.35 2 = FOG REDUCING VISIBILITY
HIGHEST: 78 ON 27 GRTST 24HR 0.39 ON 4- 4 TO 1/4 MILE OR LESS
LOWEST: 9 ON 17 3 = THUNDER
SNOW, ICE PELLETS, HAIL 4 = ICE PELLETS
TOTAL MONTH: 0.7 INCH 5 = HAIL
GRTST 24HR 0.7 ON 16-16 6 = FREEZING RAIN OR DRIZZLE
GRTST DEPTH: T 7 = DUSTSTORM OR SANDSTORM:
VSBY 1/2 MILE OR LESS
8 = SMOKE OR HAZE
[NO. OF DAYS WITH] [WEATHER - DAYS WITH] 9 = BLOWING SNOW
X = TORNADO
MAX 32 OR BELOW: 1 0.01 INCH OR MORE: 3
MAX 90 OR ABOVE: 0 0.10 INCH OR MORE: 1
MIN 32 OR BELOW: 14 0.50 INCH OR MORE: 0
MIN 0 OR BELOW: 0 1.00 INCH OR MORE: 0
[HDD (BASE 65) ]
TOTAL THIS MO. 561 CLEAR (SCALE 0-3) 0
DPTR FM NORMAL -297 PTCLDY (SCALE 4-7) 0
TOTAL FM JUL 1 3287 CLOUDY (SCALE 8-10) 29
DPTR FM NORMAL -619
[CDD (BASE 65) ]
TOTAL THIS MO. 0
DPTR FM NORMAL 0 [PRESSURE DATA]
TOTAL FM JAN 1 0 HIGHEST SLP M ON M
DPTR FM NORMAL 0 LOWEST SLP M ON M
[REMARKS]
#FINAL-02-24#