000
CXUS51 KAKQ 010833
CF6ECG
PRELIMINARY LOCAL CLIMATOLOGICAL DATA (WS FORM: F-6)
STATION: ELIZABETH CITY NC
MONTH: JUNE
YEAR: 2020
LATITUDE: 36 16 N
LONGITUDE: 76 11 W
TEMPERATURE IN F: :PCPN: SNOW: WIND :SUNSHINE: SKY :PK WND
================================================================================
1 2 3 4 5 6A 6B 7 8 9 10 11 12 13 14 15 16 17 18
12Z AVG MX 2MIN
DY MAX MIN AVG DEP HDD CDD WTR SNW DPTH SPD SPD DIR MIN PSBL S-S WX SPD DR
================================================================================
1 71 54 63 -9 2 0 0.00 0.0 0 7.5 20 40 M M 1 24 50
2 83 56 70 -2 0 5 0.00 0.0 0 11.6 21 210 M M 3 28 220
3 91 71 81 9 0 16 0.00 0.0 0 13.3 23 230 M M 0 27 240
4 92 73 83 10 0 18 0.00 0.0 0 11.8 21 200 M M 0 27 180
5 89 73 81 8 0 16 0.00 0.0 0 10.8 22 180 M M 2 30 200
6 88 74 81 8 0 16 T 0.0 0 8.3 21 10 M M 4 3 25 10
7 83 65 74 0 0 9 0.72 0.0 0 7.5 18 30 M M 3 13 24 280
8 85 62 74 0 0 9 0.00 0.0 0 4.3 13 150 M M 1 16 150
9 89 67 78 4 0 13 0.00 0.0 0 7.5 14 200 M M 2 20 200
10 87 74 81 7 0 16 0.00 0.0 0 13.0 23 190 M M 3 30 200
11 85 75 80 5 0 15 T 0.0 0 12.5 20 200 M M 5 26 190
12 78 68 73 -2 0 8 0.10 0.0 0 6.8 17 30 M M 8 1 20 30
13 78 65 72 -3 0 7 0.01 0.0 0 10.8 21 30 M M 7 1 25 30
14 71 67 69 -6 0 4 0.04 0.0 0 13.5 20 40 M M 10 37 30
15 68 65 67 -9 0 2 0.70 0.0 0 17.1 26 30 M M 10 1 32 30
16 70 65 68 -8 0 3 1.31 0.0 0 19.3 28 40 M M 9 1 35 30
17 83 68 76 0 0 11 T 0.0 0 11.6 26 70 M M 6 34 70
18 81 67 74 -2 0 9 0.00 0.0 0 5.8 13 130 M M 3 28 220
19 84 66 75 -1 0 10 0.03 0.0 0 5.6 16 150 M M 2 1 22 140
20 82 67 75 -2 0 10 0.03 0.0 0 4.7 17 170 M M 4 13 24 180
21 87 65 76 -1 0 11 0.00 0.0 0 4.6 16 30 M M 2 1 20 90
22 91 71 81 4 0 16 0.57 0.0 0 6.3 33 220 M M 1 13 50 210
23 90 73 82 5 0 17 T 0.0 0 10.3 25 190 M M 1 36 160
24 90 72 81 4 0 16 0.00 0.0 0 7.9 18 100 M M 2 22 110
25 84 71 78 0 0 13 0.03 0.0 0 5.8 20 200 M M 3 1 27 200
26 89 67 78 0 0 13 0.00 0.0 0 4.7 14 210 M M 1 16 220
27 91 69 80 2 0 15 0.00 0.0 0 8.1 14 210 M M 0 19 210
28 92 73 83 5 0 18 T 0.0 0 7.6 16 200 M M 1 3 20 200
29 93 73 83 5 0 18 0.00 0.0 0 6.9 15 10 M M 1 20 120
30 91 70 81 3 0 16 0.00 0.0 0 3.9 14 30 M M 3 1 19 200
================================================================================
SM 2536 2046 2 350 3.54 0.0 269.4 M 98
================================================================================
AV 84.5 68.2 9.0 FASTST M M 3 MAX(MPH)
MISC ----> # 33 220 # 50 210
================================================================================
NOTES:
# LAST OF SEVERAL OCCURRENCES
COLUMN 17 PEAK WIND IN M.P.H.
PRELIMINARY LOCAL CLIMATOLOGICAL DATA (WS FORM: F-6) , PAGE 2
STATION: ELIZABETH CITY NC
MONTH: JUNE
YEAR: 2020
LATITUDE: 36 16 N
LONGITUDE: 76 11 W
[TEMPERATURE DATA] [PRECIPITATION DATA] SYMBOLS USED IN COLUMN 16
AVERAGE MONTHLY: 76.4 TOTAL FOR MONTH: 3.54 1 = FOG OR MIST
DPTR FM NORMAL: 1.0 DPTR FM NORMAL: -0.95 2 = FOG REDUCING VISIBILITY
HIGHEST: 93 ON 29 GRTST 24HR 1.31 ON 16-16 TO 1/4 MILE OR LESS
LOWEST: 54 ON 1 3 = THUNDER
SNOW, ICE PELLETS, HAIL 4 = ICE PELLETS
TOTAL MONTH: 0.0 INCH 5 = HAIL
GRTST 24HR 0.0 6 = FREEZING RAIN OR DRIZZLE
GRTST DEPTH: 0 7 = DUSTSTORM OR SANDSTORM:
VSBY 1/2 MILE OR LESS
8 = SMOKE OR HAZE
[NO. OF DAYS WITH] [WEATHER - DAYS WITH] 9 = BLOWING SNOW
X = TORNADO
MAX 32 OR BELOW: 0 0.01 INCH OR MORE: 10
MAX 90 OR ABOVE: 9 0.10 INCH OR MORE: 5
MIN 32 OR BELOW: 0 0.50 INCH OR MORE: 4
MIN 0 OR BELOW: 0 1.00 INCH OR MORE: 1
[HDD (BASE 65) ]
TOTAL THIS MO. 2 CLEAR (SCALE 0-3) 20
DPTR FM NORMAL -1 PTCLDY (SCALE 4-7) 6
TOTAL FM JUL 1 2387 CLOUDY (SCALE 8-10) 4
DPTR FM NORMAL -845
[CDD (BASE 65) ]
TOTAL THIS MO. 350
DPTR FM NORMAL 36 [PRESSURE DATA]
TOTAL FM JAN 1 567 HIGHEST SLP 30.31 ON 1
DPTR FM NORMAL 89 LOWEST SLP 29.76 ON 28
[REMARKS]
#FINAL-06-20#