000
CXUS52 KAKQ 021506
CLMECG
CLIMATE REPORT
NATIONAL WEATHER SERVICE WAKEFIELD VA
1106 AM EDT SAT SEP 02 2023
...................................
...THE ELIZABETH CITY NC CLIMATE SUMMARY FOR THE MONTH OF AUGUST 2023...
CLIMATE NORMAL PERIOD: 1991 TO 2020
CLIMATE RECORD PERIOD: 1934 TO 2023
WEATHER OBSERVED NORMAL DEPART LAST YEAR`S
VALUE DATE(S) VALUE FROM VALUE DATE(S)
NORMAL
................................................................
TEMPERATURE (F)
RECORD
HIGH 103 08/01/1980
LOW 49 08/30/1965
HIGHEST 98 08/13 95 3 95 08/10
08/15
LOWEST 59 08/03 59 0 58 08/18
AVG. MAXIMUM 88.9 86.8 2.1 87.6
AVG. MINIMUM 70.6 70.0 0.6 70.2
MEAN 79.7 78.4 1.3 78.9
DAYS MAX >= 90 14 10.1 3.9 12
DAYS MAX <= 32 0 0.0 0.0 0
DAYS MIN <= 32 0 0.0 0.0 0
DAYS MIN <= 0 0 0.0 0.0 0
PRECIPITATION (INCHES)
RECORD
MAXIMUM 11.85 2006
MINIMUM 1.21 1970
TOTALS 3.82 5.32 -1.50 6.15
DAILY AVG. 0.12 0.17 -0.05 0.20
DAYS >= .01 10 11.8 -1.8 10
DAYS >= .10 7 7.4 -0.4 7
DAYS >= .50 3 3.7 -0.7 4
DAYS >= 1.00 1 1.8 -0.8 2
GREATEST
24 HR. TOTAL 1.51 08/30 TO 08/31
DEGREE DAYS
HEATING TOTAL 0 0 0 0
SINCE 7/1 0 0 0 MM
COOLING TOTAL 462 415 47 440
SINCE 1/1 1381 1416 -35 MM
................................................................
WIND (MPH)
AVERAGE WIND SPEED 8.1
HIGHEST WIND SPEED/DIRECTION 31/300 DATE 08/15
31/040 08/31
HIGHEST GUST SPEED/DIRECTION 48/090 DATE 08/28
SKY COVER
POSSIBLE SUNSHINE (PERCENT) MM
AVERAGE SKY COVER 0.24
AVERAGE RH (PERCENT) 74
WEATHER CONDITIONS. NUMBER OF DAYS WITH
THUNDERSTORM 7 MIXED PRECIP 0
HEAVY RAIN 5 RAIN 6
LIGHT RAIN 13 FREEZING RAIN 0
LT FREEZING RAIN 0 HAIL 0
HEAVY SNOW 0 SNOW 0
LIGHT SNOW 0 SLEET 0
FOG 16 FOG W/VIS <= 1/4 MILE 2
HAZE 5
- INDICATES NEGATIVE NUMBERS.
R INDICATES RECORD WAS SET OR TIED.
MM INDICATES DATA IS MISSING.
T INDICATES TRACE AMOUNT.
$$