000
CXUS55 KVEF 010910
CF6EED
PRELIMINARY LOCAL CLIMATOLOGICAL DATA (WS FORM: F-6)
STATION: NEEDLES CA
MONTH: FEBRUARY
YEAR: 2021
LATITUDE: 34 46 N
LONGITUDE: 114 37 W
TEMPERATURE IN F: :PCPN: SNOW: WIND :SUNSHINE: SKY :PK WND
================================================================================
1 2 3 4 5 6A 6B 7 8 9 10 11 12 13 14 15 16 17 18
12Z AVG MX 2MIN
DY MAX MIN AVG DEP HDD CDD WTR SNW DPTH SPD SPD DIR MIN PSBL S-S WX SPD DR
================================================================================
1 67 55 61 5 4 0 T M M 4.3 12 10 M M 6 15 350
2 75 55 65 9 0 0 0.00 M M 4.0 10 230 M M 4 11 350
3 80 52 66 10 0 1 0.00 M M 8.1 21 230 M M 0 27 270
4 67 54 61 5 4 0 0.00 M M 14.3 31 360 M M 0 37 10
5 72 48 60 4 5 0 0.00 M M 7.9 20 10 M M 0 23 10
6 76 50 63 6 2 0 0.00 M M 8.7 15 10 M M 0 M M
7 M M M M M M 0.00 M M M M M M M M M M
8 78 43 61 4 4 0 0.00 M M 5.8 16 180 M M 0 20 190
9 71 50 61 4 4 0 0.00 M M 3.9 13 230 M M 0 13 230
10 77 52 65 8 0 0 0.00 M M 3.8 10 240 M M 1 12 360
11 80 47 64 6 1 0 0.00 M M 5.9 16 200 M M 0 19 200
12 71 54 63 5 2 0 0.01 M M 9.0 23 300 M M 2 29 300
13 76 51 64 6 1 0 T M M 13.3 41 280 M M 2 50 270
14 67 48 58 0 7 0 0.00 M M 14.1 29 350 M M 0 35 350
15 70 42 56 -2 9 0 0.00 M M 8.3 22 200 M M 1 27 200
16 72 47 60 2 5 0 0.00 M M 8.3 18 10 M M 0 26 10
17 66 45 56 -3 9 0 0.00 M M 13.3 31 10 M M 0 37 10
18 64 45 55 -4 10 0 0.00 M M 13.1 23 360 M M 0 28 350
19 70 37 54 -5 11 0 0.00 M M 3.6 12 240 M M 0 13 20
20 73 42 58 -1 7 0 0.00 M M 12.4 35 330 M M 0 44 320
21 68 49 59 0 6 0 0.00 M M 12.7 26 360 M M 0 32 10
22 75 51 63 3 2 0 0.00 M M 11.5 25 360 M M 0 31 10
23 80 43 62 2 3 0 0.00 M M 4.6 14 230 M M 0 15 230
24 82 47 65 5 0 0 0.00 M M 8.5 37 360 M M 0 49 360
25 65 46 56 -4 9 0 0.00 M M 18.9 33 20 M M 0 43 350
26 74 39 57 -3 8 0 0.00 M M 5.3 15 200 M M 0 18 210
27 69 45 57 -4 8 0 0.00 M M 13.7 28 360 M M 0 34 10
28 63 45 54 -7 11 0 0.00 M M 16.0 30 360 M M 0 36 10
================================================================================
SM 1948 1282 132 1 0.01 M 253.3 M 16
================================================================================
AV 72.1 47.5 9.4 FASTST M M 1 MAX(MPH)
MISC ----> 41 280 50 270
================================================================================
NOTES:
# LAST OF SEVERAL OCCURRENCES
COLUMN 17 PEAK WIND IN M.P.H.
PRELIMINARY LOCAL CLIMATOLOGICAL DATA (WS FORM: F-6) , PAGE 2
STATION: NEEDLES CA
MONTH: FEBRUARY
YEAR: 2021
LATITUDE: 34 46 N
LONGITUDE: 114 37 W
[TEMPERATURE DATA] [PRECIPITATION DATA] SYMBOLS USED IN COLUMN 16
AVERAGE MONTHLY: 59.8 TOTAL FOR MONTH: 0.01 1 = FOG OR MIST
DPTR FM NORMAL: 1.6 DPTR FM NORMAL: -0.77 2 = FOG REDUCING VISIBILITY
HIGHEST: 82 ON 24 GRTST 24HR 0.01 ON 12-12 TO 1/4 MILE OR LESS
LOWEST: 37 ON 19 3 = THUNDER
SNOW, ICE PELLETS, HAIL 4 = ICE PELLETS
TOTAL MONTH: M 5 = HAIL
GRTST 24HR M ON M 6 = FREEZING RAIN OR DRIZZLE
GRTST DEPTH: M ON M 7 = DUSTSTORM OR SANDSTORM:
VSBY 1/2 MILE OR LESS
8 = SMOKE OR HAZE
[NO. OF DAYS WITH] [WEATHER - DAYS WITH] 9 = BLOWING SNOW
X = TORNADO
MAX 32 OR BELOW: 0 0.01 INCH OR MORE: 1
MAX 90 OR ABOVE: 0 0.10 INCH OR MORE: 0
MIN 32 OR BELOW: 0 0.50 INCH OR MORE: 0
MIN 0 OR BELOW: 0 1.00 INCH OR MORE: 0
[HDD (BASE 65) ]
TOTAL THIS MO. 132 CLEAR (SCALE 0-3) 25
DPTR FM NORMAL -66 PTCLDY (SCALE 4-7) 2
TOTAL FM JUL 1 856 CLOUDY (SCALE 8-10) 1
DPTR FM NORMAL -199
[CDD (BASE 65) ]
TOTAL THIS MO. 1
DPTR FM NORMAL -8 [PRESSURE DATA]
TOTAL FM JAN 1 3 HIGHEST SLP M ON M
DPTR FM NORMAL -5 LOWEST SLP 29.47 ON 13
[REMARKS]
#FINAL-02-21#