000
CXUS55 KGJT 010910
CF6EEO
PRELIMINARY LOCAL CLIMATOLOGICAL DATA (WS FORM: F-6)
STATION: MEEKER CO
MONTH: JUNE
YEAR: 2023
LATITUDE: 40 2 N
LONGITUDE: 107 53 W
TEMPERATURE IN F: :PCPN: SNOW: WIND :SUNSHINE: SKY :PK WND
================================================================================
1 2 3 4 5 6A 6B 7 8 9 10 11 12 13 14 15 16 17 18
12Z AVG MX 2MIN
DY MAX MIN AVG DEP HDD CDD WTR SNW DPTH SPD SPD DIR MIN PSBL S-S WX SPD DR
================================================================================
1 67 39 53 -5 12 0 T M M 5.7 26 250 M M 4 3 36 240
2 53 45 49 -9 16 0 0.46 M M 5.0 14 210 M M 10 1 19 210
3 64 44 54 -4 11 0 0.25 M M 2.6 12 60 M M 7 1 16 60
4 71 39 55 -4 10 0 0.00 M M 4.0 25 100 M M 1 3 36 100
5 74 41 58 -1 7 0 0.00 M M 4.0 21 240 M M 1 3 28 230
6 77 40 59 0 6 0 0.00 M M 5.0 22 230 M M 1 3 30 230
7 68 42 55 -5 10 0 T M M 6.1 25 200 M M 6 3 36 190
8 77 41 59 -1 6 0 0.00 M M 5.5 17 200 M M 1 23 180
9 79 36 58 -2 7 0 0.00 M M 4.0 18 240 M M 0 24 230
10 75 38 57 -3 8 0 T M M 5.2 25 220 M M 1 3 37 230
11 78 39 59 -2 6 0 0.03 M M 6.1 24 110 M M 1 3 36 160
12 72 48 60 -1 5 0 0.09 M M 6.5 28 30 M M 4 3 36 20
13 66 40 53 -8 12 0 0.15 M M 4.6 22 180 M M 4 13 32 210
14 70 39 55 -7 10 0 0.34 M M 6.0 25 210 M M 5 13 33 210
15 65 41 53 -9 12 0 0.48 M M 4.8 25 340 M M 7 13 37 320
16 67 37 52 -10 13 0 0.01 M M 4.6 24 190 M M 3 13 36 180
17 66 44 55 -7 10 0 0.03 M M 4.6 23 200 M M 5 3 31 200
18 78 39 59 -4 6 0 0.00 M M 9.0 26 210 M M 1 36 200
19 81 44 63 0 2 0 0.00 M M 10.6 28 200 M M 0 43 200
20 80 45 63 0 2 0 0.00 M M 9.8 25 220 M M 0 35 200
21 82 39 61 -3 4 0 0.00 M M 4.3 20 230 M M 1 27 230
22 82 40 61 -3 4 0 0.00 M M 4.7 18 220 M M 0 25 220
23 79 37 58 -6 7 0 0.00 M M 11.4 33 240 M M 0 8 46 260
24 78 34 56 -8 9 0 0.00 M M 4.8 20 250 M M 0 28 260
25 84 35 60 -5 5 0 0.00 M M 7.0 22 240 M M 0 33 240
26 86 37 62 -3 3 0 0.00 M M 9.0 28 220 M M 0 38 240
27 83 43 63 -2 2 0 0.00 M M 10.7 31 220 M M 0 8 42 200
28 84 37 61 -5 4 0 0.00 M M 7.8 29 10 M M 0 8 40 10
29 81 42 62 -4 3 0 T M M 4.7 21 280 M M 1 28 330
30 76 38 57 -9 8 0 0.00 M M 5.0 17 320 M M 1 3 27 330
================================================================================
SM 2243 1203 220 0 1.84 M 183.1 M 65
================================================================================
AV 74.8 40.1 6.1 FASTST M M 2 MAX(MPH)
MISC ----> 33 240 46 260
================================================================================
NOTES:
# LAST OF SEVERAL OCCURRENCES
COLUMN 17 PEAK WIND IN M.P.H.
PRELIMINARY LOCAL CLIMATOLOGICAL DATA (WS FORM: F-6) , PAGE 2
STATION: MEEKER CO
MONTH: JUNE
YEAR: 2023
LATITUDE: 40 2 N
LONGITUDE: 107 53 W
[TEMPERATURE DATA] [PRECIPITATION DATA] SYMBOLS USED IN COLUMN 16
AVERAGE MONTHLY: 57.4 TOTAL FOR MONTH: 1.84 1 = FOG OR MIST
DPTR FM NORMAL: -4.6 DPTR FM NORMAL: 0.76 2 = FOG REDUCING VISIBILITY
HIGHEST: 86 ON 26 GRTST 24HR 0.72 ON 14-15 TO 1/4 MILE OR LESS
LOWEST: 34 ON 24 3 = THUNDER
SNOW, ICE PELLETS, HAIL 4 = ICE PELLETS
TOTAL MONTH: M 5 = HAIL
GRTST 24HR M ON M 6 = FREEZING RAIN OR DRIZZLE
GRTST DEPTH: M ON M 7 = DUSTSTORM OR SANDSTORM:
VSBY 1/2 MILE OR LESS
8 = SMOKE OR HAZE
[NO. OF DAYS WITH] [WEATHER - DAYS WITH] 9 = BLOWING SNOW
X = TORNADO
MAX 32 OR BELOW: 0 0.01 INCH OR MORE: 9
MAX 90 OR ABOVE: 0 0.10 INCH OR MORE: 5
MIN 32 OR BELOW: 0 0.50 INCH OR MORE: 0
MIN 0 OR BELOW: 0 1.00 INCH OR MORE: 0
[HDD (BASE 65) ]
TOTAL THIS MO. 220 CLEAR (SCALE 0-3) 21
DPTR FM NORMAL 100 PTCLDY (SCALE 4-7) 8
TOTAL FM JUL 1 8715 CLOUDY (SCALE 8-10) 1
DPTR FM NORMAL 1137
[CDD (BASE 65) ]
TOTAL THIS MO. 0
DPTR FM NORMAL -30 [PRESSURE DATA]
TOTAL FM JAN 1 0 HIGHEST SLP M ON M
DPTR FM NORMAL -31 LOWEST SLP 29.63 ON 18
[REMARKS]
#FINAL-06-23#