000
CXUS56 KEKA 021335
CF6EKA
PRELIMINARY LOCAL CLIMATOLOGICAL DATA (WS FORM: F-6)
STATION: EUREKA CA
MONTH: NOVEMBER
YEAR: 2020
LATITUDE: 40 47 N
LONGITUDE: 124 10 W
TEMPERATURE IN F: :PCPN: SNOW: WIND :SUNSHINE: SKY :PK WND
================================================================================
1 2 3 4 5 6A 6B 7 8 9 10 11 12 13 14 15 16 17 18
12Z AVG MX 2MIN
DY MAX MIN AVG DEP HDD CDD WTR SNW DPTH SPD SPD DIR MIN PSBL S-S WX SPD DR
================================================================================
1 59 40 50 -3 15 0 0.00 M 0 1.3 8 320 M M 0 18 8 M
2 53 43 48 -5 17 0 0.00 0.0 0 2.0 7 300 M M 9 2 7 M
3 61 40 51 -2 14 0 0.00 0.0 0 3.3 8 310 M M 6 1 8 M
4 68 52 60 7 5 0 0.00 0.0 0 1.7 7 300 M M 5 2 7 M
5 62 50 56 4 9 0 0.22 0.0 0 3.0 12 290 M M 8 2 12 M
6 56 45 51 -1 14 0 0.06 0.0 0 4.5 12 360 M M 8 1 16 M
7 55 44 50 -2 15 0 0.10 0.0 0 6.9 14 10 M M 3 22 M
8 53 34 44 -8 21 0 0.01 0.0 0 7.8 17 20 M M 2 26 M
9 53 30 42 -10 23 0 0.00 0.0 0 2.3 6 300 M M 4 10 M
10 53 39 46 -6 19 0 0.00 0.0 0 1.9 6 50 M M 8 7 M
11 55 38 47 -5 18 0 0.00 0.0 0 2.7 10 350 M M 1 14 M
12 54 41 48 -3 17 0 0.00 0.0 0 2.7 8 290 M M 5 10 M
13 57 42 50 -1 15 0 0.23 M M 6.0 14 18 M M 10 28 M
14 58 39 49 -2 16 0 T 0.0 0 3.9 8 170 M M 10 18 M
15 65 51 58 7 7 0 0.06 M M 6.0 12 180 M M 10 1 23 M
16 70 49 60 9 5 0 0.00 0.0 0 2.3 12 170 M M 8 1 17 M
17 69 53 61 10 4 0 1.16 0.0 0 7.5 14 200 M M 10 13 30 170
18 61 47 54 4 11 0 0.35 0.0 0 7.0 10 210 M M 6 16 M
19 57 39 48 -2 17 0 0.00 0.0 0 4.0 10 310 M M 3 14 M
20 54 33 44 -6 21 0 0.00 0.0 0 3.3 9 20 M M 2 2 13 M
21 55 33 44 -6 21 0 0.00 0.0 0 2.5 7 280 M M 0 10 M
22 52 36 44 -6 21 0 0.05 0.0 0 3.1 8 270 M M 10 1 8 M
23 56 42 49 -1 16 0 0.00 0.0 0 2.9 9 350 M M 4 12 M
24 55 44 50 1 15 0 0.13 0.0 0 2.6 12 350 M M 5 18 24 M
25 55 38 47 -2 18 0 0.11 0.0 0 1.9 7 70 M M 5 18 7 0
26 54 34 44 -5 21 0 0.00 0.0 0 2.3 12 360 M M 0 18 15 0
27 58 33 46 -3 19 0 0.00 0.0 0 2.2 6 310 M M 2 7 0
28 54 33 44 -5 21 0 0.00 0.0 0 2.5 7 330 M M 3 8 7 M
29 55 34 45 -4 20 0 0.00 0.0 0 1.5 8 290 M M 3 8 0
30 51 37 44 -5 21 0 0.07 0.0 0 2.7 12 20 M M 9 12 0
================================================================================
SM 1718 1213 476 0 2.55 0.0 104.3 M 159
================================================================================
AV 57.3 40.4 3.5 FASTST M M 5 MAX(MPH)
MISC ----> 17 20 30 170
================================================================================
NOTES:
# LAST OF SEVERAL OCCURRENCES
COLUMN 17 PEAK WIND IN M.P.H.
PRELIMINARY LOCAL CLIMATOLOGICAL DATA (WS FORM: F-6) , PAGE 2
STATION: EUREKA CA
MONTH: NOVEMBER
YEAR: 2020
LATITUDE: 40 47 N
LONGITUDE: 124 10 W
[TEMPERATURE DATA] [PRECIPITATION DATA] SYMBOLS USED IN COLUMN 16
AVERAGE MONTHLY: 48.9 TOTAL FOR MONTH: 2.55 1 = FOG OR MIST
DPTR FM NORMAL: -2.0 DPTR FM NORMAL: -3.06 2 = FOG REDUCING VISIBILITY
HIGHEST: 70 ON 16 GRTST 24HR 1.24 ON 17-18 TO 1/4 MILE OR LESS
LOWEST: 30 ON 9 3 = THUNDER
SNOW, ICE PELLETS, HAIL 4 = ICE PELLETS
TOTAL MONTH: 0.0 INCH 5 = HAIL
GRTST 24HR 0.0 6 = FREEZING RAIN OR DRIZZLE
GRTST DEPTH: 0 7 = DUSTSTORM OR SANDSTORM:
VSBY 1/2 MILE OR LESS
8 = SMOKE OR HAZE
[NO. OF DAYS WITH] [WEATHER - DAYS WITH] 9 = BLOWING SNOW
X = TORNADO
MAX 32 OR BELOW: 0 0.01 INCH OR MORE: 12
MAX 90 OR ABOVE: 0 0.10 INCH OR MORE: 7
MIN 32 OR BELOW: 1 0.50 INCH OR MORE: 1
MIN 0 OR BELOW: 0 1.00 INCH OR MORE: 1
[HDD (BASE 65) ]
TOTAL THIS MO. 476 CLEAR (SCALE 0-3) 9
DPTR FM NORMAL 48 PTCLDY (SCALE 4-7) 14
TOTAL FM JUL 1 1320 CLOUDY (SCALE 8-10) 7
DPTR FM NORMAL -101
[CDD (BASE 65) ]
TOTAL THIS MO. 0
DPTR FM NORMAL 0 [PRESSURE DATA]
TOTAL FM JAN 1 14 HIGHEST SLP 30.40 ON 26
DPTR FM NORMAL 14 LOWEST SLP 29.53 ON 17
[REMARKS]
#FINAL-11-20#