000
CXUS51 KRLX 010938
CF6EKN
PRELIMINARY LOCAL CLIMATOLOGICAL DATA (WS FORM: F-6)
STATION: ELKINS WV
MONTH: NOVEMBER
YEAR: 2022
LATITUDE: 38 52 N
LONGITUDE: 79 51 W
TEMPERATURE IN F: :PCPN: SNOW: WIND :SUNSHINE: SKY :PK WND
================================================================================
1 2 3 4 5 6A 6B 7 8 9 10 11 12 13 14 15 16 17 18
12Z AVG MX 2MIN
DY MAX MIN AVG DEP HDD CDD WTR SNW DPTH SPD SPD DIR MIN PSBL S-S WX SPD DR
================================================================================
1 61 53 57 10 8 0 0.11 0.0 0 4.1 13 290 M M 10 1 17 290
2 64 42 53 7 12 0 0.00 0.0 0 0.7 7 300 M M 5 12 9 310
3 74 40 57 11 8 0 0.00 0.0 0 1.2 8 150 M M 5 12 10 150
4 73 36 55 9 10 0 0.00 0.0 0 5.8 18 150 M M 1 12 27 140
5 74 64 69 23 0 4 0.00 0.0 0 12.2 23 160 M M 5 32 160
6 81 56 69 24 0 4 0.04 0.0 0 3.9 21 180 M M 6 128 30 200
7 70 37 54 9 11 0 0.00 0.0 0 3.4 13 300 M M 2 12 19 270
8 66 29 48 3 17 0 0.00 0.0 0 1.5 9 40 M M 0 17 100
9 71 31 51 7 14 0 0.00 0.0 0 4.1 14 130 M M 0 19 140
10 68 35 52 8 13 0 0.00 0.0 0 5.7 16 200 M M 0 24 180
11 72 58 65 21 0 0 1.92 0.0 0 3.7 26 300 M M 9 1 36 300
12 60 35 48 5 17 0 0.11 0.0 0 6.2 18 290 M M 10 1 25 310
13 35 31 33 -10 32 0 0.04 0.1 T 8.1 16 290 M M 10 1 22 270
14 45 25 35 -8 30 0 0.00 0.0 0 2.1 8 340 M M 3 11 300
15 40 23 32 -10 33 0 0.68 0.0 0 1.5 8 310 M M 6 1 10 120
16 43 30 37 -5 28 0 0.15 T 0 6.9 22 300 M M 10 12 28 290
17 31 27 29 -13 36 0 T 0.1 T 8.5 20 270 M M 10 8 30 290
18 35 24 30 -12 35 0 0.04 0.2 0 8.7 18 260 M M 9 28 240
19 37 14 26 -15 39 0 0.00 0.0 T 6.1 24 280 M M 1 35 260
20 31 16 24 -17 41 0 T T 0 7.8 24 280 M M 2 37 300
21 51 12 32 -9 33 0 0.00 0.0 0 2.3 20 250 M M 0 27 260
22 56 18 37 -3 28 0 0.00 0.0 0 2.6 15 240 M M 0 19 260
23 58 17 38 -2 27 0 0.00 0.0 0 0.5 7 300 M M 0 9 230
24 64 19 42 2 23 0 0.00 0.0 0 2.1 12 170 M M 1 17 210
25 54 31 43 3 22 0 0.17 0.0 0 5.9 17 240 M M 6 1 25 240
26 58 23 41 2 24 0 0.00 0.0 0 0.1 6 360 M M 0 18 8 350
27 67 33 50 11 15 0 0.12 0.0 0 8.3 23 270 M M 7 1 32 200
28 52 39 46 7 19 0 0.12 0.0 0 5.3 23 290 M M 10 1 32 280
29 54 30 42 4 23 0 0.00 0.0 0 4.8 17 160 M M 4 12 23 160
30 58 31 45 7 20 0 0.14 0.0 0 12.0 32 290 M M 5 1 48 300
================================================================================
SM 1703 959 618 8 3.64 0.4 146.1 M 137
================================================================================
AV 56.8 32.0 4.9 FASTST M M 5 MAX(MPH)
MISC ----> 32 290 48 300
================================================================================
NOTES:
# LAST OF SEVERAL OCCURRENCES
COLUMN 17 PEAK WIND IN M.P.H.
PRELIMINARY LOCAL CLIMATOLOGICAL DATA (WS FORM: F-6) , PAGE 2
STATION: ELKINS WV
MONTH: NOVEMBER
YEAR: 2022
LATITUDE: 38 52 N
LONGITUDE: 79 51 W
[TEMPERATURE DATA] [PRECIPITATION DATA] SYMBOLS USED IN COLUMN 16
AVERAGE MONTHLY: 44.4 TOTAL FOR MONTH: 3.64 1 = FOG OR MIST
DPTR FM NORMAL: 2.1 DPTR FM NORMAL: 0.77 2 = FOG REDUCING VISIBILITY
HIGHEST: 81 ON 6 GRTST 24HR 1.92 ON 11-11 TO 1/4 MILE OR LESS
LOWEST: 12 ON 21 3 = THUNDER
SNOW, ICE PELLETS, HAIL 4 = ICE PELLETS
TOTAL MONTH: 0.4 INCH 5 = HAIL
GRTST 24HR 0.2 ON 18-18 6 = FREEZING RAIN OR DRIZZLE
GRTST DEPTH: T 7 = DUSTSTORM OR SANDSTORM:
VSBY 1/2 MILE OR LESS
8 = SMOKE OR HAZE
[NO. OF DAYS WITH] [WEATHER - DAYS WITH] 9 = BLOWING SNOW
X = TORNADO
MAX 32 OR BELOW: 2 0.01 INCH OR MORE: 12
MAX 90 OR ABOVE: 0 0.10 INCH OR MORE: 9
MIN 32 OR BELOW: 18 0.50 INCH OR MORE: 2
MIN 0 OR BELOW: 0 1.00 INCH OR MORE: 1
[HDD (BASE 65) ]
TOTAL THIS MO. 618 CLEAR (SCALE 0-3) 13
DPTR FM NORMAL -62 PTCLDY (SCALE 4-7) 9
TOTAL FM JUL 1 1234 CLOUDY (SCALE 8-10) 8
DPTR FM NORMAL 54
[CDD (BASE 65) ]
TOTAL THIS MO. 8
DPTR FM NORMAL 8 [PRESSURE DATA]
TOTAL FM JAN 1 648 HIGHEST SLP 30.64 ON 8
DPTR FM NORMAL 31 LOWEST SLP 29.40 ON 27
[REMARKS]
#FINAL-11-22#