000
CXUS55 KLKN 021053
CLSEKO
CLIMATE REPORT
NATIONAL WEATHER SERVICE ELKO, NV
253 AM PST THU MAR 02 2023
...................................
...THE ELKO AIRPORT NV CLIMATE SUMMARY FOR THE SEASON, FROM
12/1/2022 TO 2/28/2023...
CLIMATE NORMAL PERIOD 1991 TO 2020
CLIMATE RECORD PERIOD 1888 TO 2023
WEATHER OBSERVED NORMAL DEPART LAST YEAR`S
VALUE DATE(S) VALUE FROM VALUE
NORMAL
..............................................................
TEMPERATURE (F)
RECORD
HIGH 70 02/28/1986
02/28/1905
LOW -43 01/21/1937
HIGHEST 48 12/04 59 -11 61
LOWEST -14 01/30 -12 -2 -6
AVG. MAXIMUM 33.3 39.6 -6.3 42.4
AVG. MINIMUM 14.1 17.3 -3.2 16.1
MEAN 23.7 28.4 -4.7 29.2
DAYS MAX >= 90 0 0.0 0.0 0
DAYS MAX <= 32 42 21.6 20.4 19
DAYS MIN <= 32 90 86.0 4.0 58
DAYS MIN <= 0 12 8.0 4.0 2
PRECIPITATION (INCHES)
RECORD
MAXIMUM 11.55 1890
MINIMUM 0.25 1931
TOTALS 6.19 3.28 2.91 2.35
DAILY AVG. 0.07 0.04 0.03 0.02
DAYS >= .01 36 26.8 9.2 17
DAYS >= .10 18 10.6 7.4 10
DAYS >= .50 1 0.8 0.2 0
DAYS >= 1.00 1 0.1 0.9 0
SNOWFALL (INCHES)
RECORDS
TOTAL 68.8 1932
TOTALS 48.6 27.4 21.2 26.1
DAYS >= 1.0 16 8.8 7.2 9
DEGREE DAYS
HEATING TOTAL 3693 3300 393 3200
COOLING TOTAL 0 0 0 0
..............................................................
WIND (MPH)
AVERAGE WIND SPEED 6.0
HIGHEST WIND SPEED/DIRECTION 35/260 DATE 02/27
HIGHEST GUST SPEED/DIRECTION 49/180 DATE 01/05
AVERAGE RH (PERCENT) 74
WEATHER CONDITIONS. NUMBER OF DAYS WITH
THUNDERSTORM 1 MIXED PRECIP 0
HEAVY RAIN 1 RAIN 5
LIGHT RAIN 11 FREEZING RAIN 0
LT FREEZING RAIN 0 HAIL 0
HEAVY SNOW 3 SNOW 8
LIGHT SNOW 47 SLEET 0
FOG 50 FOG W/VIS <= 1/4 MILE 8
HAZE 18
- INDICATES NEGATIVE NUMBERS.
R INDICATES RECORD WAS SET OR TIED.
MM INDICATES DATA IS MISSING.
T INDICATES TRACE AMOUNT.
=====================================================================
...COLDER THAN NORMAL METEOROLOGICAL WINTER IN ELKO...
...WETTER THAN NORMAL METEOROLOGICAL WINTER IN ELKO...
...SNOWIER THAN NORMAL METEOROLOGICAL WINTER IN ELKO...
...7TH WETTEST METEOROLOGICAL WINTER ON RECORD FOR ELKO...
...1ST SNOWIEST METEOROLOGICAL WINTER ON RECORD FOR ELKO...
$$