000
CXUS54 KSHV 011300
CF6ELD
PRELIMINARY LOCAL CLIMATOLOGICAL DATA (WS FORM: F-6)
STATION: EL DORADO
MONTH: APRIL
YEAR: 2022
LATITUDE: 33 13 N
LONGITUDE: 92 49 W
TEMPERATURE IN F: :PCPN: SNOW: WIND :SUNSHINE: SKY :PK WND
================================================================================
1 2 3 4 5 6A 6B 7 8 9 10 11 12 13 14 15 16 17 18
12Z AVG MX 2MIN
DY MAX MIN AVG DEP HDD CDD WTR SNW DPTH SPD SPD DIR MIN PSBL S-S WX SPD DR
================================================================================
1 67 34 51 -9 14 0 0.00 0.0 0 4.6 14 70 M M 0 18 70
2 77 49 63 2 2 0 0.00 0.0 0 4.6 18 310 M M 1 22 310
3 79 43 61 0 4 0 0.00 0.0 0 4.9 14 140 M M 1 20 130
4 83 49 66 5 0 1 0.01 0.0 0 5.6 16 140 M M 3 3 23 200
5 83 58 71 10 0 6 1.41 0.0 0 7.8 15 100 M M 5 13 25 270
6 72 48 60 -2 5 0 T 0.0 0 7.1 26 10 M M 5 18 34 10
7 65 45 55 -7 10 0 T 0.0 0 8.7 21 320 M M 2 33 290
8 63 37 50 -12 15 0 0.00 0.0 0 10.2 24 300 M M 2 36 270
9 74 34 54 -8 11 0 0.00 0.0 0 5.1 15 230 M M 0 19 230
10 84 56 70 8 0 5 0.00 0.0 0 15.3 26 180 M M 1 35 170
11 84 61 73 10 0 8 T 0.0 0 11.6 20 180 M M 7 1 30 180
12 78 62 70 7 0 5 0.22 0.0 0 11.2 23 200 M M 9 13 30 200
13 75 48 62 -1 3 0 0.58 0.0 0 8.5 33 210 M M 6 13 47 210
14 73 42 58 -5 7 0 0.00 0.0 0 3.7 12 110 M M 0 1 17 110
15 78 46 62 -2 3 0 0.01 0.0 0 7.5 18 160 M M 5 1 26 150
16 73 61 67 3 0 2 0.11 0.0 0 6.5 17 40 M M 9 13 21 40
17 61 52 57 -7 8 0 0.15 0.0 0 7.3 14 340 M M 10 13 19 340
18 69 47 58 -6 7 0 0.00 0.0 0 6.3 14 60 M M 4 22 340
19 69 41 55 -10 10 0 0.00 0.0 0 6.8 16 70 M M 0 21 70
20 73 53 63 -2 2 0 0.32 0.0 0 11.4 22 150 M M 6 13 29 190
21 82 61 72 7 0 7 T 0.0 0 6.1 14 130 M M 8 19 130
22 84 62 73 8 0 8 0.00 0.0 0 7.7 20 150 M M 2 1 27 150
23 83 63 73 7 0 8 T 0.0 0 11.4 21 140 M M 4 31 150
24 86 69 78 12 0 13 0.00 0.0 0 M M M M M M M M
25 70 59 65 -1 0 0 0.25 0.0 0 6.9 22 330 M M 10 1 27 320
26 72 48 60 -6 5 0 0.00 0.0 0 7.1 18 50 M M 0 28 40
27 74 41 58 -9 7 0 0.00 0.0 0 3.4 13 90 M M 0 17 90
28 81 46 64 -3 1 0 0.00 0.0 0 4.2 15 120 M M 1 18 130
29 85 54 70 3 0 5 0.00 0.0 0 8.3 17 130 M M 0 24 130
30 84 61 73 6 0 8 1.47 0.0 0 7.4 20 200 M M 5 13 28 180
================================================================================
SM 2281 1530 114 76 4.53 0.0 217.2 M 106
================================================================================
AV 76.0 51.0 7.5 FASTST M M 4 MAX(MPH)
MISC ----> 33 210 47 210
================================================================================
NOTES:
# LAST OF SEVERAL OCCURRENCES
COLUMN 17 PEAK WIND IN M.P.H.
PRELIMINARY LOCAL CLIMATOLOGICAL DATA (WS FORM: F-6) , PAGE 2
STATION: EL DORADO
MONTH: APRIL
YEAR: 2022
LATITUDE: 33 13 N
LONGITUDE: 92 49 W
[TEMPERATURE DATA] [PRECIPITATION DATA] SYMBOLS USED IN COLUMN 16
AVERAGE MONTHLY: 63.5 TOTAL FOR MONTH: 4.53 1 = FOG OR MIST
DPTR FM NORMAL: -0.4 DPTR FM NORMAL: -0.86 2 = FOG REDUCING VISIBILITY
HIGHEST: 86 ON 24 GRTST 24HR 1.47 ON 30-30 TO 1/4 MILE OR LESS
LOWEST: 34 ON 9, 1 3 = THUNDER
SNOW, ICE PELLETS, HAIL 4 = ICE PELLETS
TOTAL MONTH: 0.0 INCH 5 = HAIL
GRTST 24HR 0.0 6 = FREEZING RAIN OR DRIZZLE
GRTST DEPTH: 0 7 = DUSTSTORM OR SANDSTORM:
VSBY 1/2 MILE OR LESS
8 = SMOKE OR HAZE
[NO. OF DAYS WITH] [WEATHER - DAYS WITH] 9 = BLOWING SNOW
X = TORNADO
MAX 32 OR BELOW: 0 0.01 INCH OR MORE: 10
MAX 90 OR ABOVE: 0 0.10 INCH OR MORE: 8
MIN 32 OR BELOW: 0 0.50 INCH OR MORE: 3
MIN 0 OR BELOW: 0 1.00 INCH OR MORE: 2
[HDD (BASE 65) ]
TOTAL THIS MO. 114 CLEAR (SCALE 0-3) 15
DPTR FM NORMAL 3 PTCLDY (SCALE 4-7) 10
TOTAL FM JUL 1 2369 CLOUDY (SCALE 8-10) 5
DPTR FM NORMAL -172
[CDD (BASE 65) ]
TOTAL THIS MO. 76
DPTR FM NORMAL -1 [PRESSURE DATA]
TOTAL FM JAN 1 99 HIGHEST SLP 30.38 ON 26
DPTR FM NORMAL -11 LOWEST SLP 29.50 ON 6
[REMARKS]
#FINAL-04-22#