000
CXUS54 KEPZ 011030
CF6ELP
PRELIMINARY LOCAL CLIMATOLOGICAL DATA (WS FORM: F-6)
STATION: EL PASO
MONTH: SEPTEMBER
YEAR: 2023
LATITUDE: 31 47 N
LONGITUDE: 106 24 W
TEMPERATURE IN F: :PCPN: SNOW: WIND :SUNSHINE: SKY :PK WND
================================================================================
1 2 3 4 5 6A 6B 7 8 9 10 11 12 13 14 15 16 17 18
12Z AVG MX 2MIN
DY MAX MIN AVG DEP HDD CDD WTR SNW DPTH SPD SPD DIR MIN PSBL S-S WX SPD DR
================================================================================
1 100 72 86 5 0 21 0.00 0.0 0 6.0 15 160 M M 3 23 120
2 99 71 85 4 0 20 0.00 0.0 0 4.6 12 120 M M 2 16 150
3 100 68 84 4 0 19 0.00 0.0 0 4.8 12 190 M M 2 19 190
4 100 73 87 7 0 22 0.00 0.0 0 11.0 26 240 M M 2 37 240
5 100 73 87 7 0 22 0.00 0.0 0 5.8 15 210 M M 1 24 280
6 104 68 86 6 0 21 0.00 0.0 0 5.2 13 260 M M 1 19 180
7 105 75 90 11 0 25 0.00 0.0 0 6.4 21 20 M M 3 3 25 10
8 106 76 91 12 0 26 0.00 0.0 0 7.9 25 140 M M 3 35 130
9 104 72 88 9 0 23 T 0.0 0 6.9 29 120 M M 3 41 120
10 102 75 89 10 0 24 0.00 0.0 0 6.2 15 190 M M 5 22 190
11 100 76 88 10 0 23 0.04 0.0 0 9.8 29 280 M M 6 41 280
12 84 69 77 -1 0 12 0.12 0.0 0 8.2 18 200 M M 8 23 200
13 88 68 78 0 0 13 0.00 0.0 0 9.0 23 310 M M 6 33 300
14 93 67 80 3 0 15 T 0.0 0 7.6 36 290 M M 4 38 55 280
15 94 67 81 4 0 16 0.00 0.0 0 7.3 15 10 M M 2 20 350
16 89 69 79 2 0 14 0.00 0.0 0 10.5 22 100 M M 3 29 110
17 91 70 81 5 0 16 0.02 0.0 0 6.9 22 360 M M 6 3 28 360
18 94 67 81 5 0 16 0.00 0.0 0 4.7 14 10 M M 3 18 280
19 96 71 84 8 0 19 0.00 0.0 0 8.0 21 250 M M 2 31 250
20 99 66 83 7 0 18 T 0.0 0 7.2 38 230 M M 4 38 57 230
21 90 67 79 4 0 14 T 0.0 0 6.2 21 10 M M 6 3 25 10
22 97 70 84 9 0 19 0.00 0.0 0 5.5 18 250 M M 2 25 260
23 98 68 83 8 0 18 0.00 0.0 0 5.2 23 260 M M 2 30 260
24 96 70 83 9 0 18 0.00 0.0 0 7.1 22 290 M M 2 30 290
25 96 67 82 8 0 17 0.00 0.0 0 7.2 17 120 M M 1 25 110
26 96 66 81 7 0 16 0.54 0.0 0 6.8 30 270 M M 5 35 36 270
27 95 62 79 6 0 14 0.00 0.0 0 3.3 9 160 M M 2 13 180
28 98 67 83 10 0 18 0.00 0.0 0 5.8 14 250 M M 3 17 250
29 97 70 84 11 0 19 0.00 0.0 0 5.8 25 180 M M 4 78 35 180
30 95 62 79 7 0 14 0.23 0.0 0 8.4 43 270 M M 6 13 72 0
================================================================================
SM 2906 2082 0 552 0.95 0.0 205.3 M 102
================================================================================
AV 96.9 69.4 6.8 FASTST M M 3 MAX(MPH)
MISC ----> 43 270 72 0
================================================================================
NOTES:
# LAST OF SEVERAL OCCURRENCES
COLUMN 17 PEAK WIND IN M.P.H.
PRELIMINARY LOCAL CLIMATOLOGICAL DATA (WS FORM: F-6) , PAGE 2
STATION: EL PASO
MONTH: SEPTEMBER
YEAR: 2023
LATITUDE: 31 47 N
LONGITUDE: 106 24 W
[TEMPERATURE DATA] [PRECIPITATION DATA] SYMBOLS USED IN COLUMN 16
AVERAGE MONTHLY: 83.1 TOTAL FOR MONTH: 0.95 1 = FOG OR MIST
DPTR FM NORMAL: 6.2 DPTR FM NORMAL: -0.57 2 = FOG REDUCING VISIBILITY
HIGHEST: 106 ON 8 GRTST 24HR 0.54 ON 26-26 TO 1/4 MILE OR LESS
LOWEST: 62 ON 30,27 3 = THUNDER
SNOW, ICE PELLETS, HAIL 4 = ICE PELLETS
TOTAL MONTH: 0.0 INCH 5 = HAIL
GRTST 24HR 0.0 6 = FREEZING RAIN OR DRIZZLE
GRTST DEPTH: 0 7 = DUSTSTORM OR SANDSTORM:
VSBY 1/2 MILE OR LESS
8 = SMOKE OR HAZE
[NO. OF DAYS WITH] [WEATHER - DAYS WITH] 9 = BLOWING SNOW
X = TORNADO
MAX 32 OR BELOW: 0 0.01 INCH OR MORE: 5
MAX 90 OR ABOVE: 27 0.10 INCH OR MORE: 3
MIN 32 OR BELOW: 0 0.50 INCH OR MORE: 1
MIN 0 OR BELOW: 0 1.00 INCH OR MORE: 0
[HDD (BASE 65) ]
TOTAL THIS MO. 0 CLEAR (SCALE 0-3) 17
DPTR FM NORMAL -3 PTCLDY (SCALE 4-7) 13
TOTAL FM JUL 1 0 CLOUDY (SCALE 8-10) 0
DPTR FM NORMAL 0
[CDD (BASE 65) ]
TOTAL THIS MO. 552
DPTR FM NORMAL 194 [PRESSURE DATA]
TOTAL FM JAN 1 3270 HIGHEST SLP 30.03 ON 17
DPTR FM NORMAL 729 LOWEST SLP 29.60 ON 4
[REMARKS]
#FINAL-09-23#