000
CXUS56 KLKN 011210
CF6ELY
PRELIMINARY LOCAL CLIMATOLOGICAL DATA (WS FORM: F-6)
STATION: ELY AIRPORT NV
MONTH: AUGUST
YEAR: 2022
LATITUDE: 39 16 N
LONGITUDE: 114 51 W
TEMPERATURE IN F: :PCPN: SNOW: WIND :SUNSHINE: SKY :PK WND
================================================================================
1 2 3 4 5 6A 6B 7 8 9 10 11 12 13 14 15 16 17 18
12Z AVG MX 2MIN
DY MAX MIN AVG DEP HDD CDD WTR SNW DPTH SPD SPD DIR MIN PSBL S-S WX SPD DR
================================================================================
1 85 53 69 -1 0 4 T 0.0 0 6.2 24 240 M M 4 38 36 260
2 88 53 71 1 0 6 T 0.0 0 5.9 28 320 M M 4 39 330
3 89 51 70 0 0 5 T 0.0 0 6.7 21 170 M M 3 33 150
4 89 52 71 1 0 6 0.09 0.0 0 8.7 28 160 M M 3 3 40 150
5 76 58 67 -3 0 2 0.26 0.0 0 7.6 20 190 M M 8 13 26 190
6 71 54 63 -6 2 0 0.35 0.0 0 4.8 13 280 M M 7 13 18 280
7 87 47 67 -2 0 2 0.00 0.0 0 4.7 13 20 M M 1 20 10
8 88 50 69 0 0 4 0.00 0.0 0 4.6 12 160 M M 2 14 130
9 87 54 71 2 0 6 0.12 0.0 0 6.7 22 250 M M 4 1 34 190
10 75 58 67 -2 0 2 0.42 0.0 0 5.1 20 250 M M 6 13 24 240
11 83 51 67 -2 0 2 T 0.0 0 5.6 16 320 M M 2 3 20 320
12 86 54 70 2 0 5 T 0.0 0 6.6 20 160 M M 1 3 27 170
13 88 57 73 5 0 8 0.62 0.0 0 5.8 24 210 M M 2 13 40 230
14 84 51 68 0 0 3 0.00 0.0 0 5.7 24 20 M M 0 34 10
15 87 50 69 1 0 4 0.00 0.0 0 4.5 13 190 M M 0 15 160
16 86 48 67 -1 0 2 0.00 0.0 0 7.7 18 360 M M 1 25 10
17 90 50 70 2 0 5 0.00 0.0 0 7.9 16 50 M M 2 23 60
18 86 55 71 4 0 6 0.04 0.0 0 7.2 23 230 M M 3 3 32 250
19 85 52 69 2 0 4 0.00 0.0 0 8.0 24 20 M M 3 35 30
20 85 48 67 0 0 2 0.00 0.0 0 7.3 24 20 M M 3 31 20
21 86 51 69 2 0 4 0.10 0.0 0 8.2 25 20 M M 1 38 39 250
22 89 49 69 3 0 4 T 0.0 0 6.4 23 330 M M 0 29 330
23 92 51 72 6 0 7 T 0.0 0 7.6 21 120 M M 0 30 130
24 89 60 75 9 0 10 0.04 0.0 0 10.2 32 30 M M 2 3 44 30
25 89 54 72 6 0 7 T 0.0 0 10.8 29 180 M M 1 3 41 170
26 85 48 67 2 0 2 T 0.0 0 8.1 22 170 M M 0 30 230
27 85 49 67 2 0 2 T 0.0 0 8.9 23 210 M M 3 3 33 280
28 87 46 67 2 0 2 0.00 0.0 0 7.6 20 200 M M 1 25 210
29 90 47 69 4 0 4 0.00 0.0 0 7.2 15 180 M M 0 21 250
30 91 52 72 8 0 7 0.00 0.0 0 9.2 20 170 M M 2 30 190
31 93 50 72 8 0 7 0.00 0.0 0 6.6 17 180 M M 1 22 180
================================================================================
SM 2671 1603 2 134 2.04 0.0 218.1 M 70
================================================================================
AV 86.2 51.7 7.0 FASTST M M 2 MAX(MPH)
MISC ----> 32 30 44 30
================================================================================
NOTES:
# LAST OF SEVERAL OCCURRENCES
COLUMN 17 PEAK WIND IN M.P.H.
PRELIMINARY LOCAL CLIMATOLOGICAL DATA (WS FORM: F-6) , PAGE 2
STATION: ELY AIRPORT NV
MONTH: AUGUST
YEAR: 2022
LATITUDE: 39 16 N
LONGITUDE: 114 51 W
[TEMPERATURE DATA] [PRECIPITATION DATA] SYMBOLS USED IN COLUMN 16
AVERAGE MONTHLY: 68.9 TOTAL FOR MONTH: 2.04 1 = FOG OR MIST
DPTR FM NORMAL: 1.4 DPTR FM NORMAL: 1.25 2 = FOG REDUCING VISIBILITY
HIGHEST: 93 ON 31 GRTST 24HR 0.62 ON 13-14 TO 1/4 MILE OR LESS
LOWEST: 46 ON 28 3 = THUNDER
SNOW, ICE PELLETS, HAIL 4 = ICE PELLETS
TOTAL MONTH: 0.0 INCH 5 = HAIL
GRTST 24HR 0.0 6 = FREEZING RAIN OR DRIZZLE
GRTST DEPTH: 0 7 = DUSTSTORM OR SANDSTORM:
VSBY 1/2 MILE OR LESS
8 = SMOKE OR HAZE
[NO. OF DAYS WITH] [WEATHER - DAYS WITH] 9 = BLOWING SNOW
X = TORNADO
MAX 32 OR BELOW: 0 0.01 INCH OR MORE: 9
MAX 90 OR ABOVE: 5 0.10 INCH OR MORE: 6
MIN 32 OR BELOW: 0 0.50 INCH OR MORE: 1
MIN 0 OR BELOW: 0 1.00 INCH OR MORE: 0
[HDD (BASE 65) ]
TOTAL THIS MO. 2 CLEAR (SCALE 0-3) 24
DPTR FM NORMAL -26 PTCLDY (SCALE 4-7) 7
TOTAL FM JUL 1 2 CLOUDY (SCALE 8-10) 0
DPTR FM NORMAL -37
[CDD (BASE 65) ]
TOTAL THIS MO. 134
DPTR FM NORMAL 30 [PRESSURE DATA]
TOTAL FM JAN 1 425 HIGHEST SLP 30.17 ON 10
DPTR FM NORMAL 137 LOWEST SLP 29.69 ON 27
[REMARKS]
#FINAL-08-22#