000
CXUS53 KTOP 010810
CF6EMP
PRELIMINARY LOCAL CLIMATOLOGICAL DATA (WS FORM: F-6)
STATION: EMPORIA KS
MONTH: MAY
YEAR: 2022
LATITUDE: 38 19 N
LONGITUDE: 96 12 W
TEMPERATURE IN F: :PCPN: SNOW: WIND :SUNSHINE: SKY :PK WND
================================================================================
1 2 3 4 5 6A 6B 7 8 9 10 11 12 13 14 15 16 17 18
12Z AVG MX 2MIN
DY MAX MIN AVG DEP HDD CDD WTR SNW DPTH SPD SPD DIR MIN PSBL S-S WX SPD DR
================================================================================
1 73 44 59 -1 6 0 0.00 M M 7.1 16 290 M M 2 24 300
2 59 45 52 -8 13 0 0.63 M M 13.0 28 300 M M 9 138 39 310
3 60 44 52 -9 13 0 0.00 M M 11.2 22 340 M M 10 1 30 350
4 55 49 52 -9 13 0 1.35 M M 11.5 31 70 M M 10 13 39 80
5 65 52 59 -2 6 0 0.70 M M 8.6 29 80 M M 10 138 38 80
6 70 53 62 0 3 0 0.03 M M 5.9 15 320 M M 8 18 22 310
7 76 53 65 3 0 0 0.00 M M 13.9 23 150 M M 0 35 150
8 79 66 73 11 0 8 0.00 M M 15.4 24 150 M M 7 8 35 150
9 93 72 83 20 0 18 0.00 M M 21.1 35 190 M M 1 18 50 200
10 95 76 86 23 0 21 0.00 M M 17.9 26 200 M M 3 18 41 170
11 90 73 82 19 0 17 0.00 M M 13.2 22 170 M M 2 18 32 170
12 93 69 81 17 0 16 T M M 16.1 29 160 M M 1 42 160
13 82 62 72 8 0 7 0.65 M M 8.1 35 90 M M 3 13 43 90
14 89 62 76 12 0 11 0.00 M M 3.7 9 110 M M 0 1 12 130
15 77 60 69 4 0 4 0.46 M M 8.2 26 10 M M 2 13 36 350
16 79 53 66 1 0 1 0.00 M M 4.5 10 150 M M 0 14 140
17 86 58 72 7 0 7 1.39 M M 11.9 26 40 M M 2 13 37 50
18 86 62 74 8 0 9 0.33 M M 7.6 18 70 M M 2 13 24 70
19 85 65 75 9 0 10 0.00 M M 13.4 25 170 M M 0 36 170
20 76 57 67 1 0 2 0.00 M M 12.2 29 180 M M 6 42 180
21 65 45 55 -12 10 0 T M M 12.3 22 20 M M 5 3 33 340
22 68 42 55 -12 10 0 0.00 M M 7.2 17 30 M M 0 24 90
23 67 45 56 -11 9 0 0.05 M M 8.4 21 80 M M 7 28 80
24 63 54 59 -9 6 0 1.02 M M 13.1 26 90 M M 10 1 34 90
25 63 53 58 -10 7 0 0.70 M M 5.4 13 320 M M 9 1 20 360
26 62 51 57 -11 8 0 0.04 M M 10.4 22 320 M M 8 1 31 330
27 84 49 67 -2 0 2 0.00 M M 5.7 13 150 M M 0 17 150
28 86 62 74 5 0 9 0.02 M M 17.9 33 170 M M 0 48 180
29 87 70 79 10 0 14 0.00 M M 24.0 35 180 M M 0 3 51 170
30 86 64 75 5 0 10 0.81 M M 23.3 41 300 M M 2 1238 65 300
31 77 58 68 -2 0 3 0.90 M M 12.0 25 90 M M 9 13 37 190
================================================================================
SM 2376 1768 104 169 9.08 M 364.2 M 128
================================================================================
AV 76.6 57.0 11.7 FASTST M M 4 MAX(MPH)
MISC ----> 41 300 65 300
================================================================================
NOTES:
# LAST OF SEVERAL OCCURRENCES
COLUMN 17 PEAK WIND IN M.P.H.
PRELIMINARY LOCAL CLIMATOLOGICAL DATA (WS FORM: F-6) , PAGE 2
STATION: EMPORIA KS
MONTH: MAY
YEAR: 2022
LATITUDE: 38 19 N
LONGITUDE: 96 12 W
[TEMPERATURE DATA] [PRECIPITATION DATA] SYMBOLS USED IN COLUMN 16
AVERAGE MONTHLY: 66.8 TOTAL FOR MONTH: 9.08 1 = FOG OR MIST
DPTR FM NORMAL: 1.7 DPTR FM NORMAL: 4.07 2 = FOG REDUCING VISIBILITY
HIGHEST: 95 ON 10 GRTST 24HR 1.72 ON 4- 5 TO 1/4 MILE OR LESS
LOWEST: 42 ON 22 3 = THUNDER
SNOW, ICE PELLETS, HAIL 4 = ICE PELLETS
TOTAL MONTH: M 5 = HAIL
GRTST 24HR M ON M 6 = FREEZING RAIN OR DRIZZLE
GRTST DEPTH: M ON M 7 = DUSTSTORM OR SANDSTORM:
VSBY 1/2 MILE OR LESS
8 = SMOKE OR HAZE
[NO. OF DAYS WITH] [WEATHER - DAYS WITH] 9 = BLOWING SNOW
X = TORNADO
MAX 32 OR BELOW: 0 0.01 INCH OR MORE: 15
MAX 90 OR ABOVE: 4 0.10 INCH OR MORE: 11
MIN 32 OR BELOW: 0 0.50 INCH OR MORE: 9
MIN 0 OR BELOW: 0 1.00 INCH OR MORE: 3
[HDD (BASE 65) ]
TOTAL THIS MO. 104 CLEAR (SCALE 0-3) 18
DPTR FM NORMAL 6 PTCLDY (SCALE 4-7) 5
TOTAL FM JUL 1 4112 CLOUDY (SCALE 8-10) 8
DPTR FM NORMAL -676
[CDD (BASE 65) ]
TOTAL THIS MO. 169
DPTR FM NORMAL 69 [PRESSURE DATA]
TOTAL FM JAN 1 202 HIGHEST SLP M ON M
DPTR FM NORMAL 78 LOWEST SLP 29.20 ON 20
[REMARKS]
#FINAL-05-22#