000
CXUS53 KMKX 010910
CF6ENW
PRELIMINARY LOCAL CLIMATOLOGICAL DATA (WS FORM: F-6)
STATION: KENOSHA WI
MONTH: DECEMBER
YEAR: 2022
LATITUDE: 42 35 N
LONGITUDE: 87 56 W
TEMPERATURE IN F: :PCPN: SNOW: WIND :SUNSHINE: SKY :PK WND
================================================================================
1 2 3 4 5 6A 6B 7 8 9 10 11 12 13 14 15 16 17 18
12Z AVG MX 2MIN
DY MAX MIN AVG DEP HDD CDD WTR SNW DPTH SPD SPD DIR MIN PSBL S-S WX SPD DR
================================================================================
1 38 16 27 -7 38 0 0.00 M M 10.4 20 190 M M 3 26 180
2 53 34 44 10 21 0 T M M 14.8 24 200 M M 8 32 210
3 51 17 34 1 31 0 T M M 16.1 29 270 M M 3 8 41 280
4 40 18 29 -4 36 0 0.00 M M 11.5 18 250 M M 0 25 250
5 43 32 38 6 27 0 0.00 M M 7.6 15 220 M M 5 21 210
6 45 34 40 8 25 0 T M M 6.0 14 60 M M 8 18 17 70
7 41 32 37 5 28 0 0.00 M M 5.3 12 340 M M 10 128 17 330
8 40 32 36 4 29 0 0.00 M M 8.9 16 70 M M 10 8 21 100
9 40 34 37 6 28 0 0.26 M M 15.7 25 100 M M 10 1268 34 100
10 40 37 39 8 26 0 0.03 M M 6.0 13 100 M M 10 18 18 100
11 40 36 38 7 27 0 0.00 M M 5.5 10 300 M M 10 18 13 300
12 41 36 39 9 26 0 0.06 M M 8.7 15 110 M M 10 1 21 110
13 39 37 38 8 27 0 0.05 M M 16.3 24 110 M M 10 8 35 130
14 43 38 41 11 24 0 0.94 M M 18.4 29 110 M M 10 138 44 120
15 40 31 36 6 29 0 0.31 M M 11.3 21 230 M M 10 18 33 240
16 32 26 29 0 36 0 T M M 14.9 24 240 M M 10 8 34 250
17 28 23 26 -3 39 0 T M M 16.7 24 260 M M 10 8 32 260
18 24 12 18 -11 47 0 T M M 14.7 23 260 M M 5 30 270
19 28 8 18 -10 47 0 T M M 4.4 10 300 M M 4 8 14 300
20 31 14 23 -5 42 0 0.00 M M 7.8 14 300 M M 6 8 18 300
21 35 7 21 -7 44 0 T M M 5.0 13 150 M M 6 8 17 150
22 36 -5 16 -12 49 0 T M M 12.6 28 290 M M 10 18 44 280
23 1 -9 -4 -32 69 0 T M M 24.6 35 280 M M 7 89 50 270
24 13 0 7 -20 58 0 T M M 22.8 33 280 M M 3 89 46 280
25 14 3 9 -18 56 0 0.00 M M 12.8 24 280 M M 0 35 280
26 22 6 14 -13 51 0 0.00 M M 5.2 10 350 M M 5 14 350
27 27 5 16 -11 49 0 0.00 M M 11.8 23 200 M M 1 31 210
28 48 27 38 12 27 0 T M M 15.8 29 210 M M 0 42 200
29 61 47 54 28 11 0 0.00 M M 18.0 26 200 M M 6 40 220
30 59 28 44 18 21 0 0.00 M M 10.3 22 240 M M 3 18 34 220
31 38 23 31 5 34 0 0.00 M M 3.5 10 60 M M 6 18 13 130
================================================================================
SM 1131 679 1102 0 1.65 M 363.4 M 199
================================================================================
AV 36.5 21.9 11.7 FASTST M M 6 MAX(MPH)
MISC ----> 35 280 50 270
================================================================================
NOTES:
# LAST OF SEVERAL OCCURRENCES
COLUMN 17 PEAK WIND IN M.P.H.
PRELIMINARY LOCAL CLIMATOLOGICAL DATA (WS FORM: F-6) , PAGE 2
STATION: KENOSHA WI
MONTH: DECEMBER
YEAR: 2022
LATITUDE: 42 35 N
LONGITUDE: 87 56 W
[TEMPERATURE DATA] [PRECIPITATION DATA] SYMBOLS USED IN COLUMN 16
AVERAGE MONTHLY: 29.2 TOTAL FOR MONTH: 1.65 1 = FOG OR MIST
DPTR FM NORMAL: -0.3 DPTR FM NORMAL: 0.12 2 = FOG REDUCING VISIBILITY
HIGHEST: 61 ON 29 GRTST 24HR 1.24 ON 14-15 TO 1/4 MILE OR LESS
LOWEST: -9 ON 23 3 = THUNDER
SNOW, ICE PELLETS, HAIL 4 = ICE PELLETS
TOTAL MONTH: M 5 = HAIL
GRTST 24HR M ON M 6 = FREEZING RAIN OR DRIZZLE
GRTST DEPTH: M ON M 7 = DUSTSTORM OR SANDSTORM:
VSBY 1/2 MILE OR LESS
8 = SMOKE OR HAZE
[NO. OF DAYS WITH] [WEATHER - DAYS WITH] 9 = BLOWING SNOW
X = TORNADO
MAX 32 OR BELOW: 10 0.01 INCH OR MORE: 6
MAX 90 OR ABOVE: 0 0.10 INCH OR MORE: 3
MIN 32 OR BELOW: 22 0.50 INCH OR MORE: 1
MIN 0 OR BELOW: 3 1.00 INCH OR MORE: 0
[HDD (BASE 65) ]
TOTAL THIS MO. 1102 CLEAR (SCALE 0-3) 8
DPTR FM NORMAL 2 PTCLDY (SCALE 4-7) 11
TOTAL FM JUL 1 2316 CLOUDY (SCALE 8-10) 12
DPTR FM NORMAL -55
[CDD (BASE 65) ]
TOTAL THIS MO. 0
DPTR FM NORMAL 0 [PRESSURE DATA]
TOTAL FM JAN 1 824 HIGHEST SLP 30.53 ON 21
DPTR FM NORMAL 103 LOWEST SLP 29.39 ON 15
[REMARKS]
#FINAL-12-22#