126
CXUS53 KMKX 010910
CF6ENW
PRELIMINARY LOCAL CLIMATOLOGICAL DATA (WS FORM: F-6)
STATION: KENOSHA WI
MONTH: APRIL
YEAR: 2020
LATITUDE: 42 35 N
LONGITUDE: 87 56 W
TEMPERATURE IN F: :PCPN: SNOW: WIND :SUNSHINE: SKY :PK WND
================================================================================
1 2 3 4 5 6A 6B 7 8 9 10 11 12 13 14 15 16 17 18
12Z AVG MX 2MIN
DY MAX MIN AVG DEP HDD CDD WTR SNW DPTH SPD SPD DIR MIN PSBL S-S WX SPD DR
================================================================================
1 51 32 42 1 23 0 0.00 0.0 0 5.3 13 90 M M 7 1 16 100
2 55 29 42 1 23 0 0.00 0.0 0 4.8 13 100 M M 0 1 19 120
3 62 40 51 10 14 0 0.02 M 0 7.5 15 300 M M 8 19 300
4 53 34 44 2 21 0 0.08 M 0 8.5 18 310 M M 7 1 25 320
5 51 31 41 -1 24 0 0.00 0.0 0 5.7 13 60 M M 2 1 17 70
6 61 28 45 3 20 0 0.03 M 0 5.8 16 130 M M 7 1238 22 130
7 80 45 63 20 2 0 0.01 M 0 7.5 25 260 M M 5 18 35 240
8 69 41 55 12 10 0 0.17 M 0 6.9 21 330 M M 7 138 31 290
9 49 35 42 -1 23 0 T M 0 16.5 30 300 M M 3 43 310
10 50 31 41 -3 24 0 0.00 0.0 0 9.3 16 280 M M 2 25 300
11 59 36 48 4 17 0 0.23 M 0 7.9 20 150 M M 7 1 25 130
12 58 40 49 5 16 0 0.17 M 0 9.2 21 340 M M 8 1 29 340
13 44 32 38 -7 27 0 0.05 M 0 17.5 28 290 M M 8 1 40 290
14 41 24 33 -12 32 0 T M 0 14.8 30 260 M M 4 40 250
15 39 23 31 -15 34 0 T M 0 6.0 16 330 M M 8 23 330
16 48 21 35 -11 30 0 0.00 0.0 0 9.7 24 260 M M 2 32 240
17 44 34 39 -7 26 0 0.08 M 0 5.6 13 190 M M 7 1 18 180
18 59 32 46 -1 19 0 0.00 0.0 0 16.7 30 220 M M 0 46 250
19 59 30 45 -2 20 0 0.00 0.0 0 11.3 23 240 M M 1 34 240
20 65 29 47 0 18 0 0.06 M 0 13.7 38 290 M M 2 61 280
21 51 33 42 -6 23 0 0.00 0.0 0 12.4 26 310 M M 1 37 310
22 46 38 42 -6 23 0 0.26 M 0 10.4 18 70 M M 10 1 25 120
23 50 41 46 -2 19 0 0.14 M 0 9.2 15 40 M M 9 18 20 30
24 50 36 43 -6 22 0 0.00 0.0 0 7.1 14 40 M M 7 18 18 50
25 47 39 43 -6 22 0 0.07 M 0 8.0 15 40 M M 7 20 50
26 63 36 50 1 15 0 0.00 0.0 0 9.2 18 40 M M 0 8 26 40
27 65 35 50 0 15 0 0.29 M 0 7.2 21 230 M M 5 1 30 210
28 61 40 51 1 14 0 1.27 M 0 7.5 17 120 M M 5 1238 24 120
29 56 43 50 0 15 0 1.80 M 0 12.8 25 350 M M 10 1238 41 330
30 57 38 48 -3 17 0 0.30 M 0 12.2 24 350 M M 6 1 38 350
================================================================================
SM 1643 1026 608 0 5.03 0.0 286.2 M 155
================================================================================
AV 54.8 34.2 9.5 FASTST M M 5 MAX(MPH)
MISC ----> # 38 290 # 61 280
================================================================================
NOTES:
# LAST OF SEVERAL OCCURRENCES
COLUMN 17 PEAK WIND IN M.P.H.
PRELIMINARY LOCAL CLIMATOLOGICAL DATA (WS FORM: F-6) , PAGE 2
STATION: KENOSHA WI
MONTH: APRIL
YEAR: 2020
LATITUDE: 42 35 N
LONGITUDE: 87 56 W
[TEMPERATURE DATA] [PRECIPITATION DATA] SYMBOLS USED IN COLUMN 16
AVERAGE MONTHLY: 44.5 TOTAL FOR MONTH: 5.03 1 = FOG OR MIST
DPTR FM NORMAL: -1.2 DPTR FM NORMAL: 1.43 2 = FOG REDUCING VISIBILITY
HIGHEST: 80 ON 7 GRTST 24HR 1.80 ON 29-29 TO 1/4 MILE OR LESS
LOWEST: 21 ON 16 3 = THUNDER
SNOW, ICE PELLETS, HAIL 4 = ICE PELLETS
TOTAL MONTH: 0.0 INCH 5 = HAIL
GRTST 24HR 0.0 6 = FREEZING RAIN OR DRIZZLE
GRTST DEPTH: 0 7 = DUSTSTORM OR SANDSTORM:
VSBY 1/2 MILE OR LESS
8 = SMOKE OR HAZE
[NO. OF DAYS WITH] [WEATHER - DAYS WITH] 9 = BLOWING SNOW
X = TORNADO
MAX 32 OR BELOW: 0 0.01 INCH OR MORE: 17
MAX 90 OR ABOVE: 0 0.10 INCH OR MORE: 9
MIN 32 OR BELOW: 12 0.50 INCH OR MORE: 2
MIN 0 OR BELOW: 0 1.00 INCH OR MORE: 2
[HDD (BASE 65) ]
TOTAL THIS MO. 608 CLEAR (SCALE 0-3) 10
DPTR FM NORMAL 25 PTCLDY (SCALE 4-7) 15
TOTAL FM JUL 1 5812 CLOUDY (SCALE 8-10) 5
DPTR FM NORMAL -795
[CDD (BASE 65) ]
TOTAL THIS MO. 0
DPTR FM NORMAL -2 [PRESSURE DATA]
TOTAL FM JAN 1 0 HIGHEST SLP 30.31 ON 16
DPTR FM NORMAL -2 LOWEST SLP 29.40 ON 12
[REMARKS]
#FINAL-04-20#