938
CXUS51 KCLE 020414
CLSERI
CLIMATE REPORT
NATIONAL WEATHER SERVICE CLEVELAND, OH
1214 AM EDT WED SEP 02 2020
...................................
...THE ERIE PA CLIMATE SUMMARY FOR THE SEASON, FROM
6/1/2020 TO 8/31/2020...
CLIMATE NORMAL PERIOD 1981 TO 2010
CLIMATE RECORD PERIOD 1873 TO 2020
WEATHER OBSERVED NORMAL DEPART
VALUE DATE(S) VALUE FROM
NORMAL
................................................
TEMPERATURE (F)
RECORD
HIGH 100 06/25/1988
LOW 32 06/11/1972
HIGHEST 96 07/10
LOWEST 46 06/01
AVG. MAXIMUM 81.8 78.1 3.7
AVG. MINIMUM 64.3 61.5 2.8
MEAN 73.1 69.8 3.3
DAYS MAX >= 90 7 2.0
DAYS MAX <= 32 0 0.0
DAYS MIN <= 32 0 0.0
DAYS MIN <= 0 0 0.0
PRECIPITATION (INCHES)
RECORD
MAXIMUM 22.12 1977
MINIMUM 3.53 1923
TOTALS 7.92 10.77 -2.85
DAYS >= .01 22 31.6
DAYS >= .10 17 20.1
DAYS >= .50 6 6.5
DAYS >= 1.00 2 2.8
SNOWFALL (INCHES)
RECORDS
TOTAL T 1999
TOTALS 0.0 0.0
DAYS >= TRACE 0
DAYS >= 1.0 0 0.0
DEGREE DAYS
HEATING TOTAL 31 80 -49
COOLING TOTAL 800 519 281
................................................
WIND (MPH)
HIGHEST GUST SPEED/DIRECTION 45/310 DATE 07/11
SKY COVER
POSSIBLE SUNSHINE (PERCENT) MM
NUMBER OF DAYS FAIR 68
NUMBER OF DAYS PC 22
NUMBER OF DAYS CLOUDY 2
WEATHER CONDITIONS. NUMBER OF DAYS WITH
THUNDERSTORM 19 MIXED PRECIP 0
HEAVY RAIN 10 RAIN 14
LIGHT RAIN 26 FREEZING RAIN 0
LT FREEZING RAIN 0 HAIL 0
HEAVY SNOW 0 SNOW 0
LIGHT SNOW 0 SLEET 0
FOG 16 FOG W/VIS <= 1/4 MILE 0
HAZE 18
- INDICATES NEGATIVE NUMBERS.
R INDICATES RECORD WAS SET OR TIED.
MM INDICATES DATA IS MISSING.
T INDICATES TRACE AMOUNT.
$$