000
CXUS56 KSLC 010810
CF6EVW
PRELIMINARY LOCAL CLIMATOLOGICAL DATA (WS FORM: F-6)
STATION: EVANSTON WY
MONTH: APRIL
YEAR: 2022
LATITUDE: 41 16 N
LONGITUDE: 111 2 W
TEMPERATURE IN F: :PCPN: SNOW: WIND :SUNSHINE: SKY :PK WND
================================================================================
1 2 3 4 5 6A 6B 7 8 9 10 11 12 13 14 15 16 17 18
12Z AVG MX 2MIN
DY MAX MIN AVG DEP HDD CDD WTR SNW DPTH SPD SPD DIR MIN PSBL S-S WX SPD DR
================================================================================
1 49 23 36 0 29 0 0.00 M M 11.1 22 260 M M 0 31 220
2 54 30 42 6 23 0 0.00 M M 12.6 29 240 M M 1 41 240
3 53 26 40 4 25 0 0.00 M M 4.5 17 270 M M 1 24 270
4 52 27 40 4 25 0 T M M 21.6 44 240 M M 4 68 230
5 40 20 30 -6 35 0 T M M 21.8 45 260 M M 6 8 62 260
6 42 16 29 -8 36 0 0.00 M M 8.7 21 280 M M 0 29 280
7 56 22 39 2 26 0 0.00 M M 7.1 17 10 M M 0 24 10
8 66 31 49 12 16 0 0.00 M M 10.5 21 260 M M 1 27 270
9 53 21 37 0 28 0 0.00 M M 15.2 29 270 M M 4 39 260
10 37 19 28 -10 37 0 T M M 16.4 31 260 M M 2 47 250
11 46 20 33 -5 32 0 T M M 14.5 38 220 M M 9 12 59 M
12 24 9 17 -21 48 0 0.00 M M 15.5 24 250 M M 7 12 39 240
13 25 5 15 -23 50 0 0.01 M M 11.3 26 250 M M 6 12 35 240
14 39 17 28 -10 37 0 T M M 17.1 31 220 M M 7 18 42 230
15 43 29 36 -3 29 0 0.09 M M 12.0 23 260 M M 7 12 34 240
16 55 29 42 3 23 0 0.11 M M 13.1 33 280 M M 5 1 47 270
17 47 32 40 1 25 0 T M M 12.7 25 260 M M 8 1 36 250
18 65 27 46 6 19 0 0.00 M M 10.1 30 250 M M 0 40 250
19 59 29 44 4 21 0 0.04 M M 14.3 28 310 M M 4 12 37 300
20 53 25 39 -1 26 0 0.00 M M 12.5 25 250 M M 2 12 34 230
21 64 34 49 9 16 0 0.00 M M 20.4 40 210 M M 3 59 220
22 51 31 41 0 24 0 0.15 M M 13.1 30 220 M M 9 12 42 230
23 41 27 34 -7 31 0 0.00 M M 14.1 24 300 M M 6 35 300
24 46 25 36 -5 29 0 T M M 5.8 21 290 M M 4 8 26 270
25 54 25 40 -2 25 0 0.00 M M 5.5 15 220 M M 0 21 230
26 65 34 50 8 15 0 0.00 M M 10.6 32 240 M M 1 45 220
27 63 38 51 9 14 0 0.00 M M 11.2 32 270 M M 6 41 270
28 64 33 49 6 16 0 0.10 M M 13.8 36 220 M M 4 1 47 230
29 45 28 37 -6 28 0 0.01 M M 15.4 31 260 M M 5 1 43 240
30 58 27 43 0 22 0 0.00 M M 6.2 16 270 M M 1 26 270
================================================================================
SM 1509 759 810 0 0.51 M 378.7 M 113
================================================================================
AV 50.3 25.3 12.6 FASTST M M 4 MAX(MPH)
MISC ----> 45 260 68 230
================================================================================
NOTES:
# LAST OF SEVERAL OCCURRENCES
COLUMN 17 PEAK WIND IN M.P.H.
PRELIMINARY LOCAL CLIMATOLOGICAL DATA (WS FORM: F-6) , PAGE 2
STATION: EVANSTON WY
MONTH: APRIL
YEAR: 2022
LATITUDE: 41 16 N
LONGITUDE: 111 2 W
[TEMPERATURE DATA] [PRECIPITATION DATA] SYMBOLS USED IN COLUMN 16
AVERAGE MONTHLY: 37.8 TOTAL FOR MONTH: 0.51 1 = FOG OR MIST
DPTR FM NORMAL: -1.3 DPTR FM NORMAL: -0.48 2 = FOG REDUCING VISIBILITY
HIGHEST: 66 ON 8 GRTST 24HR 0.15 ON 22-22 TO 1/4 MILE OR LESS
LOWEST: 5 ON 13 3 = THUNDER
SNOW, ICE PELLETS, HAIL 4 = ICE PELLETS
TOTAL MONTH: M 5 = HAIL
GRTST 24HR M ON M 6 = FREEZING RAIN OR DRIZZLE
GRTST DEPTH: M ON M 7 = DUSTSTORM OR SANDSTORM:
VSBY 1/2 MILE OR LESS
8 = SMOKE OR HAZE
[NO. OF DAYS WITH] [WEATHER - DAYS WITH] 9 = BLOWING SNOW
X = TORNADO
MAX 32 OR BELOW: 2 0.01 INCH OR MORE: 7
MAX 90 OR ABOVE: 0 0.10 INCH OR MORE: 3
MIN 32 OR BELOW: 26 0.50 INCH OR MORE: 0
MIN 0 OR BELOW: 0 1.00 INCH OR MORE: 0
[HDD (BASE 65) ]
TOTAL THIS MO. 810 CLEAR (SCALE 0-3) 12
DPTR FM NORMAL 33 PTCLDY (SCALE 4-7) 16
TOTAL FM JUL 1 7331 CLOUDY (SCALE 8-10) 2
DPTR FM NORMAL -368
[CDD (BASE 65) ]
TOTAL THIS MO. 0
DPTR FM NORMAL 0 [PRESSURE DATA]
TOTAL FM JAN 1 0 HIGHEST SLP M ON M
DPTR FM NORMAL 0 LOWEST SLP 29.50 ON 21
[REMARKS]
#FINAL-04-22#