000
CXUS52 KMHX 051426
CF6EWN
PRELIMINARY LOCAL CLIMATOLOGICAL DATA (WS FORM: F-6)
STATION: NEW BERN NC
MONTH: JULY
YEAR: 2022
LATITUDE: 35 4 N
LONGITUDE: 77 3 W
TEMPERATURE IN F: :PCPN: SNOW: WIND :SUNSHINE: SKY :PK WND
================================================================================
1 2 3 4 5 6A 6B 7 8 9 10 11 12 13 14 15 16 17 18
12Z AVG MX 2MIN
DY MAX MIN AVG DEP HDD CDD WTR SNW DPTH SPD SPD DIR MIN PSBL S-S WX SPD DR
================================================================================
1 83 70 77 -3 0 12 0.39 0.0 0 3.4 13 190 M M 2 13 18 200
2 87 72 80 0 0 15 0.04 0.0 0 5.5 20 220 M M 5 1 25 180
3 95 73 84 4 0 19 0.92 0.0 0 6.2 26 20 M M 4 13 35 20
4 87 72 80 0 0 15 T 0.0 0 5.2 12 90 M M 5 17 140
5 91 72 82 2 0 17 1.49 0.0 0 3.9 17 150 M M 3 13 21 150
6 95 75 85 5 0 20 0.12 0.0 0 8.0 22 340 M M 1 13 33 340
7 95 74 85 5 0 20 0.19 0.0 0 M M M M M M M M
8 90 74 82 2 0 17 2.64 0.0 0 3.5 23 180 M M 6 123 30 170
9 89 75 82 2 0 17 1.93 0.0 0 6.7 20 360 M M 5 138 24 320
10 76 69 73 -7 0 8 0.35 0.0 0 8.1 16 40 M M 10 1 19 30
11 82 66 74 -6 0 9 T 0.0 0 4.9 13 350 M M 9 1 15 350
12 89 68 79 -2 0 14 0.00 0.0 0 5.0 15 200 M M 2 1 19 200
13 90 75 83 2 0 18 0.05 0.0 0 6.6 14 220 M M 2 1 17 210
14 84 73 79 -2 0 14 0.66 0.0 0 4.3 20 240 M M 4 13 29 260
15 84 72 78 -3 0 13 0.25 0.0 0 3.6 14 180 M M 4 13 18 210
16 87 72 80 -1 0 15 0.00 0.0 0 4.4 17 170 M M 2 13 24 150
17 90 71 81 0 0 16 0.00 0.0 0 4.9 15 180 M M 2 3 21 170
18 88 73 81 0 0 16 0.46 0.0 0 4.9 15 220 M M 3 138 22 210
19 93 74 84 3 0 19 T 0.0 0 8.0 22 210 M M 1 3 29 210
20 93 73 83 2 0 18 0.23 0.0 0 8.3 17 280 M M 2 13 22 270
21 92 74 83 2 0 18 T 0.0 0 10.3 18 210 M M 2 3 25 200
22 91 72 82 1 0 17 1.39 0.0 0 6.6 20 210 M M 4 13 28 240
23 91 72 82 2 0 17 0.00 0.0 0 5.6 17 220 M M 1 24 220
24 91 74 83 3 0 18 0.12 0.0 0 7.3 26 300 M M 3 1238 34 290
25 91 75 83 3 0 18 0.01 0.0 0 9.4 21 210 M M 1 3 26 210
26 93 77 85 5 0 20 0.04 0.0 0 8.4 16 210 M M 2 38 22 220
27 94 77 86 6 0 21 0.00 0.0 0 9.3 18 240 M M 1 24 210
28 95 76 86 6 0 21 T 0.0 0 8.7 15 210 M M 0 21 210
29 95 78 87 7 0 22 T 0.0 0 9.0 18 180 M M 1 25 180
30 94 78 86 6 0 21 0.08 0.0 0 5.0 14 180 M M 5 13 18 180
31 86 73 80 0 0 15 0.22 0.0 0 4.1 15 230 M M 5 13 21 130
================================================================================
SM 2781 2269 0 520 11.58 0.0 189.1 M 97
================================================================================
AV 89.7 73.2 6.3 FASTST M M 3 MAX(MPH)
MISC ----> # 26 20 35 20
================================================================================
NOTES:
# LAST OF SEVERAL OCCURRENCES
COLUMN 17 PEAK WIND IN M.P.H.
PRELIMINARY LOCAL CLIMATOLOGICAL DATA (WS FORM: F-6) , PAGE 2
STATION: NEW BERN NC
MONTH: JULY
YEAR: 2022
LATITUDE: 35 4 N
LONGITUDE: 77 3 W
[TEMPERATURE DATA] [PRECIPITATION DATA] SYMBOLS USED IN COLUMN 16
AVERAGE MONTHLY: 81.5 TOTAL FOR MONTH: 11.58 1 = FOG OR MIST
DPTR FM NORMAL: 1.1 DPTR FM NORMAL: 5.32 2 = FOG REDUCING VISIBILITY
HIGHEST: 95 ON 29,28 GRTST 24HR 2.69 ON 8- 9 TO 1/4 MILE OR LESS
LOWEST: 66 ON 11 3 = THUNDER
SNOW, ICE PELLETS, HAIL 4 = ICE PELLETS
TOTAL MONTH: 0.0 INCH 5 = HAIL
GRTST 24HR 0.0 6 = FREEZING RAIN OR DRIZZLE
GRTST DEPTH: 0 7 = DUSTSTORM OR SANDSTORM:
VSBY 1/2 MILE OR LESS
8 = SMOKE OR HAZE
[NO. OF DAYS WITH] [WEATHER - DAYS WITH] 9 = BLOWING SNOW
X = TORNADO
MAX 32 OR BELOW: 0 0.01 INCH OR MORE: 20
MAX 90 OR ABOVE: 19 0.10 INCH OR MORE: 15
MIN 32 OR BELOW: 0 0.50 INCH OR MORE: 6
MIN 0 OR BELOW: 0 1.00 INCH OR MORE: 4
[HDD (BASE 65) ]
TOTAL THIS MO. 0 CLEAR (SCALE 0-3) 18
DPTR FM NORMAL 0 PTCLDY (SCALE 4-7) 10
TOTAL FM JUL 1 0 CLOUDY (SCALE 8-10) 3
DPTR FM NORMAL 0
[CDD (BASE 65) ]
TOTAL THIS MO. 520
DPTR FM NORMAL 43 [PRESSURE DATA]
TOTAL FM JAN 1 1285 HIGHEST SLP 30.19 ON 15
DPTR FM NORMAL 200 LOWEST SLP 29.84 ON 21
[REMARKS]
#FINAL-07-22#