000
CXUS51 KOKX 030018
CLSEWR
CLIMATE REPORT
NATIONAL WEATHER SERVICE NEW YORK NY
807 PM EDT TUE JUN 2 2020
...................................
...THE NEWARK NJ CLIMATE SUMMARY FOR THE SEASON, FROM
3/1/2020 TO 5/31/2020...
CLIMATE NORMAL PERIOD 1981 TO 2010
CLIMATE RECORD PERIOD 1893 TO 2020
WEATHER OBSERVED NORMAL DEPART LAST YEAR`S
VALUE DATE(S) VALUE FROM VALUE
NORMAL
.............................................................
TEMPERATURE (F)
RECORD
HIGH 99 05/20/1996
LOW 6 03/04/1943
HIGHEST 86 05/29 MM MM
05/15
LOWEST 24 03/01 MM MM
AVG. MAXIMUM 61.6 61.6 0.0
AVG. MINIMUM 44.4 43.5 0.9
MEAN 53.0 52.6 0.4
DAYS MAX >= 90 0 1.4 -1.4
DAYS MAX <= 32 0 0.8 -0.8
DAYS MIN <= 32 4 13.8 -9.8
DAYS MIN <= 0 0 0.0 0.0
PRECIPITATION (INCHES)
RECORD
MAXIMUM 26.50 1983
MINIMUM 4.43 1935
TOTALS 9.22 12.47 -3.25 15.28
DAILY AVG. 0.10 0.14 -0.04
DAYS >= .01 34 33.8 0.2
DAYS >= .10 20 21.0 -1.0
DAYS >= .50 5 8.2 -3.2
DAYS >= 1.00 3 3.1 -0.1
GREATEST
24 HR. TOTAL 1.69 MM
STORM TOTAL MM
(MM/DD(HH)) MM
SNOWFALL (INCHES)
RECORDS
TOTAL 29.4 1956
24 HR TOTAL 12.8 04/06/1982 TO 04/06/1982
TOTALS T 5.5 -5.5
LIQUID EQUIV MM 0.60 MM
SINCE 7/1 6.9 28.5 -21.6
LIQUID 7/1 0.69
DAYS >= TRACE 5 2.8 2.2
DAYS >= 1.0 0 1.5 -1.5
GREATEST
SNOW DEPTH 0 MM
24 HR TOTAL T MM
STORM TOTAL MM
(MM/DD(HH)) MM
DEGREE_DAYS
HEATING TOTAL 1133 1219 -86
SINCE 7/1 4334 4855 -521
COOLING TOTAL 50 75 -25
SINCE 1/1 50 76 -26
..............................................................
WIND (MPH)
AVERAGE WIND SPEED 10.6
HIGHEST WIND SPEED/DIRECTION 37/240 DATE 04/21
HIGHEST GUST SPEED/DIRECTION 49/280 DATE 04/10
SKY COVER
POSSIBLE SUNSHINE (PERCENT) MM
AVERAGE SKY COVER 0.70
NUMBER OF DAYS FAIR 7
NUMBER OF DAYS PC 45
NUMBER OF DAYS CLOUDY 40
AVERAGE RH (PERCENT) 59
WEATHER CONDITIONS. NUMBER OF DAYS WITH
1
14
0
0
6
2
3
HAZE 10
- INDICATES NEGATIVE NUMBERS.
R INDICATES RECORD WAS SET OR TIED.
MM INDICATES DATA IS MISSING.
T INDICATES TRACE AMOUNT.
$$