000
CXAK56 PAFG 010955
CF6FAI
PRELIMINARY LOCAL CLIMATOLOGICAL DATA (WS FORM: F-6)
STATION: FAIRBANKS AK
MONTH: JULY
YEAR: 2022
LATITUDE: 64 49 N
LONGITUDE: 147 52 W
TEMPERATURE IN F: :PCPN: SNOW: WIND :SUNSHINE: SKY :PK WND
================================================================================
1 2 3 4 5 6A 6B 7 8 9 10 11 12 13 14 15 16 17 18
12Z AVG MX 2MIN
DY MAX MIN AVG DEP HDD CDD WTR SNW DPTH SPD SPD DIR MIN PSBL S-S WX SPD DR
================================================================================
1 86 56 71 7 0 6 T 0.0 0 2.0 12 60 M M 8 8 14 60
2 84 63 74 10 0 9 T 0.0 0 2.4 8 40 M M 8 38 11 50
3 84 61 73 9 0 8 T 0.0 0 5.3 23 80 M M 7 8 29 80
4 83 59 71 7 0 6 0.00 0.0 0 4.2 22 280 M M 8 8 29 270
5 79 60 70 6 0 5 T 0.0 0 3.5 14 330 M M 8 38 19 190
6 84 59 72 8 0 7 0.00 0.0 0 4.3 16 250 M M 7 8 19 250
7 80 60 70 6 0 5 0.00 0.0 0 4.0 16 250 M M 7 8 27 250
8 83 57 70 6 0 5 0.00 0.0 0 4.1 15 90 M M 6 8 17 100
9 73 59 66 2 0 1 T 0.0 0 2.7 10 130 M M 8 8 13 130
10 77 59 68 4 0 3 0.04 0.0 0 3.7 18 160 M M 9 38 24 150
11 77 56 67 3 0 2 T 0.0 0 3.2 13 240 M M 9 18 16 230
12 80 60 70 6 0 5 T 0.0 0 3.6 10 250 M M 8 18 12 250
13 67 53 60 -4 5 0 0.09 0.0 0 6.7 21 280 M M 8 18 27 270
14 70 47 59 -4 6 0 0.00 0.0 0 5.2 18 330 M M 6 25 330
15 72 48 60 -3 5 0 0.05 0.0 0 5.6 13 100 M M 9 18 16 100
16 69 52 61 -2 4 0 0.03 0.0 0 2.8 8 180 M M 8 1 12 200
17 69 56 63 0 2 0 0.01 0.0 0 3.4 13 250 M M 8 20 270
18 65 55 60 -3 5 0 0.01 0.0 0 6.4 16 230 M M 8 25 230
19 57 51 54 -9 11 0 0.15 0.0 0 4.8 13 260 M M 8 1 18 270
20 70 48 59 -4 6 0 0.00 0.0 0 5.2 15 100 M M 7 21 100
21 69 50 60 -2 5 0 T 0.0 0 3.7 13 110 M M 8 17 120
22 63 50 57 -5 8 0 T 0.0 0 5.2 12 240 M M 8 15 240
23 68 46 57 -5 8 0 0.00 0.0 0 3.6 10 100 M M 5 12 110
24 74 50 62 0 3 0 0.00 0.0 0 3.6 9 100 M M 6 12 160
25 80 55 68 6 0 3 0.00 0.0 0 8.8 22 260 M M 8 45 210
26 61 48 55 -7 10 0 T 0.0 0 10.3 30 250 M M 8 39 250
27 62 45 54 -8 11 0 0.11 0.0 0 5.3 21 280 M M 7 1 25 260
28 67 41 54 -7 11 0 0.00 0.0 0 2.9 14 270 M M 6 18 270
29 74 41 58 -3 7 0 0.00 0.0 0 3.0 9 80 M M 5 16 60
30 78 53 66 5 0 1 T 0.0 0 3.8 16 250 M M 8 21 240
31 70 56 63 2 2 0 0.02 0.0 0 2.3 8 210 M M 8 1 11 200
================================================================================
SM 2275 1654 109 66 0.51 0.0 135.6 M 232
================================================================================
AV 73.4 53.4 4.4 FASTST M M 7 MAX(MPH)
MISC ----> 30 250 45 210
================================================================================
NOTES:
# LAST OF SEVERAL OCCURRENCES
COLUMN 17 PEAK WIND IN M.P.H.
PRELIMINARY LOCAL CLIMATOLOGICAL DATA (WS FORM: F-6) , PAGE 2
STATION: FAIRBANKS AK
MONTH: JULY
YEAR: 2022
LATITUDE: 64 49 N
LONGITUDE: 147 52 W
[TEMPERATURE DATA] [PRECIPITATION DATA] SYMBOLS USED IN COLUMN 16
AVERAGE MONTHLY: 63.4 TOTAL FOR MONTH: 0.51 1 = FOG OR MIST
DPTR FM NORMAL: 0.5 DPTR FM NORMAL: -1.75 2 = FOG REDUCING VISIBILITY
HIGHEST: 86 ON 1 GRTST 24HR 0.15 ON 18-19 TO 1/4 MILE OR LESS
LOWEST: 41 ON 29,28 3 = THUNDER
SNOW, ICE PELLETS, HAIL 4 = ICE PELLETS
TOTAL MONTH: 0.0 INCH 5 = HAIL
GRTST 24HR 0.0 6 = FREEZING RAIN OR DRIZZLE
GRTST DEPTH: 0 7 = DUSTSTORM OR SANDSTORM:
VSBY 1/2 MILE OR LESS
8 = SMOKE OR HAZE
[NO. OF DAYS WITH] [WEATHER - DAYS WITH] 9 = BLOWING SNOW
X = TORNADO
MAX 32 OR BELOW: 0 0.01 INCH OR MORE: 9
MAX 90 OR ABOVE: 0 0.10 INCH OR MORE: 2
MIN 32 OR BELOW: 0 0.50 INCH OR MORE: 0
MIN 0 OR BELOW: 0 1.00 INCH OR MORE: 0
[HDD (BASE 65) ]
TOTAL THIS MO. 109 CLEAR (SCALE 0-3) 0
DPTR FM NORMAL 11 PTCLDY (SCALE 4-7) 23
TOTAL FM JUL 1 109 CLOUDY (SCALE 8-10) 8
DPTR FM NORMAL 12
[CDD (BASE 65) ]
TOTAL THIS MO. 66
DPTR FM NORMAL 33 [PRESSURE DATA]
TOTAL FM JAN 1 81 HIGHEST SLP M ON M
DPTR FM NORMAL 20 LOWEST SLP 29.37 ON 17
[REMARKS]
#FINAL-07-22#