000
CXUS56 KHNX 011158
CF6FAT
PRELIMINARY LOCAL CLIMATOLOGICAL DATA (WS FORM: F-6)
STATION: FRESNO CA
MONTH: JUNE
YEAR: 2023
LATITUDE: 36 46 N
LONGITUDE: 119 43 W
TEMPERATURE IN F: :PCPN: SNOW: WIND :SUNSHINE: SKY :PK WND
================================================================================
1 2 3 4 5 6A 6B 7 8 9 10 11 12 13 14 15 16 17 18
12Z AVG MX 2MIN
DY MAX MIN AVG DEP HDD CDD WTR SNW DPTH SPD SPD DIR MIN PSBL S-S WX SPD DR
================================================================================
1 85 57 71 -3 0 6 0.00 0.0 0 8.9 16 310 M M 2 19 300
2 87 58 73 -1 0 8 0.00 0.0 0 6.6 14 310 M M 1 19 280
3 92 63 78 4 0 13 0.00 0.0 0 6.0 15 290 M M 1 18 270
4 97 67 82 7 0 17 0.00 0.0 0 7.5 16 310 M M 3 20 300
5 89 68 79 4 0 14 T 0.0 0 7.0 22 150 M M 7 26 150
6 80 62 71 -4 0 6 0.00 0.0 0 7.6 20 310 M M 8 3 23 310
7 75 63 69 -6 0 4 0.00 0.0 0 5.6 17 310 M M 10 8 21 300
8 84 63 74 -2 0 9 0.00 0.0 0 7.7 15 280 M M 7 20 10
9 87 61 74 -2 0 9 0.00 0.0 0 9.5 18 300 M M 6 22 290
10 84 62 73 -3 0 8 0.00 0.0 0 10.1 15 300 M M 8 20 310
11 86 63 75 -1 0 10 0.00 0.0 0 6.6 16 270 M M 7 21 270
12 84 61 73 -4 0 8 0.00 0.0 0 6.7 15 300 M M 6 8 17 300
13 88 62 75 -2 0 10 0.00 0.0 0 9.2 17 310 M M 4 22 320
14 92 66 79 2 0 14 0.00 0.0 0 8.4 15 300 M M 5 23 290
15 92 67 80 2 0 15 0.00 0.0 0 9.7 17 310 M M 4 22 280
16 93 67 80 2 0 15 0.00 0.0 0 8.1 14 320 M M 5 18 320
17 98 69 84 6 0 19 0.00 0.0 0 6.7 16 300 M M 3 19 310
18 92 68 80 2 0 15 0.00 0.0 0 10.3 23 300 M M 4 27 310
19 79 57 68 -11 0 3 0.00 0.0 0 12.6 20 310 M M 2 26 300
20 81 55 68 -11 0 3 0.00 0.0 0 11.1 21 300 M M 1 24 290
21 86 56 71 -8 0 6 0.00 0.0 0 6.6 15 320 M M 3 18 320
22 84 58 71 -8 0 6 0.00 0.0 0 8.8 21 310 M M 5 24 330
23 81 57 69 -11 0 4 0.00 0.0 0 6.9 13 290 M M 2 18 310
24 86 60 73 -7 0 8 0.00 0.0 0 6.8 16 310 M M 5 20 310
25 87 60 74 -6 0 9 0.00 0.0 0 10.1 18 310 M M 2 24 290
26 87 59 73 -7 0 8 0.00 0.0 0 8.6 17 310 M M 2 19 310
27 87 61 74 -7 0 9 0.00 0.0 0 6.8 13 310 M M 6 16 290
28 91 63 77 -4 0 12 0.00 0.0 0 8.9 17 300 M M 2 21 290
29 96 67 82 1 0 17 0.00 0.0 0 5.4 13 300 M M 1 16 300
30 104 74 89 8 0 24 0.00 0.0 0 6.9 15 310 M M 1 18 320
================================================================================
SM 2634 1874 0 309 T 0.0 241.7 M 123
================================================================================
AV 87.8 62.5 8.1 FASTST M M 4 MAX(MPH)
MISC ----> 23 300 27 310
================================================================================
NOTES:
# LAST OF SEVERAL OCCURRENCES
COLUMN 17 PEAK WIND IN M.P.H.
PRELIMINARY LOCAL CLIMATOLOGICAL DATA (WS FORM: F-6) , PAGE 2
STATION: FRESNO CA
MONTH: JUNE
YEAR: 2023
LATITUDE: 36 46 N
LONGITUDE: 119 43 W
[TEMPERATURE DATA] [PRECIPITATION DATA] SYMBOLS USED IN COLUMN 16
AVERAGE MONTHLY: 75.1 TOTAL FOR MONTH: T 1 = FOG OR MIST
DPTR FM NORMAL: -2.5 DPTR FM NORMAL: -0.24 2 = FOG REDUCING VISIBILITY
HIGHEST: 104 ON 30 GRTST 24HR T ON 5- 5 TO 1/4 MILE OR LESS
LOWEST: 55 ON 20 3 = THUNDER
SNOW, ICE PELLETS, HAIL 4 = ICE PELLETS
TOTAL MONTH: 0.0 INCH 5 = HAIL
GRTST 24HR 0.0 6 = FREEZING RAIN OR DRIZZLE
GRTST DEPTH: 0 7 = DUSTSTORM OR SANDSTORM:
VSBY 1/2 MILE OR LESS
8 = SMOKE OR HAZE
[NO. OF DAYS WITH] [WEATHER - DAYS WITH] 9 = BLOWING SNOW
X = TORNADO
MAX 32 OR BELOW: 0 0.01 INCH OR MORE: 0
MAX 90 OR ABOVE: 10 0.10 INCH OR MORE: 0
MIN 32 OR BELOW: 0 0.50 INCH OR MORE: 0
MIN 0 OR BELOW: 0 1.00 INCH OR MORE: 0
[HDD (BASE 65) ]
TOTAL THIS MO. 0 CLEAR (SCALE 0-3) 13
DPTR FM NORMAL -3 PTCLDY (SCALE 4-7) 14
TOTAL FM JUL 1 2378 CLOUDY (SCALE 8-10) 3
DPTR FM NORMAL 194
[CDD (BASE 65) ]
TOTAL THIS MO. 309
DPTR FM NORMAL -73 [PRESSURE DATA]
TOTAL FM JAN 1 619 HIGHEST SLP 30.09 ON 20
DPTR FM NORMAL -8 LOWEST SLP 29.64 ON 5
[REMARKS]
#FINAL-06-23#